{"id":11623,"date":"2026-01-11T13:27:39","date_gmt":"2026-01-11T12:27:39","guid":{"rendered":"https:\/\/bobooaza.pl\/index.php\/produkt\/canpol-1-658-suche-chusteczki-bambusowe-dla-niemowlat-100-szt\/"},"modified":"2026-01-19T21:54:48","modified_gmt":"2026-01-19T20:54:48","slug":"canpol-1-658-suche-chusteczki-bambusowe-dla-niemowlat-100-szt","status":"publish","type":"product","link":"https:\/\/www.bobooaza.pl\/index.php\/produkt\/canpol-1-658-suche-chusteczki-bambusowe-dla-niemowlat-100-szt\/","title":{"rendered":"CANPOL 1\/658 Suche chusteczki bambusowe dla niemowl\u0105t 100 szt."},"content":{"rendered":"<p>Chusteczki bambusowe Canpol babies 1\/658 zawieraj\u0105 100 sztuk i s\u0105 wyj\u0105tkowo mi\u0119kkie oraz przyjazne dla wra\u017cliwej sk\u00f3ry niemowl\u0105t, bezpieczne od pierwszych dni \u017cycia i testowane dermatologicznie. Wykonane s\u0105 z delikatnej, naturalnie antybakteryjnej w\u0142\u00f3kniny bambusowej, nie zawieraj\u0105 chemikali\u00f3w, konserwant\u00f3w ani substancji zapachowych i nie s\u0105 bielone chlorem. W\u0142\u00f3knina jest wytrzyma\u0142a, dzi\u0119ki czemu chusteczki mo\u017cna tak\u017ce zamoczy\u0107 w wodzie i u\u017cywa\u0107 jako domowe chusteczki nawil\u017cane. S\u0105 praktyczne i wielofunkcyjne \u2013 sprawdzaj\u0105 si\u0119 podczas codziennej piel\u0119gnacji, przewijania, w podr\u00f3\u017cy i na spacerach, jako wk\u0142ady do pieluszek wielorazowych, do wycierania buzi, d\u0142oni i cia\u0142a, a tak\u017ce do demakija\u017cu czy higieny miejsc intymnych. W\u0142\u00f3knina bambusowa jest biodegradowalna, przyjazna \u015brodowisku i odpowiednia dla wegan.<\/p>\n","protected":false},"excerpt":{"rendered":"<p>Chusteczki bambusowe Canpol babies 1\/658 zawieraj\u0105 100 sztuk i s\u0105 wyj\u0105tkowo mi\u0119kkie oraz przyjazne dla wra\u017cliwej sk\u00f3ry niemowl\u0105t, bezpieczne od pierwszych dni \u017cycia i testowane dermatologicznie. Wykonane s\u0105 z delikatnej, naturalnie antybakteryjnej w\u0142\u00f3kniny bambusowej, nie zawieraj\u0105 chemikali\u00f3w, konserwant\u00f3w ani substancji zapachowych i nie s\u0105 bielone chlorem. W\u0142\u00f3knina jest wytrzyma\u0142a, dzi\u0119ki czemu chusteczki mo\u017cna tak\u017ce zamoczy\u0107 [&hellip;]<\/p>\n","protected":false},"featured_media":11621,"comment_status":"open","ping_status":"closed","template":"","meta":[],"product_brand":[],"product_cat":[102,76,68],"product_tag":[],"class_list":{"0":"post-11623","1":"product","2":"type-product","3":"status-publish","4":"has-post-thumbnail","6":"product_cat-chusteczki-nawilzane","7":"product_cat-dziecko","8":"product_cat-higiena-i-pielegnacja","10":"first","11":"instock","12":"taxable","13":"shipping-taxable","14":"purchasable","15":"product-type-simple"},"_links":{"self":[{"href":"https:\/\/www.bobooaza.pl\/index.php\/wp-json\/wp\/v2\/product\/11623","targetHints":{"allow":["GET"]}}],"collection":[{"href":"https:\/\/www.bobooaza.pl\/index.php\/wp-json\/wp\/v2\/product"}],"about":[{"href":"https:\/\/www.bobooaza.pl\/index.php\/wp-json\/wp\/v2\/types\/product"}],"replies":[{"embeddable":true,"href":"https:\/\/www.bobooaza.pl\/index.php\/wp-json\/wp\/v2\/comments?post=11623"}],"wp:featuredmedia":[{"embeddable":true,"href":"https:\/\/www.bobooaza.pl\/index.php\/wp-json\/wp\/v2\/media\/11621"}],"wp:attachment":[{"href":"https:\/\/www.bobooaza.pl\/index.php\/wp-json\/wp\/v2\/media?parent=11623"}],"wp:term":[{"taxonomy":"product_brand","embeddable":true,"href":"https:\/\/www.bobooaza.pl\/index.php\/wp-json\/wp\/v2\/product_brand?post=11623"},{"taxonomy":"product_cat","embeddable":true,"href":"https:\/\/www.bobooaza.pl\/index.php\/wp-json\/wp\/v2\/product_cat?post=11623"},{"taxonomy":"product_tag","embeddable":true,"href":"https:\/\/www.bobooaza.pl\/index.php\/wp-json\/wp\/v2\/product_tag?post=11623"}],"curies":[{"name":"wp","href":"https:\/\/api.w.org\/{rel}","templated":true}]}}