{"id":11632,"date":"2026-01-11T13:32:06","date_gmt":"2026-01-11T12:32:06","guid":{"rendered":"https:\/\/bobooaza.pl\/index.php\/produkt\/akuku-a0458-zestaw-pielegnacyjny-pink\/"},"modified":"2026-01-19T20:20:48","modified_gmt":"2026-01-19T19:20:48","slug":"akuku-a0458-zestaw-pielegnacyjny-pink","status":"publish","type":"product","link":"https:\/\/www.bobooaza.pl\/index.php\/produkt\/akuku-a0458-zestaw-pielegnacyjny-pink\/","title":{"rendered":"AKUKU A0458 Zestaw piel\u0119gnacyjny pink"},"content":{"rendered":"<p>Zestaw piel\u0119gnacyjny AKUKU A0458 pink to kompletny zestaw do codziennej piel\u0119gnacji dziecka, zapakowany w wygodn\u0105 i praktyczn\u0105 kosmetyczk\u0119. Zestaw zawiera no\u017cyczki o cienkich metalowych ostrzach i zaokr\u0105glonych kraw\u0119dziach, c\u0105\u017cki, pilniczek, mi\u0119kk\u0105 szczotk\u0119 oraz grzebyk z antypo\u015blizgowym uchwytem. No\u017cyczki i c\u0105\u017cki umo\u017cliwiaj\u0105 bezpieczne obcinanie drobnych paznokci, pilniczek wyg\u0142adza nier\u00f3wno\u015bci paznokci, a szczotka i grzebyk pozwalaj\u0105 zadba\u0107 o w\u0142osy dziecka. Zaleca si\u0119 obcinanie paznokci podczas snu dziecka, aby zminimalizowa\u0107 ryzyko niespodziewanych ruch\u00f3w.<\/p>\n","protected":false},"excerpt":{"rendered":"<p>Zestaw piel\u0119gnacyjny AKUKU A0458 pink to kompletny zestaw do codziennej piel\u0119gnacji dziecka, zapakowany w wygodn\u0105 i praktyczn\u0105 kosmetyczk\u0119. Zestaw zawiera no\u017cyczki o cienkich metalowych ostrzach i zaokr\u0105glonych kraw\u0119dziach, c\u0105\u017cki, pilniczek, mi\u0119kk\u0105 szczotk\u0119 oraz grzebyk z antypo\u015blizgowym uchwytem. No\u017cyczki i c\u0105\u017cki umo\u017cliwiaj\u0105 bezpieczne obcinanie drobnych paznokci, pilniczek wyg\u0142adza nier\u00f3wno\u015bci paznokci, a szczotka i grzebyk pozwalaj\u0105 zadba\u0107 [&hellip;]<\/p>\n","protected":false},"featured_media":11630,"comment_status":"open","ping_status":"closed","template":"","meta":[],"product_brand":[],"product_cat":[76,68,101],"product_tag":[],"class_list":{"0":"post-11632","1":"product","2":"type-product","3":"status-publish","4":"has-post-thumbnail","6":"product_cat-dziecko","7":"product_cat-higiena-i-pielegnacja","8":"product_cat-zestawy-pielegnacyjne","10":"first","11":"instock","12":"taxable","13":"shipping-taxable","14":"purchasable","15":"product-type-simple"},"_links":{"self":[{"href":"https:\/\/www.bobooaza.pl\/index.php\/wp-json\/wp\/v2\/product\/11632","targetHints":{"allow":["GET"]}}],"collection":[{"href":"https:\/\/www.bobooaza.pl\/index.php\/wp-json\/wp\/v2\/product"}],"about":[{"href":"https:\/\/www.bobooaza.pl\/index.php\/wp-json\/wp\/v2\/types\/product"}],"replies":[{"embeddable":true,"href":"https:\/\/www.bobooaza.pl\/index.php\/wp-json\/wp\/v2\/comments?post=11632"}],"wp:featuredmedia":[{"embeddable":true,"href":"https:\/\/www.bobooaza.pl\/index.php\/wp-json\/wp\/v2\/media\/11630"}],"wp:attachment":[{"href":"https:\/\/www.bobooaza.pl\/index.php\/wp-json\/wp\/v2\/media?parent=11632"}],"wp:term":[{"taxonomy":"product_brand","embeddable":true,"href":"https:\/\/www.bobooaza.pl\/index.php\/wp-json\/wp\/v2\/product_brand?post=11632"},{"taxonomy":"product_cat","embeddable":true,"href":"https:\/\/www.bobooaza.pl\/index.php\/wp-json\/wp\/v2\/product_cat?post=11632"},{"taxonomy":"product_tag","embeddable":true,"href":"https:\/\/www.bobooaza.pl\/index.php\/wp-json\/wp\/v2\/product_tag?post=11632"}],"curies":[{"name":"wp","href":"https:\/\/api.w.org\/{rel}","templated":true}]}}