{"id":11685,"date":"2026-01-11T13:45:18","date_gmt":"2026-01-11T12:45:18","guid":{"rendered":"https:\/\/bobooaza.pl\/index.php\/produkt\/chicco-00006569000000-szczotkagrzebien-naturalne-wlosie-pomaranczowa\/"},"modified":"2026-01-11T13:53:50","modified_gmt":"2026-01-11T12:53:50","slug":"chicco-00006569000000-szczotkagrzebien-naturalne-wlosie-pomaranczowa","status":"publish","type":"product","link":"https:\/\/www.bobooaza.pl\/index.php\/produkt\/chicco-00006569000000-szczotkagrzebien-naturalne-wlosie-pomaranczowa\/","title":{"rendered":"CHICCO 00006569000000 Szczotka+grzebie\u0144 naturalne w\u0142osie pomara\u0144czowa"},"content":{"rendered":"<p>Szczotka i grzebie\u0144 CHICCO 00006569000000 w kolorze pomara\u0144czowym to zestaw do codziennej piel\u0119gnacji w\u0142os\u00f3w niemowl\u0105t. Szczotka wykonana jest z naturalnego w\u0142osia, a grzebie\u0144 posiada zaokr\u0105glone ko\u0144c\u00f3wki, kt\u00f3re delikatnie czesz\u0105 w\u0142osy i chroni\u0105 wra\u017cliw\u0105 sk\u00f3r\u0119 dziecka. Du\u017cy, por\u0119czny uchwyt umo\u017cliwia pewne trzymanie zestawu podczas u\u017cytkowania. Produkt przeznaczony dla dzieci od urodzenia (0m+).<\/p>\n","protected":false},"excerpt":{"rendered":"<p>Szczotka i grzebie\u0144 CHICCO 00006569000000 w kolorze pomara\u0144czowym to zestaw do codziennej piel\u0119gnacji w\u0142os\u00f3w niemowl\u0105t. Szczotka wykonana jest z naturalnego w\u0142osia, a grzebie\u0144 posiada zaokr\u0105glone ko\u0144c\u00f3wki, kt\u00f3re delikatnie czesz\u0105 w\u0142osy i chroni\u0105 wra\u017cliw\u0105 sk\u00f3r\u0119 dziecka. Du\u017cy, por\u0119czny uchwyt umo\u017cliwia pewne trzymanie zestawu podczas u\u017cytkowania. Produkt przeznaczony dla dzieci od urodzenia (0m+).<\/p>\n","protected":false},"featured_media":11683,"comment_status":"open","ping_status":"closed","template":"","meta":[],"product_brand":[],"product_cat":[73,76,100,68],"product_tag":[],"class_list":{"0":"post-11685","1":"product","2":"type-product","3":"status-publish","4":"has-post-thumbnail","6":"product_cat-kapiel","7":"product_cat-dziecko","8":"product_cat-grzebienie-i-szczotki","9":"product_cat-higiena-i-pielegnacja","11":"first","12":"instock","13":"taxable","14":"shipping-taxable","15":"purchasable","16":"product-type-simple"},"_links":{"self":[{"href":"https:\/\/www.bobooaza.pl\/index.php\/wp-json\/wp\/v2\/product\/11685","targetHints":{"allow":["GET"]}}],"collection":[{"href":"https:\/\/www.bobooaza.pl\/index.php\/wp-json\/wp\/v2\/product"}],"about":[{"href":"https:\/\/www.bobooaza.pl\/index.php\/wp-json\/wp\/v2\/types\/product"}],"replies":[{"embeddable":true,"href":"https:\/\/www.bobooaza.pl\/index.php\/wp-json\/wp\/v2\/comments?post=11685"}],"wp:featuredmedia":[{"embeddable":true,"href":"https:\/\/www.bobooaza.pl\/index.php\/wp-json\/wp\/v2\/media\/11683"}],"wp:attachment":[{"href":"https:\/\/www.bobooaza.pl\/index.php\/wp-json\/wp\/v2\/media?parent=11685"}],"wp:term":[{"taxonomy":"product_brand","embeddable":true,"href":"https:\/\/www.bobooaza.pl\/index.php\/wp-json\/wp\/v2\/product_brand?post=11685"},{"taxonomy":"product_cat","embeddable":true,"href":"https:\/\/www.bobooaza.pl\/index.php\/wp-json\/wp\/v2\/product_cat?post=11685"},{"taxonomy":"product_tag","embeddable":true,"href":"https:\/\/www.bobooaza.pl\/index.php\/wp-json\/wp\/v2\/product_tag?post=11685"}],"curies":[{"name":"wp","href":"https:\/\/api.w.org\/{rel}","templated":true}]}}