{"id":11693,"date":"2026-01-11T14:41:33","date_gmt":"2026-01-11T13:41:33","guid":{"rendered":"https:\/\/bobooaza.pl\/index.php\/produkt\/kieczmerski-okrycie-recznik-bambusowy-100x100-mis-z-haftem-i-uszami-bez\/"},"modified":"2026-01-19T21:54:50","modified_gmt":"2026-01-19T20:54:50","slug":"kieczmerski-okrycie-recznik-bambusowy-100x100-mis-z-haftem-i-uszami-bez","status":"publish","type":"product","link":"https:\/\/www.bobooaza.pl\/index.php\/produkt\/kieczmerski-okrycie-recznik-bambusowy-100x100-mis-z-haftem-i-uszami-bez\/","title":{"rendered":"KIECZMERSKI Okrycie &#8211; r\u0119cznik bambusowy 100&#215;100 MI\u015a z haftem i uszami be\u017c"},"content":{"rendered":"<p>Okrycie k\u0105pielowe Kieczmerski 100&#215;100 cm w kolorze be\u017cowym z motywem misia to r\u0119cznik bambusowy z kapturem, haftowan\u0105 buzi\u0105 i doszytymi uszkami, kt\u00f3ry \u0142\u0105czy funkcjonalno\u015b\u0107 z uroczym wygl\u0105dem. Wykonane z mi\u0119sistej dzianiny termofrotte z wiskozy bambusowej z domieszk\u0105 poliestru, jest mi\u0119kkie, delikatne, hipoalergiczne i idealne dla wra\u017cliwej sk\u00f3ry dziecka. R\u0119cznik doskonale wch\u0142ania wod\u0119, szybko schnie, zapewnia komfort i ciep\u0142o po k\u0105pieli. Kapturek wykonany z tej samej dzianiny pozwala sprawnie osuszy\u0107 g\u0142ow\u0119 maluszka. Produkt jest trwa\u0142y, oddychaj\u0105cy i przewiewny, dzi\u0119ki czemu chroni dziecko przed przegrzaniem, a przy tym utrzymuje ciep\u0142o. Okrycie jest \u0142atwe w piel\u0119gnacji, nale\u017cy pra\u0107 w 30\u00b0C, suszy\u0107 w pozycji roz\u0142o\u017conej, nie u\u017cywa\u0107 suszarki b\u0119bnowej ani wybielaczy. Przed pierwszym u\u017cyciem zaleca si\u0119 upranie r\u0119cznika, aby w pe\u0142ni uzyska\u0142 ch\u0142onno\u015b\u0107. Produkt spe\u0142nia wymagania bezpiecze\u0144stwa, posiada odpowiednie atesty i jest polskim wyrobem antyalergicznym.<\/p>\n","protected":false},"excerpt":{"rendered":"<p>Okrycie k\u0105pielowe Kieczmerski 100&#215;100 cm w kolorze be\u017cowym z motywem misia to r\u0119cznik bambusowy z kapturem, haftowan\u0105 buzi\u0105 i doszytymi uszkami, kt\u00f3ry \u0142\u0105czy funkcjonalno\u015b\u0107 z uroczym wygl\u0105dem. Wykonane z mi\u0119sistej dzianiny termofrotte z wiskozy bambusowej z domieszk\u0105 poliestru, jest mi\u0119kkie, delikatne, hipoalergiczne i idealne dla wra\u017cliwej sk\u00f3ry dziecka. R\u0119cznik doskonale wch\u0142ania wod\u0119, szybko schnie, zapewnia [&hellip;]<\/p>\n","protected":false},"featured_media":11692,"comment_status":"open","ping_status":"closed","template":"","meta":[],"product_brand":[],"product_cat":[74,73,76,68,82],"product_tag":[],"class_list":{"0":"post-11693","1":"product","2":"type-product","3":"status-publish","4":"has-post-thumbnail","6":"product_cat-akcesoria-do-kapieli","7":"product_cat-kapiel","8":"product_cat-dziecko","9":"product_cat-higiena-i-pielegnacja","10":"product_cat-reczniki-kapielowe","12":"first","13":"instock","14":"taxable","15":"shipping-taxable","16":"purchasable","17":"product-type-simple"},"_links":{"self":[{"href":"https:\/\/www.bobooaza.pl\/index.php\/wp-json\/wp\/v2\/product\/11693","targetHints":{"allow":["GET"]}}],"collection":[{"href":"https:\/\/www.bobooaza.pl\/index.php\/wp-json\/wp\/v2\/product"}],"about":[{"href":"https:\/\/www.bobooaza.pl\/index.php\/wp-json\/wp\/v2\/types\/product"}],"replies":[{"embeddable":true,"href":"https:\/\/www.bobooaza.pl\/index.php\/wp-json\/wp\/v2\/comments?post=11693"}],"wp:featuredmedia":[{"embeddable":true,"href":"https:\/\/www.bobooaza.pl\/index.php\/wp-json\/wp\/v2\/media\/11692"}],"wp:attachment":[{"href":"https:\/\/www.bobooaza.pl\/index.php\/wp-json\/wp\/v2\/media?parent=11693"}],"wp:term":[{"taxonomy":"product_brand","embeddable":true,"href":"https:\/\/www.bobooaza.pl\/index.php\/wp-json\/wp\/v2\/product_brand?post=11693"},{"taxonomy":"product_cat","embeddable":true,"href":"https:\/\/www.bobooaza.pl\/index.php\/wp-json\/wp\/v2\/product_cat?post=11693"},{"taxonomy":"product_tag","embeddable":true,"href":"https:\/\/www.bobooaza.pl\/index.php\/wp-json\/wp\/v2\/product_tag?post=11693"}],"curies":[{"name":"wp","href":"https:\/\/api.w.org\/{rel}","templated":true}]}}