{"id":11737,"date":"2026-01-11T15:06:11","date_gmt":"2026-01-11T14:06:11","guid":{"rendered":"https:\/\/bobooaza.pl\/index.php\/produkt\/hencz-537-lodki-do-kapieli\/"},"modified":"2026-01-11T15:09:12","modified_gmt":"2026-01-11T14:09:12","slug":"hencz-537-lodki-do-kapieli","status":"publish","type":"product","link":"https:\/\/www.bobooaza.pl\/index.php\/produkt\/hencz-537-lodki-do-kapieli\/","title":{"rendered":"HENCZ 537 \u0141\u00f3dki do k\u0105pieli"},"content":{"rendered":"<p>\u0141\u00f3dki do k\u0105pieli HENCZ 537 to zestaw trzech p\u0142ywaj\u0105cych \u0142\u00f3dek \u2013 \u017cabki, kraba i rekina \u2013 wykonanych z szybkoschn\u0105cego neoprenu, przeznaczonych dla dzieci od 6 miesi\u0105ca \u017cycia. Zabawka jest przelewowa, co pozwala na przelewanie wody z jednej \u0142\u00f3dki do drugiej, a odwracanie ich ods\u0142ania nowe obrazki zwierz\u0105tek z r\u00f3\u017cnymi emocjami, wspieraj\u0105c nauk\u0119 rozpoznawania uczu\u0107. \u0141\u00f3dki s\u0105 lekkie, mi\u0119kkie i bezpieczne, a otwory na \u201e\u017caglach\u201d dw\u00f3ch wi\u0119kszych \u0142\u00f3dek umo\u017cliwiaj\u0105 efekt tryskaj\u0105cej wody, co zwi\u0119ksza atrakcyjno\u015b\u0107 zabawy. Produkt pochodzi z Polski.<\/p>\n","protected":false},"excerpt":{"rendered":"<p>\u0141\u00f3dki do k\u0105pieli HENCZ 537 to zestaw trzech p\u0142ywaj\u0105cych \u0142\u00f3dek \u2013 \u017cabki, kraba i rekina \u2013 wykonanych z szybkoschn\u0105cego neoprenu, przeznaczonych dla dzieci od 6 miesi\u0105ca \u017cycia. Zabawka jest przelewowa, co pozwala na przelewanie wody z jednej \u0142\u00f3dki do drugiej, a odwracanie ich ods\u0142ania nowe obrazki zwierz\u0105tek z r\u00f3\u017cnymi emocjami, wspieraj\u0105c nauk\u0119 rozpoznawania uczu\u0107. \u0141\u00f3dki [&hellip;]<\/p>\n","protected":false},"featured_media":11729,"comment_status":"open","ping_status":"closed","template":"","meta":[],"product_brand":[],"product_cat":[73,76,68,83],"product_tag":[],"class_list":{"0":"post-11737","1":"product","2":"type-product","3":"status-publish","4":"has-post-thumbnail","6":"product_cat-kapiel","7":"product_cat-dziecko","8":"product_cat-higiena-i-pielegnacja","9":"product_cat-zabawki-do-kapieli","11":"first","12":"instock","13":"taxable","14":"shipping-taxable","15":"purchasable","16":"product-type-simple"},"_links":{"self":[{"href":"https:\/\/www.bobooaza.pl\/index.php\/wp-json\/wp\/v2\/product\/11737","targetHints":{"allow":["GET"]}}],"collection":[{"href":"https:\/\/www.bobooaza.pl\/index.php\/wp-json\/wp\/v2\/product"}],"about":[{"href":"https:\/\/www.bobooaza.pl\/index.php\/wp-json\/wp\/v2\/types\/product"}],"replies":[{"embeddable":true,"href":"https:\/\/www.bobooaza.pl\/index.php\/wp-json\/wp\/v2\/comments?post=11737"}],"wp:featuredmedia":[{"embeddable":true,"href":"https:\/\/www.bobooaza.pl\/index.php\/wp-json\/wp\/v2\/media\/11729"}],"wp:attachment":[{"href":"https:\/\/www.bobooaza.pl\/index.php\/wp-json\/wp\/v2\/media?parent=11737"}],"wp:term":[{"taxonomy":"product_brand","embeddable":true,"href":"https:\/\/www.bobooaza.pl\/index.php\/wp-json\/wp\/v2\/product_brand?post=11737"},{"taxonomy":"product_cat","embeddable":true,"href":"https:\/\/www.bobooaza.pl\/index.php\/wp-json\/wp\/v2\/product_cat?post=11737"},{"taxonomy":"product_tag","embeddable":true,"href":"https:\/\/www.bobooaza.pl\/index.php\/wp-json\/wp\/v2\/product_tag?post=11737"}],"curies":[{"name":"wp","href":"https:\/\/api.w.org\/{rel}","templated":true}]}}