{"id":11788,"date":"2026-01-11T15:11:18","date_gmt":"2026-01-11T14:11:18","guid":{"rendered":"https:\/\/bobooaza.pl\/index.php\/produkt\/canpol-9-813-nozyczki-dla-niemowlat\/"},"modified":"2026-01-19T21:55:04","modified_gmt":"2026-01-19T20:55:04","slug":"canpol-9-813-nozyczki-dla-niemowlat","status":"publish","type":"product","link":"https:\/\/www.bobooaza.pl\/index.php\/produkt\/canpol-9-813-nozyczki-dla-niemowlat\/","title":{"rendered":"CANPOL 9\/813 No\u017cyczki dla niemowl\u0105t"},"content":{"rendered":"<p>No\u017cyczki dla niemowl\u0105t CANPOL 9\/813 to praktyczne narz\u0119dzie do bezpiecznego obcinania ma\u0142ych paznokci dziecka. Cienkie, metalowe ostrza umo\u017cliwiaj\u0105 precyzyjne i sprawne ci\u0119cie, a zaokr\u0105glone kraw\u0119dzie chroni\u0105 przed przypadkowym skaleczeniem. Dla wi\u0119kszego bezpiecze\u0144stwa zaleca si\u0119 u\u017cywanie ich, gdy dziecko \u015bpi.<\/p>\n","protected":false},"excerpt":{"rendered":"<p>No\u017cyczki dla niemowl\u0105t CANPOL 9\/813 to praktyczne narz\u0119dzie do bezpiecznego obcinania ma\u0142ych paznokci dziecka. Cienkie, metalowe ostrza umo\u017cliwiaj\u0105 precyzyjne i sprawne ci\u0119cie, a zaokr\u0105glone kraw\u0119dzie chroni\u0105 przed przypadkowym skaleczeniem. Dla wi\u0119kszego bezpiecze\u0144stwa zaleca si\u0119 u\u017cywanie ich, gdy dziecko \u015bpi.<\/p>\n","protected":false},"featured_media":11787,"comment_status":"open","ping_status":"closed","template":"","meta":[],"product_brand":[],"product_cat":[76,68,69,72],"product_tag":[],"class_list":{"0":"post-11788","1":"product","2":"type-product","3":"status-publish","4":"has-post-thumbnail","6":"product_cat-dziecko","7":"product_cat-higiena-i-pielegnacja","8":"product_cat-pielegnacja-paznokci","9":"product_cat-trymery-i-nozyczki","11":"first","12":"instock","13":"taxable","14":"shipping-taxable","15":"purchasable","16":"product-type-simple"},"_links":{"self":[{"href":"https:\/\/www.bobooaza.pl\/index.php\/wp-json\/wp\/v2\/product\/11788","targetHints":{"allow":["GET"]}}],"collection":[{"href":"https:\/\/www.bobooaza.pl\/index.php\/wp-json\/wp\/v2\/product"}],"about":[{"href":"https:\/\/www.bobooaza.pl\/index.php\/wp-json\/wp\/v2\/types\/product"}],"replies":[{"embeddable":true,"href":"https:\/\/www.bobooaza.pl\/index.php\/wp-json\/wp\/v2\/comments?post=11788"}],"wp:featuredmedia":[{"embeddable":true,"href":"https:\/\/www.bobooaza.pl\/index.php\/wp-json\/wp\/v2\/media\/11787"}],"wp:attachment":[{"href":"https:\/\/www.bobooaza.pl\/index.php\/wp-json\/wp\/v2\/media?parent=11788"}],"wp:term":[{"taxonomy":"product_brand","embeddable":true,"href":"https:\/\/www.bobooaza.pl\/index.php\/wp-json\/wp\/v2\/product_brand?post=11788"},{"taxonomy":"product_cat","embeddable":true,"href":"https:\/\/www.bobooaza.pl\/index.php\/wp-json\/wp\/v2\/product_cat?post=11788"},{"taxonomy":"product_tag","embeddable":true,"href":"https:\/\/www.bobooaza.pl\/index.php\/wp-json\/wp\/v2\/product_tag?post=11788"}],"curies":[{"name":"wp","href":"https:\/\/api.w.org\/{rel}","templated":true}]}}