{"id":11794,"date":"2026-01-11T15:11:30","date_gmt":"2026-01-11T14:11:30","guid":{"rendered":"https:\/\/bobooaza.pl\/index.php\/produkt\/chicco-00005912000000-nozyczki-pomaranczowe\/"},"modified":"2026-01-11T15:21:23","modified_gmt":"2026-01-11T14:21:23","slug":"chicco-00005912000000-nozyczki-pomaranczowe","status":"publish","type":"product","link":"https:\/\/www.bobooaza.pl\/index.php\/produkt\/chicco-00005912000000-nozyczki-pomaranczowe\/","title":{"rendered":"CHICCO 00005912000000 No\u017cyczki pomara\u0144czowe"},"content":{"rendered":"<p>No\u017cyczki Chicco 00005912000000 przeznaczone dla dzieci od 0 miesi\u0105ca \u017cycia. Wykonane ze stali nierdzewnej, wolnej od niklu, z zakrzywionymi ostrzami i zaokr\u0105glonymi ko\u0144c\u00f3wkami dla pe\u0142nego bezpiecze\u0144stwa. Posiadaj\u0105 praktyczne etui chroni\u0105ce ostrza, gdy nie s\u0105 u\u017cywane.<\/p>\n","protected":false},"excerpt":{"rendered":"<p>No\u017cyczki Chicco 00005912000000 przeznaczone dla dzieci od 0 miesi\u0105ca \u017cycia. Wykonane ze stali nierdzewnej, wolnej od niklu, z zakrzywionymi ostrzami i zaokr\u0105glonymi ko\u0144c\u00f3wkami dla pe\u0142nego bezpiecze\u0144stwa. Posiadaj\u0105 praktyczne etui chroni\u0105ce ostrza, gdy nie s\u0105 u\u017cywane.<\/p>\n","protected":false},"featured_media":11792,"comment_status":"open","ping_status":"closed","template":"","meta":[],"product_brand":[],"product_cat":[76,68,69,72],"product_tag":[],"class_list":{"0":"post-11794","1":"product","2":"type-product","3":"status-publish","4":"has-post-thumbnail","6":"product_cat-dziecko","7":"product_cat-higiena-i-pielegnacja","8":"product_cat-pielegnacja-paznokci","9":"product_cat-trymery-i-nozyczki","11":"first","12":"instock","13":"taxable","14":"shipping-taxable","15":"purchasable","16":"product-type-simple"},"_links":{"self":[{"href":"https:\/\/www.bobooaza.pl\/index.php\/wp-json\/wp\/v2\/product\/11794","targetHints":{"allow":["GET"]}}],"collection":[{"href":"https:\/\/www.bobooaza.pl\/index.php\/wp-json\/wp\/v2\/product"}],"about":[{"href":"https:\/\/www.bobooaza.pl\/index.php\/wp-json\/wp\/v2\/types\/product"}],"replies":[{"embeddable":true,"href":"https:\/\/www.bobooaza.pl\/index.php\/wp-json\/wp\/v2\/comments?post=11794"}],"wp:featuredmedia":[{"embeddable":true,"href":"https:\/\/www.bobooaza.pl\/index.php\/wp-json\/wp\/v2\/media\/11792"}],"wp:attachment":[{"href":"https:\/\/www.bobooaza.pl\/index.php\/wp-json\/wp\/v2\/media?parent=11794"}],"wp:term":[{"taxonomy":"product_brand","embeddable":true,"href":"https:\/\/www.bobooaza.pl\/index.php\/wp-json\/wp\/v2\/product_brand?post=11794"},{"taxonomy":"product_cat","embeddable":true,"href":"https:\/\/www.bobooaza.pl\/index.php\/wp-json\/wp\/v2\/product_cat?post=11794"},{"taxonomy":"product_tag","embeddable":true,"href":"https:\/\/www.bobooaza.pl\/index.php\/wp-json\/wp\/v2\/product_tag?post=11794"}],"curies":[{"name":"wp","href":"https:\/\/api.w.org\/{rel}","templated":true}]}}