{"id":11829,"date":"2026-01-11T15:25:11","date_gmt":"2026-01-11T14:25:11","guid":{"rendered":"https:\/\/bobooaza.pl\/index.php\/produkt\/chicco-00012160000000-termofor-mis-ciepluszek\/"},"modified":"2026-01-11T15:34:17","modified_gmt":"2026-01-11T14:34:17","slug":"chicco-00012160000000-termofor-mis-ciepluszek","status":"publish","type":"product","link":"https:\/\/www.bobooaza.pl\/index.php\/produkt\/chicco-00012160000000-termofor-mis-ciepluszek\/","title":{"rendered":"CHICCO 00012160000000 Termofor Mi\u015b Ciepluszek"},"content":{"rendered":"<p>Termofor CHICCO Mi\u015b Ciepluszek to mi\u0119kka zabawka z wyjmowanym woreczkiem wype\u0142nionym sol\u0105, kt\u00f3r\u0105 mo\u017cna podgrza\u0107 w kuchence mikrofalowej. Po podgrzaniu wk\u0142ad umieszcza si\u0119 z powrotem w pluszowym misiu, zapewniaj\u0105c dziecku ciep\u0142o i komfort. Wype\u0142nienie z naturalnej soli ma w\u0142a\u015bciwo\u015bci koj\u0105ce i uspokajaj\u0105ce, jest higieniczne i nie stanowi zagro\u017cenia dla owad\u00f3w. Termofor zosta\u0142 zaprojektowany do po\u0142o\u017cenia na brzuszku dziecka i mo\u017ce s\u0142u\u017cy\u0107 tak\u017ce jako przytulanka. Mi\u0119kka zabawka jest przystosowana do prania w pralce. Wymiary produktu wynosz\u0105 23 x 14 x 11 cm.<\/p>\n","protected":false},"excerpt":{"rendered":"<p>Termofor CHICCO Mi\u015b Ciepluszek to mi\u0119kka zabawka z wyjmowanym woreczkiem wype\u0142nionym sol\u0105, kt\u00f3r\u0105 mo\u017cna podgrza\u0107 w kuchence mikrofalowej. Po podgrzaniu wk\u0142ad umieszcza si\u0119 z powrotem w pluszowym misiu, zapewniaj\u0105c dziecku ciep\u0142o i komfort. Wype\u0142nienie z naturalnej soli ma w\u0142a\u015bciwo\u015bci koj\u0105ce i uspokajaj\u0105ce, jest higieniczne i nie stanowi zagro\u017cenia dla owad\u00f3w. Termofor zosta\u0142 zaprojektowany do po\u0142o\u017cenia [&hellip;]<\/p>\n","protected":false},"featured_media":11825,"comment_status":"open","ping_status":"closed","template":"","meta":[],"product_brand":[],"product_cat":[76,68,110,109],"product_tag":[],"class_list":{"0":"post-11829","1":"product","2":"type-product","3":"status-publish","4":"has-post-thumbnail","6":"product_cat-dziecko","7":"product_cat-higiena-i-pielegnacja","8":"product_cat-kompresy-i-tremofory","9":"product_cat-zdrowie","11":"first","12":"outofstock","13":"taxable","14":"shipping-taxable","15":"purchasable","16":"product-type-simple"},"_links":{"self":[{"href":"https:\/\/www.bobooaza.pl\/index.php\/wp-json\/wp\/v2\/product\/11829","targetHints":{"allow":["GET"]}}],"collection":[{"href":"https:\/\/www.bobooaza.pl\/index.php\/wp-json\/wp\/v2\/product"}],"about":[{"href":"https:\/\/www.bobooaza.pl\/index.php\/wp-json\/wp\/v2\/types\/product"}],"replies":[{"embeddable":true,"href":"https:\/\/www.bobooaza.pl\/index.php\/wp-json\/wp\/v2\/comments?post=11829"}],"wp:featuredmedia":[{"embeddable":true,"href":"https:\/\/www.bobooaza.pl\/index.php\/wp-json\/wp\/v2\/media\/11825"}],"wp:attachment":[{"href":"https:\/\/www.bobooaza.pl\/index.php\/wp-json\/wp\/v2\/media?parent=11829"}],"wp:term":[{"taxonomy":"product_brand","embeddable":true,"href":"https:\/\/www.bobooaza.pl\/index.php\/wp-json\/wp\/v2\/product_brand?post=11829"},{"taxonomy":"product_cat","embeddable":true,"href":"https:\/\/www.bobooaza.pl\/index.php\/wp-json\/wp\/v2\/product_cat?post=11829"},{"taxonomy":"product_tag","embeddable":true,"href":"https:\/\/www.bobooaza.pl\/index.php\/wp-json\/wp\/v2\/product_tag?post=11829"}],"curies":[{"name":"wp","href":"https:\/\/api.w.org\/{rel}","templated":true}]}}