{"id":11856,"date":"2026-01-11T17:25:17","date_gmt":"2026-01-11T16:25:17","guid":{"rendered":"https:\/\/bobooaza.pl\/index.php\/produkt\/albero-mio-mata-do-przewijania-niemowlat-wloknina-70x50-421-myszka\/"},"modified":"2026-01-19T21:55:11","modified_gmt":"2026-01-19T20:55:11","slug":"albero-mio-mata-do-przewijania-niemowlat-wloknina-70x50-421-myszka","status":"publish","type":"product","link":"https:\/\/www.bobooaza.pl\/index.php\/produkt\/albero-mio-mata-do-przewijania-niemowlat-wloknina-70x50-421-myszka\/","title":{"rendered":"ALBERO MIO Mata do przewijania niemowl\u0105t (w\u0142\u00f3knina) 70&#215;50 421 Myszka"},"content":{"rendered":"<p>Mi\u0119kka mata do przewijania niemowl\u0105t ALBERO MIO 421 Myszka o wymiarach 70 x 50 cm zapewnia wygod\u0119 i bezpiecze\u0144stwo podczas codziennej piel\u0119gnacji dziecka. Lekka i por\u0119czna konstrukcja umo\u017cliwia \u0142atwe przenoszenie, dzi\u0119ki czemu sprawdzi si\u0119 zar\u00f3wno w domu, jak i w podr\u00f3\u017cy. Mata przeznaczona jest do u\u0142o\u017cenia na komodzie lub p\u00f3\u0142koprzewijaku i nie posiada dodatkowego usztywnienia, co gwarantuje komfort maluszka.<\/p>\n<p>Powierzchnia maty wykonana jest z folii PVC wolnej od ftalan\u00f3w, bezpiecznej dla sk\u00f3ry dziecka, a wn\u0119trze wype\u0142niono puszyst\u0105, antyalergiczn\u0105 w\u0142\u00f3knin\u0105 (100% poliester), zapewniaj\u0105c\u0105 dodatkow\u0105 ochron\u0119. Produkt zosta\u0142 wyprodukowany w Polsce z wysokiej jako\u015bci materia\u0142\u00f3w posiadaj\u0105cych certyfikaty bezpiecze\u0144stwa dla najm\u0142odszych.<\/p>\n<p>Uroczy wz\u00f3r Myszka nadaje macie przyjazny charakter, a ekologiczny nadruk jest bezpieczny dla dziecka, cho\u0107 przy intensywnym u\u017cytkowaniu mo\u017ce delikatnie blakn\u0105\u0107. Produkt nale\u017cy stosowa\u0107 wy\u0142\u0105cznie pod opiek\u0105 osoby doros\u0142ej.<\/p>\n","protected":false},"excerpt":{"rendered":"<p>Mi\u0119kka mata do przewijania niemowl\u0105t ALBERO MIO 421 Myszka o wymiarach 70 x 50 cm zapewnia wygod\u0119 i bezpiecze\u0144stwo podczas codziennej piel\u0119gnacji dziecka. Lekka i por\u0119czna konstrukcja umo\u017cliwia \u0142atwe przenoszenie, dzi\u0119ki czemu sprawdzi si\u0119 zar\u00f3wno w domu, jak i w podr\u00f3\u017cy. Mata przeznaczona jest do u\u0142o\u017cenia na komodzie lub p\u00f3\u0142koprzewijaku i nie posiada dodatkowego usztywnienia, [&hellip;]<\/p>\n","protected":false},"featured_media":11855,"comment_status":"open","ping_status":"closed","template":"","meta":[],"product_brand":[],"product_cat":[75,76,68],"product_tag":[],"class_list":{"0":"post-11856","1":"product","2":"type-product","3":"status-publish","4":"has-post-thumbnail","6":"product_cat-przewijanie-maty-i-podklady","7":"product_cat-dziecko","8":"product_cat-higiena-i-pielegnacja","10":"first","11":"instock","12":"taxable","13":"shipping-taxable","14":"purchasable","15":"product-type-simple"},"_links":{"self":[{"href":"https:\/\/www.bobooaza.pl\/index.php\/wp-json\/wp\/v2\/product\/11856","targetHints":{"allow":["GET"]}}],"collection":[{"href":"https:\/\/www.bobooaza.pl\/index.php\/wp-json\/wp\/v2\/product"}],"about":[{"href":"https:\/\/www.bobooaza.pl\/index.php\/wp-json\/wp\/v2\/types\/product"}],"replies":[{"embeddable":true,"href":"https:\/\/www.bobooaza.pl\/index.php\/wp-json\/wp\/v2\/comments?post=11856"}],"wp:featuredmedia":[{"embeddable":true,"href":"https:\/\/www.bobooaza.pl\/index.php\/wp-json\/wp\/v2\/media\/11855"}],"wp:attachment":[{"href":"https:\/\/www.bobooaza.pl\/index.php\/wp-json\/wp\/v2\/media?parent=11856"}],"wp:term":[{"taxonomy":"product_brand","embeddable":true,"href":"https:\/\/www.bobooaza.pl\/index.php\/wp-json\/wp\/v2\/product_brand?post=11856"},{"taxonomy":"product_cat","embeddable":true,"href":"https:\/\/www.bobooaza.pl\/index.php\/wp-json\/wp\/v2\/product_cat?post=11856"},{"taxonomy":"product_tag","embeddable":true,"href":"https:\/\/www.bobooaza.pl\/index.php\/wp-json\/wp\/v2\/product_tag?post=11856"}],"curies":[{"name":"wp","href":"https:\/\/api.w.org\/{rel}","templated":true}]}}