{"id":11885,"date":"2026-01-11T17:26:57","date_gmt":"2026-01-11T16:26:57","guid":{"rendered":"https:\/\/bobooaza.pl\/index.php\/produkt\/albero-mio-mata-do-przewijania-niemowlat-wloknina-70x50-443-kotek\/"},"modified":"2026-01-11T17:35:55","modified_gmt":"2026-01-11T16:35:55","slug":"albero-mio-mata-do-przewijania-niemowlat-wloknina-70x50-443-kotek","status":"publish","type":"product","link":"https:\/\/www.bobooaza.pl\/index.php\/produkt\/albero-mio-mata-do-przewijania-niemowlat-wloknina-70x50-443-kotek\/","title":{"rendered":"ALBERO MIO Mata do przewijania niemowl\u0105t (w\u0142\u00f3knina) 70&#215;50 443 Kotek"},"content":{"rendered":"<p>Mata do przewijania (MP) o d\u0142ugo\u015bci 70 cm i szeroko\u015bci 50 cm (+\/- 1 cm) przeznaczona jest do na\u0142o\u017cenia na komod\u0119 lub meble do przewijania.   <\/p>\n<p>  S\u0142u\u017cy do codziennej piel\u0119gnacji niemowl\u0119cia.  <\/p>\n<p>Mata do przewijania nie posiada wyprofilowanych, podwy\u017cszonych bok\u00f3w, jest inaczej nazywana mat\u0105 p\u0142ask\u0105.<\/p>\n<p>Pokryta jest bezpieczn\u0105 dla sk\u00f3ry dziecka foli\u0105, niezawieraj\u0105c\u0105 ftalan\u00f3w.<\/p>\n<p>Wype\u0142nienie maty stanowi mi\u0119kka, puszysta w\u0142\u00f3knin silikonowa.<\/p>\n<p>Produkt nale\u017cy stosowa\u0107 pod opiek\u0105 osoby doros\u0142ej!<\/p>\n<p>Produkt zosta\u0142 wyprodukowany w Polsce z wysokiej jako\u015bci materia\u0142\u00f3w posiadaj\u0105cych certyfikaty gwarantuj\u0105ce bezpiecze\u0144stwo dla najm\u0142odszych.<\/p>\n<p>Producent informuje, \u017ce pokazana na zdj\u0119ciu kolorystyka mo\u017ce nieznacznie r\u00f3\u017cni\u0107 si\u0119 od rzeczywistego produktu. Stosowany nadruk jest ekologiczny i bezpieczny dla dziecka, mo\u017ce jednak delikatnie blakn\u0105\u0107 podczas cz\u0119stego u\u017cytkowania.<\/p>\n","protected":false},"excerpt":{"rendered":"<p>Mata do przewijania (MP) o d\u0142ugo\u015bci 70 cm i szeroko\u015bci 50 cm (+\/- 1 cm) przeznaczona jest do na\u0142o\u017cenia na komod\u0119 lub meble do przewijania. S\u0142u\u017cy do codziennej piel\u0119gnacji niemowl\u0119cia. Mata do przewijania nie posiada wyprofilowanych, podwy\u017cszonych bok\u00f3w, jest inaczej nazywana mat\u0105 p\u0142ask\u0105. Pokryta jest bezpieczn\u0105 dla sk\u00f3ry dziecka foli\u0105, niezawieraj\u0105c\u0105 ftalan\u00f3w. Wype\u0142nienie maty stanowi [&hellip;]<\/p>\n","protected":false},"featured_media":11884,"comment_status":"open","ping_status":"closed","template":"","meta":[],"product_brand":[],"product_cat":[75,76,68],"product_tag":[],"class_list":{"0":"post-11885","1":"product","2":"type-product","3":"status-publish","4":"has-post-thumbnail","6":"product_cat-przewijanie-maty-i-podklady","7":"product_cat-dziecko","8":"product_cat-higiena-i-pielegnacja","10":"first","11":"instock","12":"taxable","13":"shipping-taxable","14":"purchasable","15":"product-type-simple"},"_links":{"self":[{"href":"https:\/\/www.bobooaza.pl\/index.php\/wp-json\/wp\/v2\/product\/11885","targetHints":{"allow":["GET"]}}],"collection":[{"href":"https:\/\/www.bobooaza.pl\/index.php\/wp-json\/wp\/v2\/product"}],"about":[{"href":"https:\/\/www.bobooaza.pl\/index.php\/wp-json\/wp\/v2\/types\/product"}],"replies":[{"embeddable":true,"href":"https:\/\/www.bobooaza.pl\/index.php\/wp-json\/wp\/v2\/comments?post=11885"}],"wp:featuredmedia":[{"embeddable":true,"href":"https:\/\/www.bobooaza.pl\/index.php\/wp-json\/wp\/v2\/media\/11884"}],"wp:attachment":[{"href":"https:\/\/www.bobooaza.pl\/index.php\/wp-json\/wp\/v2\/media?parent=11885"}],"wp:term":[{"taxonomy":"product_brand","embeddable":true,"href":"https:\/\/www.bobooaza.pl\/index.php\/wp-json\/wp\/v2\/product_brand?post=11885"},{"taxonomy":"product_cat","embeddable":true,"href":"https:\/\/www.bobooaza.pl\/index.php\/wp-json\/wp\/v2\/product_cat?post=11885"},{"taxonomy":"product_tag","embeddable":true,"href":"https:\/\/www.bobooaza.pl\/index.php\/wp-json\/wp\/v2\/product_tag?post=11885"}],"curies":[{"name":"wp","href":"https:\/\/api.w.org\/{rel}","templated":true}]}}