{"id":11926,"date":"2026-01-11T19:53:50","date_gmt":"2026-01-11T18:53:50","guid":{"rendered":"https:\/\/bobooaza.pl\/index.php\/produkt\/katarek-plus-aspirator-z-rozkrecana-komora\/"},"modified":"2026-02-05T13:15:35","modified_gmt":"2026-02-05T12:15:35","slug":"katarek-plus-aspirator-z-rozkrecana-komora","status":"publish","type":"product","link":"https:\/\/www.bobooaza.pl\/index.php\/produkt\/katarek-plus-aspirator-z-rozkrecana-komora\/","title":{"rendered":"KATAREK PLUS Aspirator z rozkr\u0119can\u0105 komor\u0105"},"content":{"rendered":"<p>Katarek Plus to sprawdzony aspirator do nosa z rozkr\u0119can\u0105 komor\u0105, stworzony z my\u015bl\u0105 o skutecznej i bezpiecznej higienie nosa niemowl\u0105t oraz ma\u0142ych dzieci ju\u017c od pierwszych dni \u017cycia. Poniewa\u017c dzieci do pierwszego roku \u017cycia oddychaj\u0105 wy\u0142\u0105cznie przez nos, regularne oczyszczanie noska ma kluczowe znaczenie dla ich komfortu, snu i prawid\u0142owego oddychania. Katarek Plus pozwala w kilka sekund usun\u0105\u0107 nawet g\u0119st\u0105, zalegaj\u0105c\u0105 g\u0142\u0119boko wydzielin\u0119, a tak\u017ce drobne zanieczyszczenia czy resztki pokarmu po ulewaniu.<\/p>\n<p>Aspirator pod\u0142\u0105czany jest do klasycznego odkurzacza o mocy 600\u20131800 W, kt\u00f3ry zapewnia jednostajn\u0105 i skuteczn\u0105 si\u0142\u0119 ssania. Moc ta jest odpowiednio redukowana w komorze aspiratora, dzi\u0119ki czemu urz\u0105dzenie jest bezpieczne dla dzieci od pierwszego dnia \u017cycia. Rozwi\u0105zanie to od lat polecane jest przez rodzic\u00f3w i uznawane za jedno z najskuteczniejszych na rynku.<\/p>\n<p>Rozkr\u0119cana komora znacz\u0105co u\u0142atwia czyszczenie aspiratora po ka\u017cdym u\u017cyciu, co pozwala zachowa\u0107 wysoki poziom higieny. W zestawie znajduj\u0105 si\u0119 dwie ko\u0144c\u00f3wki z oznaczeniem \u201eJA&amp;TY\u201d, kt\u00f3re zwi\u0119kszaj\u0105 komfort u\u017cytkowania i s\u0105 praktyczne przy korzystaniu z aspiratora przez wi\u0119cej ni\u017c jedno dziecko, oraz szczoteczka z wytrzyma\u0142ym w\u0142osiem do dok\u0142adnego mycia element\u00f3w. Mo\u017cliwo\u015b\u0107 dokupienia dedykowanych akcesori\u00f3w sprawia, \u017ce Katarek Plus to rozwi\u0105zanie ekonomiczne i na lata.<\/p>\n<p>Katarek Plus jest certyfikowanym wyrobem medycznym z oznaczeniem CE, przeznaczonym wy\u0142\u0105cznie do usuwania wydzieliny z jamy nosowej u dzieci. Regularna aspiracja, poprzedzona zastosowaniem soli fizjologicznej, pomaga dziecku swobodnie oddycha\u0107, je\u015b\u0107 i spa\u0107, a tak\u017ce zmniejsza ryzyko powik\u0142a\u0144, takich jak zapalenie ucha, oskrzeli czy p\u0142uc. To niezb\u0119dny element wyprawki i domowej apteczki ka\u017cdego rodzica, kt\u00f3ry ceni skuteczno\u015b\u0107, bezpiecze\u0144stwo i wygod\u0119 u\u017cytkowania.<\/p>\n","protected":false},"excerpt":{"rendered":"<p>Katarek Plus to sprawdzony aspirator do nosa z rozkr\u0119can\u0105 komor\u0105, stworzony z my\u015bl\u0105 o skutecznej i bezpiecznej higienie nosa niemowl\u0105t oraz ma\u0142ych dzieci ju\u017c od pierwszych dni \u017cycia. Poniewa\u017c dzieci do pierwszego roku \u017cycia oddychaj\u0105 wy\u0142\u0105cznie przez nos, regularne oczyszczanie noska ma kluczowe znaczenie dla ich komfortu, snu i prawid\u0142owego oddychania. Katarek Plus pozwala w [&hellip;]<\/p>\n","protected":false},"featured_media":11924,"comment_status":"open","ping_status":"closed","template":"","meta":[],"product_brand":[],"product_cat":[137,138,76,68,109],"product_tag":[],"class_list":{"0":"post-11926","1":"product","2":"type-product","3":"status-publish","4":"has-post-thumbnail","6":"product_cat-aspiratory","7":"product_cat-aspiratory-i-inhalatory","8":"product_cat-dziecko","9":"product_cat-higiena-i-pielegnacja","10":"product_cat-zdrowie","12":"first","13":"instock","14":"taxable","15":"shipping-taxable","16":"purchasable","17":"product-type-simple"},"_links":{"self":[{"href":"https:\/\/www.bobooaza.pl\/index.php\/wp-json\/wp\/v2\/product\/11926","targetHints":{"allow":["GET"]}}],"collection":[{"href":"https:\/\/www.bobooaza.pl\/index.php\/wp-json\/wp\/v2\/product"}],"about":[{"href":"https:\/\/www.bobooaza.pl\/index.php\/wp-json\/wp\/v2\/types\/product"}],"replies":[{"embeddable":true,"href":"https:\/\/www.bobooaza.pl\/index.php\/wp-json\/wp\/v2\/comments?post=11926"}],"wp:featuredmedia":[{"embeddable":true,"href":"https:\/\/www.bobooaza.pl\/index.php\/wp-json\/wp\/v2\/media\/11924"}],"wp:attachment":[{"href":"https:\/\/www.bobooaza.pl\/index.php\/wp-json\/wp\/v2\/media?parent=11926"}],"wp:term":[{"taxonomy":"product_brand","embeddable":true,"href":"https:\/\/www.bobooaza.pl\/index.php\/wp-json\/wp\/v2\/product_brand?post=11926"},{"taxonomy":"product_cat","embeddable":true,"href":"https:\/\/www.bobooaza.pl\/index.php\/wp-json\/wp\/v2\/product_cat?post=11926"},{"taxonomy":"product_tag","embeddable":true,"href":"https:\/\/www.bobooaza.pl\/index.php\/wp-json\/wp\/v2\/product_tag?post=11926"}],"curies":[{"name":"wp","href":"https:\/\/api.w.org\/{rel}","templated":true}]}}