{"id":12099,"date":"2026-01-11T21:52:31","date_gmt":"2026-01-11T20:52:31","guid":{"rendered":"https:\/\/bobooaza.pl\/index.php\/produkt\/innogio-gio-371-giowarm-smart-cyfrowy-podgrzewacz\/"},"modified":"2026-01-11T21:53:55","modified_gmt":"2026-01-11T20:53:55","slug":"innogio-gio-371-giowarm-smart-cyfrowy-podgrzewacz","status":"publish","type":"product","link":"https:\/\/www.bobooaza.pl\/index.php\/produkt\/innogio-gio-371-giowarm-smart-cyfrowy-podgrzewacz\/","title":{"rendered":"INNOGIO GIO-371 GIOwarm smart Cyfrowy podgrzewacz"},"content":{"rendered":"<p>INNOGIO GIO-371 GIOwarm Smart to cyfrowy podgrzewacz do butelek i sterylizator 2w1, kt\u00f3ry pozwala szybko podgrza\u0107 mleko, nap\u00f3j lub posi\u0142ek dla dziecka, a nast\u0119pnie bezpiecznie wysterylizowa\u0107 butelki. Urz\u0105dzenie dzia\u0142a w pi\u0119ciu trybach: szybkiego podgrzewania, utrzymywania ciep\u0142a, rozmra\u017cania, podgrzewania pokarmu oraz sterylizacji. Posiada nieprzywieraj\u0105c\u0105 p\u0142yt\u0119, pokryw\u0119 poprawiaj\u0105c\u0105 utrzymanie ciep\u0142a, szerok\u0105 podstaw\u0119 i stojak pasuj\u0105cy do wi\u0119kszo\u015bci butelek wiod\u0105cych marek. Wyposa\u017cony jest w cyfrowy, dotykowy panel sterowania, system chroni\u0105cy przed przegrzaniem, automatyczne wy\u0142\u0105czanie oraz sygna\u0142 d\u017awi\u0119kowy po zako\u0144czeniu pracy. Zakres temperatur wynosi 35\u2013100\u00b0C, czas pracy mo\u017cna regulowa\u0107 od 2 do 59 minut lub 1\u201324 godzin. Zasilanie AC 220\u2013240 V, 50\/60 Hz, moc 400 W, wymiary 28 x 11 x 11 cm, waga 0,5 kg.<\/p>\n","protected":false},"excerpt":{"rendered":"<p>INNOGIO GIO-371 GIOwarm Smart to cyfrowy podgrzewacz do butelek i sterylizator 2w1, kt\u00f3ry pozwala szybko podgrza\u0107 mleko, nap\u00f3j lub posi\u0142ek dla dziecka, a nast\u0119pnie bezpiecznie wysterylizowa\u0107 butelki. Urz\u0105dzenie dzia\u0142a w pi\u0119ciu trybach: szybkiego podgrzewania, utrzymywania ciep\u0142a, rozmra\u017cania, podgrzewania pokarmu oraz sterylizacji. Posiada nieprzywieraj\u0105c\u0105 p\u0142yt\u0119, pokryw\u0119 poprawiaj\u0105c\u0105 utrzymanie ciep\u0142a, szerok\u0105 podstaw\u0119 i stojak pasuj\u0105cy do wi\u0119kszo\u015bci [&hellip;]<\/p>\n","protected":false},"featured_media":12098,"comment_status":"open","ping_status":"closed","template":"","meta":[],"product_brand":[],"product_cat":[76,63,142],"product_tag":[],"class_list":{"0":"post-12099","1":"product","2":"type-product","3":"status-publish","4":"has-post-thumbnail","6":"product_cat-dziecko","7":"product_cat-karmienie","8":"product_cat-podgrzewacze-i-sterylizatory","10":"first","11":"instock","12":"taxable","13":"shipping-taxable","14":"purchasable","15":"product-type-simple"},"_links":{"self":[{"href":"https:\/\/www.bobooaza.pl\/index.php\/wp-json\/wp\/v2\/product\/12099","targetHints":{"allow":["GET"]}}],"collection":[{"href":"https:\/\/www.bobooaza.pl\/index.php\/wp-json\/wp\/v2\/product"}],"about":[{"href":"https:\/\/www.bobooaza.pl\/index.php\/wp-json\/wp\/v2\/types\/product"}],"replies":[{"embeddable":true,"href":"https:\/\/www.bobooaza.pl\/index.php\/wp-json\/wp\/v2\/comments?post=12099"}],"wp:featuredmedia":[{"embeddable":true,"href":"https:\/\/www.bobooaza.pl\/index.php\/wp-json\/wp\/v2\/media\/12098"}],"wp:attachment":[{"href":"https:\/\/www.bobooaza.pl\/index.php\/wp-json\/wp\/v2\/media?parent=12099"}],"wp:term":[{"taxonomy":"product_brand","embeddable":true,"href":"https:\/\/www.bobooaza.pl\/index.php\/wp-json\/wp\/v2\/product_brand?post=12099"},{"taxonomy":"product_cat","embeddable":true,"href":"https:\/\/www.bobooaza.pl\/index.php\/wp-json\/wp\/v2\/product_cat?post=12099"},{"taxonomy":"product_tag","embeddable":true,"href":"https:\/\/www.bobooaza.pl\/index.php\/wp-json\/wp\/v2\/product_tag?post=12099"}],"curies":[{"name":"wp","href":"https:\/\/api.w.org\/{rel}","templated":true}]}}