{"id":12101,"date":"2026-01-11T21:52:34","date_gmt":"2026-01-11T20:52:34","guid":{"rendered":"https:\/\/bobooaza.pl\/index.php\/produkt\/tommee-tippee-ttp42300051-podgrzewacz-podrozny\/"},"modified":"2026-01-28T10:19:46","modified_gmt":"2026-01-28T09:19:46","slug":"tommee-tippee-ttp42300051-podgrzewacz-podrozny","status":"publish","type":"product","link":"https:\/\/www.bobooaza.pl\/index.php\/produkt\/tommee-tippee-ttp42300051-podgrzewacz-podrozny\/","title":{"rendered":"TOMMEE TIPPEE TTP42300051 Podgrzewacz podr\u00f3\u017cny"},"content":{"rendered":"<p>TOMMEE TIPPEE TTP42300051 to podr\u00f3\u017cny podgrzewacz do butelek Closer to Nature, kt\u00f3ry pozwala podgrzewa\u0107 butelki i s\u0142oiczki z jedzeniem dla niemowl\u0105t poza domem. Urz\u0105dzenie dzia\u0142a bez u\u017cycia pr\u0105du \u2013 wystarczy nape\u0142ni\u0107 termos ze stali nierdzewnej wrz\u0105tkiem, a przed karmieniem wla\u0107 wod\u0119 do odwr\u00f3conej pokrywy, aby podgrza\u0107 pokarm. Podgrzewacz mie\u015bci butelki Closer to Nature, umo\u017cliwia sterylizacj\u0119 butelek, utrzymuje wysok\u0105 temperatur\u0119 wody i dzi\u0119ki kompaktowym rozmiarom jest wygodny w podr\u00f3\u017cy. Produkt jest wolny od BPA.<\/p>\n","protected":false},"excerpt":{"rendered":"<p>TOMMEE TIPPEE TTP42300051 to podr\u00f3\u017cny podgrzewacz do butelek Closer to Nature, kt\u00f3ry pozwala podgrzewa\u0107 butelki i s\u0142oiczki z jedzeniem dla niemowl\u0105t poza domem. Urz\u0105dzenie dzia\u0142a bez u\u017cycia pr\u0105du \u2013 wystarczy nape\u0142ni\u0107 termos ze stali nierdzewnej wrz\u0105tkiem, a przed karmieniem wla\u0107 wod\u0119 do odwr\u00f3conej pokrywy, aby podgrza\u0107 pokarm. Podgrzewacz mie\u015bci butelki Closer to Nature, umo\u017cliwia sterylizacj\u0119 [&hellip;]<\/p>\n","protected":false},"featured_media":12100,"comment_status":"open","ping_status":"closed","template":"","meta":[],"product_brand":[],"product_cat":[76,63,142],"product_tag":[],"class_list":{"0":"post-12101","1":"product","2":"type-product","3":"status-publish","4":"has-post-thumbnail","6":"product_cat-dziecko","7":"product_cat-karmienie","8":"product_cat-podgrzewacze-i-sterylizatory","10":"first","11":"outofstock","12":"taxable","13":"shipping-taxable","14":"purchasable","15":"product-type-simple"},"_links":{"self":[{"href":"https:\/\/www.bobooaza.pl\/index.php\/wp-json\/wp\/v2\/product\/12101","targetHints":{"allow":["GET"]}}],"collection":[{"href":"https:\/\/www.bobooaza.pl\/index.php\/wp-json\/wp\/v2\/product"}],"about":[{"href":"https:\/\/www.bobooaza.pl\/index.php\/wp-json\/wp\/v2\/types\/product"}],"replies":[{"embeddable":true,"href":"https:\/\/www.bobooaza.pl\/index.php\/wp-json\/wp\/v2\/comments?post=12101"}],"wp:featuredmedia":[{"embeddable":true,"href":"https:\/\/www.bobooaza.pl\/index.php\/wp-json\/wp\/v2\/media\/12100"}],"wp:attachment":[{"href":"https:\/\/www.bobooaza.pl\/index.php\/wp-json\/wp\/v2\/media?parent=12101"}],"wp:term":[{"taxonomy":"product_brand","embeddable":true,"href":"https:\/\/www.bobooaza.pl\/index.php\/wp-json\/wp\/v2\/product_brand?post=12101"},{"taxonomy":"product_cat","embeddable":true,"href":"https:\/\/www.bobooaza.pl\/index.php\/wp-json\/wp\/v2\/product_cat?post=12101"},{"taxonomy":"product_tag","embeddable":true,"href":"https:\/\/www.bobooaza.pl\/index.php\/wp-json\/wp\/v2\/product_tag?post=12101"}],"curies":[{"name":"wp","href":"https:\/\/api.w.org\/{rel}","templated":true}]}}