{"id":12115,"date":"2026-01-11T21:52:48","date_gmt":"2026-01-11T20:52:48","guid":{"rendered":"https:\/\/bobooaza.pl\/index.php\/produkt\/avent-scf359-00-podgrzewacz-do-butelek-i-sterylizator\/"},"modified":"2026-01-11T21:53:57","modified_gmt":"2026-01-11T20:53:57","slug":"avent-scf359-00-podgrzewacz-do-butelek-i-sterylizator","status":"publish","type":"product","link":"https:\/\/www.bobooaza.pl\/index.php\/produkt\/avent-scf359-00-podgrzewacz-do-butelek-i-sterylizator\/","title":{"rendered":"AVENT SCF359\/00 Podgrzewacz do butelek i sterylizator"},"content":{"rendered":"<p>AVENT SCF359\/00 to podgrzewacz do butelek i sterylizator 2w1. Urz\u0105dzenie umo\u017cliwia szybkie podgrzewanie butelek w k\u0105pieli wodnej w zaledwie 3 minuty, zachowuj\u0105c sk\u0142adniki od\u017cywcze mleka. Sterylizacja parowa eliminuje 99,9% bakterii w butelkach, smoczkach i ma\u0142ych zabawkach, bez u\u017cycia chemikali\u00f3w. Sta\u0142a cyrkulacja mleka zapewnia r\u00f3wnomierne podgrzewanie bez gor\u0105cych punkt\u00f3w. Inteligentny czujnik wykrywa pocz\u0105tkow\u0105 temperatur\u0119 mleka i automatycznie dopasowuje czas podgrzewania. Podgrzana butelka utrzymywana jest w odpowiedniej temperaturze do 60 minut. Urz\u0105dzenie jest proste w obs\u0142udze dzi\u0119ki jednemu przyciskowi do podgrzewania i sterylizacji oraz wizualnym i d\u017awi\u0119kowym powiadomieniom. Przezroczyste okienko pozwala kontrolowa\u0107 poziom wody przed ka\u017cdym cyklem. Konstrukcja jest kompaktowa i umo\u017cliwia jednoczesn\u0105 sterylizacj\u0119 butelek, smoczk\u00f3w i ma\u0142ych zabawek. Szeroka szyjka u\u0142atwia czyszczenie, a elementy sterylizacji mo\u017cna my\u0107 w zmywarce. Podgrzewacz jest kompatybilny z butelkami i s\u0142oikami r\u00f3\u017cnych marek oraz o r\u00f3\u017cnych rozmiarach. Materia\u0142 wykonania to plastik PP i ABS, pob\u00f3r mocy wynosi 400 W, napi\u0119cie 220\u2013240 V lub 120\u2013127 V, waga 1000 g, wymiary 260,4 x 150 x 210,5 mm, kraj pochodzenia Chiny. Zestaw zawiera podgrzewacz i sterylizator 2w1. Czas podgrzewania dotyczy 150 ml mleka o temperaturze pokojowej w butelce Avent Natural o pojemno\u015bci 266 ml.<\/p>\n","protected":false},"excerpt":{"rendered":"<p>AVENT SCF359\/00 to podgrzewacz do butelek i sterylizator 2w1. Urz\u0105dzenie umo\u017cliwia szybkie podgrzewanie butelek w k\u0105pieli wodnej w zaledwie 3 minuty, zachowuj\u0105c sk\u0142adniki od\u017cywcze mleka. Sterylizacja parowa eliminuje 99,9% bakterii w butelkach, smoczkach i ma\u0142ych zabawkach, bez u\u017cycia chemikali\u00f3w. Sta\u0142a cyrkulacja mleka zapewnia r\u00f3wnomierne podgrzewanie bez gor\u0105cych punkt\u00f3w. Inteligentny czujnik wykrywa pocz\u0105tkow\u0105 temperatur\u0119 mleka i [&hellip;]<\/p>\n","protected":false},"featured_media":12112,"comment_status":"open","ping_status":"closed","template":"","meta":[],"product_brand":[],"product_cat":[76,63,142],"product_tag":[],"class_list":{"0":"post-12115","1":"product","2":"type-product","3":"status-publish","4":"has-post-thumbnail","6":"product_cat-dziecko","7":"product_cat-karmienie","8":"product_cat-podgrzewacze-i-sterylizatory","10":"first","11":"instock","12":"taxable","13":"shipping-taxable","14":"purchasable","15":"product-type-simple"},"_links":{"self":[{"href":"https:\/\/www.bobooaza.pl\/index.php\/wp-json\/wp\/v2\/product\/12115","targetHints":{"allow":["GET"]}}],"collection":[{"href":"https:\/\/www.bobooaza.pl\/index.php\/wp-json\/wp\/v2\/product"}],"about":[{"href":"https:\/\/www.bobooaza.pl\/index.php\/wp-json\/wp\/v2\/types\/product"}],"replies":[{"embeddable":true,"href":"https:\/\/www.bobooaza.pl\/index.php\/wp-json\/wp\/v2\/comments?post=12115"}],"wp:featuredmedia":[{"embeddable":true,"href":"https:\/\/www.bobooaza.pl\/index.php\/wp-json\/wp\/v2\/media\/12112"}],"wp:attachment":[{"href":"https:\/\/www.bobooaza.pl\/index.php\/wp-json\/wp\/v2\/media?parent=12115"}],"wp:term":[{"taxonomy":"product_brand","embeddable":true,"href":"https:\/\/www.bobooaza.pl\/index.php\/wp-json\/wp\/v2\/product_brand?post=12115"},{"taxonomy":"product_cat","embeddable":true,"href":"https:\/\/www.bobooaza.pl\/index.php\/wp-json\/wp\/v2\/product_cat?post=12115"},{"taxonomy":"product_tag","embeddable":true,"href":"https:\/\/www.bobooaza.pl\/index.php\/wp-json\/wp\/v2\/product_tag?post=12115"}],"curies":[{"name":"wp","href":"https:\/\/api.w.org\/{rel}","templated":true}]}}