{"id":12121,"date":"2026-01-11T21:52:56","date_gmt":"2026-01-11T20:52:56","guid":{"rendered":"https:\/\/bobooaza.pl\/index.php\/produkt\/lovi-77-051-podgrzewacz-do-butelek-bialy\/"},"modified":"2026-01-11T21:53:58","modified_gmt":"2026-01-11T20:53:58","slug":"lovi-77-051-podgrzewacz-do-butelek-bialy","status":"publish","type":"product","link":"https:\/\/www.bobooaza.pl\/index.php\/produkt\/lovi-77-051-podgrzewacz-do-butelek-bialy\/","title":{"rendered":"LOVI 77\/051 Podgrzewacz do butelek bia\u0142y"},"content":{"rendered":"<p>LOVI 77\/051 Podgrzewacz do butelek to urz\u0105dzenie umo\u017cliwiaj\u0105ce szybkie i intuicyjne przygotowanie pokarmu w odpowiedniej temperaturze. Posiada trzy tryby pracy: tryb \u201ebutelka\u201d do rozmra\u017cania i utrzymania temperatury pokarmu do 10 godzin, tryb \u201ehot\u201d do szybkiego podgrzewania oraz wyparzania butelek i akcesori\u00f3w, oraz tryb \u201eobiadek\u201d pozwalaj\u0105cy utrzyma\u0107 wybran\u0105 temperatur\u0119 posi\u0142ku do 3 godzin. W zestawie znajduje si\u0119 podgrzewacz oraz miarka.<\/p>\n","protected":false},"excerpt":{"rendered":"<p>LOVI 77\/051 Podgrzewacz do butelek to urz\u0105dzenie umo\u017cliwiaj\u0105ce szybkie i intuicyjne przygotowanie pokarmu w odpowiedniej temperaturze. Posiada trzy tryby pracy: tryb \u201ebutelka\u201d do rozmra\u017cania i utrzymania temperatury pokarmu do 10 godzin, tryb \u201ehot\u201d do szybkiego podgrzewania oraz wyparzania butelek i akcesori\u00f3w, oraz tryb \u201eobiadek\u201d pozwalaj\u0105cy utrzyma\u0107 wybran\u0105 temperatur\u0119 posi\u0142ku do 3 godzin. W zestawie znajduje [&hellip;]<\/p>\n","protected":false},"featured_media":12120,"comment_status":"open","ping_status":"closed","template":"","meta":[],"product_brand":[],"product_cat":[76,63,142],"product_tag":[],"class_list":{"0":"post-12121","1":"product","2":"type-product","3":"status-publish","4":"has-post-thumbnail","6":"product_cat-dziecko","7":"product_cat-karmienie","8":"product_cat-podgrzewacze-i-sterylizatory","10":"first","11":"instock","12":"taxable","13":"shipping-taxable","14":"purchasable","15":"product-type-simple"},"_links":{"self":[{"href":"https:\/\/www.bobooaza.pl\/index.php\/wp-json\/wp\/v2\/product\/12121","targetHints":{"allow":["GET"]}}],"collection":[{"href":"https:\/\/www.bobooaza.pl\/index.php\/wp-json\/wp\/v2\/product"}],"about":[{"href":"https:\/\/www.bobooaza.pl\/index.php\/wp-json\/wp\/v2\/types\/product"}],"replies":[{"embeddable":true,"href":"https:\/\/www.bobooaza.pl\/index.php\/wp-json\/wp\/v2\/comments?post=12121"}],"wp:featuredmedia":[{"embeddable":true,"href":"https:\/\/www.bobooaza.pl\/index.php\/wp-json\/wp\/v2\/media\/12120"}],"wp:attachment":[{"href":"https:\/\/www.bobooaza.pl\/index.php\/wp-json\/wp\/v2\/media?parent=12121"}],"wp:term":[{"taxonomy":"product_brand","embeddable":true,"href":"https:\/\/www.bobooaza.pl\/index.php\/wp-json\/wp\/v2\/product_brand?post=12121"},{"taxonomy":"product_cat","embeddable":true,"href":"https:\/\/www.bobooaza.pl\/index.php\/wp-json\/wp\/v2\/product_cat?post=12121"},{"taxonomy":"product_tag","embeddable":true,"href":"https:\/\/www.bobooaza.pl\/index.php\/wp-json\/wp\/v2\/product_tag?post=12121"}],"curies":[{"name":"wp","href":"https:\/\/api.w.org\/{rel}","templated":true}]}}