{"id":12123,"date":"2026-01-11T21:53:00","date_gmt":"2026-01-11T20:53:00","guid":{"rendered":"https:\/\/bobooaza.pl\/index.php\/produkt\/avent-scf358-00-podgrzewacz-do-butelek\/"},"modified":"2026-01-19T20:21:32","modified_gmt":"2026-01-19T19:21:32","slug":"avent-scf358-00-podgrzewacz-do-butelek","status":"publish","type":"product","link":"https:\/\/www.bobooaza.pl\/index.php\/produkt\/avent-scf358-00-podgrzewacz-do-butelek\/","title":{"rendered":"AVENT SCF358\/00 Podgrzewacz do butelek"},"content":{"rendered":"<p>AVENT SCF358\/00 Podgrzewacz do butelek to urz\u0105dzenie umo\u017cliwiaj\u0105ce szybkie, bezpieczne i r\u00f3wnomierne podgrzewanie mleka oraz jedzenia dla dzieci. Dzi\u0119ki inteligentnej regulacji temperatury dostosowuje spos\u00f3b i czas podgrzewania, zapobiegaj\u0105c przegrzaniu. Pokarm jest gotowy w oko\u0142o 3 minuty, a urz\u0105dzenie utrzymuje idealn\u0105 temperatur\u0119 do 60 minut.<\/p>\n<p>Podgrzewacz umo\u017cliwia tak\u017ce szybkie rozmra\u017canie zamro\u017conych pojemnik\u00f3w z mlekiem lub jedzeniem, a jego konstrukcja pasuje do wi\u0119kszo\u015bci butelek i s\u0142oiczk\u00f3w dla dzieci, w tym produkt\u00f3w Philips Avent. Urz\u0105dzenie jest \u0142atwe do czyszczenia i przydatne zar\u00f3wno przy podgrzewaniu mleka, jak i jedzenia sta\u0142ego.<\/p>\n","protected":false},"excerpt":{"rendered":"<p>AVENT SCF358\/00 Podgrzewacz do butelek to urz\u0105dzenie umo\u017cliwiaj\u0105ce szybkie, bezpieczne i r\u00f3wnomierne podgrzewanie mleka oraz jedzenia dla dzieci. Dzi\u0119ki inteligentnej regulacji temperatury dostosowuje spos\u00f3b i czas podgrzewania, zapobiegaj\u0105c przegrzaniu. Pokarm jest gotowy w oko\u0142o 3 minuty, a urz\u0105dzenie utrzymuje idealn\u0105 temperatur\u0119 do 60 minut. Podgrzewacz umo\u017cliwia tak\u017ce szybkie rozmra\u017canie zamro\u017conych pojemnik\u00f3w z mlekiem lub jedzeniem, [&hellip;]<\/p>\n","protected":false},"featured_media":12122,"comment_status":"open","ping_status":"closed","template":"","meta":[],"product_brand":[],"product_cat":[76,63,142],"product_tag":[],"class_list":{"0":"post-12123","1":"product","2":"type-product","3":"status-publish","4":"has-post-thumbnail","6":"product_cat-dziecko","7":"product_cat-karmienie","8":"product_cat-podgrzewacze-i-sterylizatory","10":"first","11":"instock","12":"taxable","13":"shipping-taxable","14":"purchasable","15":"product-type-simple"},"_links":{"self":[{"href":"https:\/\/www.bobooaza.pl\/index.php\/wp-json\/wp\/v2\/product\/12123","targetHints":{"allow":["GET"]}}],"collection":[{"href":"https:\/\/www.bobooaza.pl\/index.php\/wp-json\/wp\/v2\/product"}],"about":[{"href":"https:\/\/www.bobooaza.pl\/index.php\/wp-json\/wp\/v2\/types\/product"}],"replies":[{"embeddable":true,"href":"https:\/\/www.bobooaza.pl\/index.php\/wp-json\/wp\/v2\/comments?post=12123"}],"wp:featuredmedia":[{"embeddable":true,"href":"https:\/\/www.bobooaza.pl\/index.php\/wp-json\/wp\/v2\/media\/12122"}],"wp:attachment":[{"href":"https:\/\/www.bobooaza.pl\/index.php\/wp-json\/wp\/v2\/media?parent=12123"}],"wp:term":[{"taxonomy":"product_brand","embeddable":true,"href":"https:\/\/www.bobooaza.pl\/index.php\/wp-json\/wp\/v2\/product_brand?post=12123"},{"taxonomy":"product_cat","embeddable":true,"href":"https:\/\/www.bobooaza.pl\/index.php\/wp-json\/wp\/v2\/product_cat?post=12123"},{"taxonomy":"product_tag","embeddable":true,"href":"https:\/\/www.bobooaza.pl\/index.php\/wp-json\/wp\/v2\/product_tag?post=12123"}],"curies":[{"name":"wp","href":"https:\/\/api.w.org\/{rel}","templated":true}]}}