{"id":12159,"date":"2026-01-11T22:23:00","date_gmt":"2026-01-11T21:23:00","guid":{"rendered":"https:\/\/bobooaza.pl\/index.php\/produkt\/akuku-a0518-sliniak-z-rekawkiem-misio\/"},"modified":"2026-01-19T21:55:31","modified_gmt":"2026-01-19T20:55:31","slug":"akuku-a0518-sliniak-z-rekawkiem-misio","status":"publish","type":"product","link":"https:\/\/www.bobooaza.pl\/index.php\/produkt\/akuku-a0518-sliniak-z-rekawkiem-misio\/","title":{"rendered":"AKUKU A0518 \u015aliniak z r\u0119kawkiem MISIO"},"content":{"rendered":"<p>AKUKU A0518 to dzieci\u0119cy \u015bliniak z r\u0119kawkami, kt\u00f3ry skutecznie chroni ubranka przed zabrudzeniem podczas jedzenia i zabawy. Wykonany jest z lekkiego, mi\u0119kkiego i \u0142atwo zmywalnego tworzywa EVA. Posiada du\u017c\u0105 kiesze\u0144 zatrzymuj\u0105c\u0105 resztki pokarmu oraz wygodne zapi\u0119cie na rzep. \u015aliniaczek \u0142atwo utrzyma\u0107 w czysto\u015bci \u2013 wystarczy umy\u0107 go w ciep\u0142ej wodzie z myd\u0142em dla dzieci. Wymiary: 33 cm szeroko\u015bci i 35 cm d\u0142ugo\u015bci od szyi. Sk\u0142ad: 100% EVA.<\/p>\n","protected":false},"excerpt":{"rendered":"<p>AKUKU A0518 to dzieci\u0119cy \u015bliniak z r\u0119kawkami, kt\u00f3ry skutecznie chroni ubranka przed zabrudzeniem podczas jedzenia i zabawy. Wykonany jest z lekkiego, mi\u0119kkiego i \u0142atwo zmywalnego tworzywa EVA. Posiada du\u017c\u0105 kiesze\u0144 zatrzymuj\u0105c\u0105 resztki pokarmu oraz wygodne zapi\u0119cie na rzep. \u015aliniaczek \u0142atwo utrzyma\u0107 w czysto\u015bci \u2013 wystarczy umy\u0107 go w ciep\u0142ej wodzie z myd\u0142em dla dzieci. Wymiary: [&hellip;]<\/p>\n","protected":false},"featured_media":12158,"comment_status":"open","ping_status":"closed","template":"","meta":[],"product_brand":[],"product_cat":[76,63,112,114],"product_tag":[],"class_list":{"0":"post-12159","1":"product","2":"type-product","3":"status-publish","4":"has-post-thumbnail","6":"product_cat-dziecko","7":"product_cat-karmienie","8":"product_cat-sliniaki","9":"product_cat-sliniaki-z-rekawkami","11":"first","12":"instock","13":"taxable","14":"shipping-taxable","15":"purchasable","16":"product-type-simple"},"_links":{"self":[{"href":"https:\/\/www.bobooaza.pl\/index.php\/wp-json\/wp\/v2\/product\/12159","targetHints":{"allow":["GET"]}}],"collection":[{"href":"https:\/\/www.bobooaza.pl\/index.php\/wp-json\/wp\/v2\/product"}],"about":[{"href":"https:\/\/www.bobooaza.pl\/index.php\/wp-json\/wp\/v2\/types\/product"}],"replies":[{"embeddable":true,"href":"https:\/\/www.bobooaza.pl\/index.php\/wp-json\/wp\/v2\/comments?post=12159"}],"wp:featuredmedia":[{"embeddable":true,"href":"https:\/\/www.bobooaza.pl\/index.php\/wp-json\/wp\/v2\/media\/12158"}],"wp:attachment":[{"href":"https:\/\/www.bobooaza.pl\/index.php\/wp-json\/wp\/v2\/media?parent=12159"}],"wp:term":[{"taxonomy":"product_brand","embeddable":true,"href":"https:\/\/www.bobooaza.pl\/index.php\/wp-json\/wp\/v2\/product_brand?post=12159"},{"taxonomy":"product_cat","embeddable":true,"href":"https:\/\/www.bobooaza.pl\/index.php\/wp-json\/wp\/v2\/product_cat?post=12159"},{"taxonomy":"product_tag","embeddable":true,"href":"https:\/\/www.bobooaza.pl\/index.php\/wp-json\/wp\/v2\/product_tag?post=12159"}],"curies":[{"name":"wp","href":"https:\/\/api.w.org\/{rel}","templated":true}]}}