{"id":12231,"date":"2026-01-18T10:42:43","date_gmt":"2026-01-18T09:42:43","guid":{"rendered":"https:\/\/www.bobooaza.pl\/index.php\/produkt\/b-o-878-sliniaki-jednorazowe\/"},"modified":"2026-01-18T10:44:11","modified_gmt":"2026-01-18T09:44:11","slug":"b-o-878-sliniaki-jednorazowe","status":"publish","type":"product","link":"https:\/\/www.bobooaza.pl\/index.php\/produkt\/b-o-878-sliniaki-jednorazowe\/","title":{"rendered":"B.O.878 \u015aliniaki jednorazowe"},"content":{"rendered":"<p>B.O.878 to jednorazowe \u015bliniaki, kt\u00f3re umo\u017cliwiaj\u0105 karmienie dziecka bez zabrudze\u0144, zar\u00f3wno w domu, jak i w podr\u00f3\u017cy. Wykonane z mi\u0119kkiego i wytrzyma\u0142ego materia\u0142u, posiadaj\u0105 nieprzemakaln\u0105 pow\u0142ok\u0119 chroni\u0105c\u0105 ubranka dziecka przed zaplamieniem oraz praktyczn\u0105 kieszonk\u0119, w kt\u00f3rej gromadz\u0105 si\u0119 okruchy i resztki jedzenia.<\/p>\n<p>\u015aliniaki s\u0105 wygodne w u\u017cyciu \u2013 po posi\u0142ku wystarczy je wyrzuci\u0107, co eliminuje konieczno\u015b\u0107 prania i pozwala zachowa\u0107 porz\u0105dek. Proste zapinanie z ty\u0142u i perforacja u\u0142atwiaj\u0105 przygotowanie dziecka do jedzenia w kilka sekund. Kompaktowe opakowanie sprawia, \u017ce \u015bliniaki mo\u017cna mie\u0107 zawsze pod r\u0119k\u0105, niezale\u017cnie od miejsca.<\/p>\n<p>Produkt ma wymiary 15&#215;20 cm, a w opakowaniu znajduje si\u0119 10 sztuk, co czyni go praktycznym rozwi\u0105zaniem do codziennego u\u017cytku i w podr\u00f3\u017cy.<\/p>\n","protected":false},"excerpt":{"rendered":"<p>B.O.878 to jednorazowe \u015bliniaki, kt\u00f3re umo\u017cliwiaj\u0105 karmienie dziecka bez zabrudze\u0144, zar\u00f3wno w domu, jak i w podr\u00f3\u017cy. Wykonane z mi\u0119kkiego i wytrzyma\u0142ego materia\u0142u, posiadaj\u0105 nieprzemakaln\u0105 pow\u0142ok\u0119 chroni\u0105c\u0105 ubranka dziecka przed zaplamieniem oraz praktyczn\u0105 kieszonk\u0119, w kt\u00f3rej gromadz\u0105 si\u0119 okruchy i resztki jedzenia. \u015aliniaki s\u0105 wygodne w u\u017cyciu \u2013 po posi\u0142ku wystarczy je wyrzuci\u0107, co eliminuje [&hellip;]<\/p>\n","protected":false},"featured_media":12225,"comment_status":"open","ping_status":"closed","template":"","meta":[],"product_brand":[],"product_cat":[76,63,112],"product_tag":[],"class_list":{"0":"post-12231","1":"product","2":"type-product","3":"status-publish","4":"has-post-thumbnail","6":"product_cat-dziecko","7":"product_cat-karmienie","8":"product_cat-sliniaki","10":"first","11":"instock","12":"taxable","13":"shipping-taxable","14":"purchasable","15":"product-type-simple"},"_links":{"self":[{"href":"https:\/\/www.bobooaza.pl\/index.php\/wp-json\/wp\/v2\/product\/12231","targetHints":{"allow":["GET"]}}],"collection":[{"href":"https:\/\/www.bobooaza.pl\/index.php\/wp-json\/wp\/v2\/product"}],"about":[{"href":"https:\/\/www.bobooaza.pl\/index.php\/wp-json\/wp\/v2\/types\/product"}],"replies":[{"embeddable":true,"href":"https:\/\/www.bobooaza.pl\/index.php\/wp-json\/wp\/v2\/comments?post=12231"}],"wp:featuredmedia":[{"embeddable":true,"href":"https:\/\/www.bobooaza.pl\/index.php\/wp-json\/wp\/v2\/media\/12225"}],"wp:attachment":[{"href":"https:\/\/www.bobooaza.pl\/index.php\/wp-json\/wp\/v2\/media?parent=12231"}],"wp:term":[{"taxonomy":"product_brand","embeddable":true,"href":"https:\/\/www.bobooaza.pl\/index.php\/wp-json\/wp\/v2\/product_brand?post=12231"},{"taxonomy":"product_cat","embeddable":true,"href":"https:\/\/www.bobooaza.pl\/index.php\/wp-json\/wp\/v2\/product_cat?post=12231"},{"taxonomy":"product_tag","embeddable":true,"href":"https:\/\/www.bobooaza.pl\/index.php\/wp-json\/wp\/v2\/product_tag?post=12231"}],"curies":[{"name":"wp","href":"https:\/\/api.w.org\/{rel}","templated":true}]}}