{"id":12240,"date":"2026-01-18T10:56:26","date_gmt":"2026-01-18T09:56:26","guid":{"rendered":"https:\/\/www.bobooaza.pl\/index.php\/produkt\/lovi-51-031-sliniak-silikonowy-roz\/"},"modified":"2026-01-19T21:55:35","modified_gmt":"2026-01-19T20:55:35","slug":"lovi-51-031-sliniak-silikonowy-roz","status":"publish","type":"product","link":"https:\/\/www.bobooaza.pl\/index.php\/produkt\/lovi-51-031-sliniak-silikonowy-roz\/","title":{"rendered":"LOVI 51\/031 \u015aliniak silikonowy r\u00f3\u017c"},"content":{"rendered":"<p>LOVI 51\/031 to r\u00f3\u017cowy silikonowy \u015bliniak z kieszonk\u0105, kt\u00f3ry chroni ubranko dziecka podczas nauki samodzielnego jedzenia. Wykonany z lekkiego i mi\u0119kkiego silikonu, zapewnia bezpiecze\u0144stwo i wygod\u0119 malucha. Twarda, g\u0142\u0119boka kiesze\u0144 skutecznie zatrzymuje resztki jedzenia, a wyprofilowane boki oraz ergonomiczny kszta\u0142t \u015bliniaka gwarantuj\u0105 swobod\u0119 ruch\u00f3w.<\/p>\n<p>Regulowane zapi\u0119cie umo\u017cliwia \u0142atwe zak\u0142adanie i zdejmowanie, nawet jedn\u0105 r\u0119k\u0105, a elastyczny materia\u0142 pozwala zwin\u0105\u0107 \u015bliniak, co u\u0142atwia jego przenoszenie. Produkt jest prosty w czyszczeniu, nadaje si\u0119 do mycia r\u0119cznego i w zmywarce, \u0142\u0105cz\u0105c praktyczno\u015b\u0107 z nowoczesnym designem, idealnym do domu i w podr\u00f3\u017cy.<\/p>\n","protected":false},"excerpt":{"rendered":"<p>LOVI 51\/031 to r\u00f3\u017cowy silikonowy \u015bliniak z kieszonk\u0105, kt\u00f3ry chroni ubranko dziecka podczas nauki samodzielnego jedzenia. Wykonany z lekkiego i mi\u0119kkiego silikonu, zapewnia bezpiecze\u0144stwo i wygod\u0119 malucha. Twarda, g\u0142\u0119boka kiesze\u0144 skutecznie zatrzymuje resztki jedzenia, a wyprofilowane boki oraz ergonomiczny kszta\u0142t \u015bliniaka gwarantuj\u0105 swobod\u0119 ruch\u00f3w. Regulowane zapi\u0119cie umo\u017cliwia \u0142atwe zak\u0142adanie i zdejmowanie, nawet jedn\u0105 r\u0119k\u0105, a [&hellip;]<\/p>\n","protected":false},"featured_media":12239,"comment_status":"open","ping_status":"closed","template":"","meta":[],"product_brand":[],"product_cat":[76,63,112,115],"product_tag":[],"class_list":{"0":"post-12240","1":"product","2":"type-product","3":"status-publish","4":"has-post-thumbnail","6":"product_cat-dziecko","7":"product_cat-karmienie","8":"product_cat-sliniaki","9":"product_cat-sliniaki-silikonowe","11":"first","12":"instock","13":"taxable","14":"shipping-taxable","15":"purchasable","16":"product-type-simple"},"_links":{"self":[{"href":"https:\/\/www.bobooaza.pl\/index.php\/wp-json\/wp\/v2\/product\/12240","targetHints":{"allow":["GET"]}}],"collection":[{"href":"https:\/\/www.bobooaza.pl\/index.php\/wp-json\/wp\/v2\/product"}],"about":[{"href":"https:\/\/www.bobooaza.pl\/index.php\/wp-json\/wp\/v2\/types\/product"}],"replies":[{"embeddable":true,"href":"https:\/\/www.bobooaza.pl\/index.php\/wp-json\/wp\/v2\/comments?post=12240"}],"wp:featuredmedia":[{"embeddable":true,"href":"https:\/\/www.bobooaza.pl\/index.php\/wp-json\/wp\/v2\/media\/12239"}],"wp:attachment":[{"href":"https:\/\/www.bobooaza.pl\/index.php\/wp-json\/wp\/v2\/media?parent=12240"}],"wp:term":[{"taxonomy":"product_brand","embeddable":true,"href":"https:\/\/www.bobooaza.pl\/index.php\/wp-json\/wp\/v2\/product_brand?post=12240"},{"taxonomy":"product_cat","embeddable":true,"href":"https:\/\/www.bobooaza.pl\/index.php\/wp-json\/wp\/v2\/product_cat?post=12240"},{"taxonomy":"product_tag","embeddable":true,"href":"https:\/\/www.bobooaza.pl\/index.php\/wp-json\/wp\/v2\/product_tag?post=12240"}],"curies":[{"name":"wp","href":"https:\/\/api.w.org\/{rel}","templated":true}]}}