{"id":12263,"date":"2026-01-18T11:01:29","date_gmt":"2026-01-18T10:01:29","guid":{"rendered":"https:\/\/www.bobooaza.pl\/index.php\/produkt\/canpol-74-027-sliniak-silikonowy-z-kieszonka-bonjour-paris-granatowy\/"},"modified":"2026-01-18T11:03:00","modified_gmt":"2026-01-18T10:03:00","slug":"canpol-74-027-sliniak-silikonowy-z-kieszonka-bonjour-paris-granatowy","status":"publish","type":"product","link":"https:\/\/www.bobooaza.pl\/index.php\/produkt\/canpol-74-027-sliniak-silikonowy-z-kieszonka-bonjour-paris-granatowy\/","title":{"rendered":"CANPOL 74\/027 \u015aliniak silikonowy z kieszonk\u0105 Bonjour Paris granatowy"},"content":{"rendered":"<p>CANPOL 74\/027 to granatowy silikonowy \u015bliniak z kieszonk\u0105 z kolekcji Bonjour Paris, kt\u00f3ry chroni ubranko dziecka podczas nauki samodzielnego jedzenia. Wykonany w 100% z mi\u0119kkiego, elastycznego i bezpiecznego silikonu, jest wodoodporny, przyjemny w dotyku i \u0142atwy w utrzymaniu czysto\u015bci. G\u0142\u0119boka kieszonka skutecznie zatrzymuje okruchy i resztki jedzenia, a regulowane zapi\u0119cie umo\u017cliwia dopasowanie \u015bliniaka do szyi dziecka.<\/p>\n<p>\u015aliniak jest praktyczny w domu i podr\u00f3\u017cy, mo\u017cna go my\u0107 r\u0119cznie lub w zmywarce, a dzi\u0119ki elastycznemu materia\u0142owi \u0142atwo go przechowywa\u0107. Produkt nie zawiera BPA, PVC ani ftalan\u00f3w, zapewniaj\u0105c pe\u0142ne bezpiecze\u0144stwo malucha. Zalecany dla dzieci od 6. miesi\u0105ca \u017cycia.<\/p>\n","protected":false},"excerpt":{"rendered":"<p>CANPOL 74\/027 to granatowy silikonowy \u015bliniak z kieszonk\u0105 z kolekcji Bonjour Paris, kt\u00f3ry chroni ubranko dziecka podczas nauki samodzielnego jedzenia. Wykonany w 100% z mi\u0119kkiego, elastycznego i bezpiecznego silikonu, jest wodoodporny, przyjemny w dotyku i \u0142atwy w utrzymaniu czysto\u015bci. G\u0142\u0119boka kieszonka skutecznie zatrzymuje okruchy i resztki jedzenia, a regulowane zapi\u0119cie umo\u017cliwia dopasowanie \u015bliniaka do szyi [&hellip;]<\/p>\n","protected":false},"featured_media":12262,"comment_status":"open","ping_status":"closed","template":"","meta":[],"product_brand":[],"product_cat":[76,63,112,115],"product_tag":[],"class_list":{"0":"post-12263","1":"product","2":"type-product","3":"status-publish","4":"has-post-thumbnail","6":"product_cat-dziecko","7":"product_cat-karmienie","8":"product_cat-sliniaki","9":"product_cat-sliniaki-silikonowe","11":"first","12":"instock","13":"taxable","14":"shipping-taxable","15":"purchasable","16":"product-type-simple"},"_links":{"self":[{"href":"https:\/\/www.bobooaza.pl\/index.php\/wp-json\/wp\/v2\/product\/12263","targetHints":{"allow":["GET"]}}],"collection":[{"href":"https:\/\/www.bobooaza.pl\/index.php\/wp-json\/wp\/v2\/product"}],"about":[{"href":"https:\/\/www.bobooaza.pl\/index.php\/wp-json\/wp\/v2\/types\/product"}],"replies":[{"embeddable":true,"href":"https:\/\/www.bobooaza.pl\/index.php\/wp-json\/wp\/v2\/comments?post=12263"}],"wp:featuredmedia":[{"embeddable":true,"href":"https:\/\/www.bobooaza.pl\/index.php\/wp-json\/wp\/v2\/media\/12262"}],"wp:attachment":[{"href":"https:\/\/www.bobooaza.pl\/index.php\/wp-json\/wp\/v2\/media?parent=12263"}],"wp:term":[{"taxonomy":"product_brand","embeddable":true,"href":"https:\/\/www.bobooaza.pl\/index.php\/wp-json\/wp\/v2\/product_brand?post=12263"},{"taxonomy":"product_cat","embeddable":true,"href":"https:\/\/www.bobooaza.pl\/index.php\/wp-json\/wp\/v2\/product_cat?post=12263"},{"taxonomy":"product_tag","embeddable":true,"href":"https:\/\/www.bobooaza.pl\/index.php\/wp-json\/wp\/v2\/product_tag?post=12263"}],"curies":[{"name":"wp","href":"https:\/\/api.w.org\/{rel}","templated":true}]}}