{"id":12303,"date":"2026-01-18T12:59:21","date_gmt":"2026-01-18T11:59:21","guid":{"rendered":"https:\/\/www.bobooaza.pl\/index.php\/produkt\/lansinoh-butelka-160-ml-smoczek-naturalwave\/"},"modified":"2026-01-19T21:55:40","modified_gmt":"2026-01-19T20:55:40","slug":"lansinoh-butelka-160-ml-smoczek-naturalwave","status":"publish","type":"product","link":"https:\/\/www.bobooaza.pl\/index.php\/produkt\/lansinoh-butelka-160-ml-smoczek-naturalwave\/","title":{"rendered":"LANSINOH Butelka 160 ml + smoczek NaturalWave"},"content":{"rendered":"<p>LANSINOH Butelka 160 ml z smoczkiem NaturalWave to zestaw przeznaczony do karmienia niemowl\u0105t, zaprojektowany tak, aby wspiera\u0107 naturalny rytm ssania dziecka. Smoczek NaturalWave imituje naturalny kszta\u0142t piersi i pozwala maluszkowi przechodzi\u0107 mi\u0119dzy karmieniem piersi\u0105 a butelk\u0105 bez zaburze\u0144 przyjmowania pokarmu. Butelka ma pojemno\u015b\u0107 160 ml i jest wykonana z bezpiecznych materia\u0142\u00f3w, \u0142atwych do mycia i sterylizacji. Produkt wspomaga komfortowe i bezpieczne karmienie niemowl\u0119cia.<\/p>\n","protected":false},"excerpt":{"rendered":"<p>LANSINOH Butelka 160 ml z smoczkiem NaturalWave to zestaw przeznaczony do karmienia niemowl\u0105t, zaprojektowany tak, aby wspiera\u0107 naturalny rytm ssania dziecka. Smoczek NaturalWave imituje naturalny kszta\u0142t piersi i pozwala maluszkowi przechodzi\u0107 mi\u0119dzy karmieniem piersi\u0105 a butelk\u0105 bez zaburze\u0144 przyjmowania pokarmu. Butelka ma pojemno\u015b\u0107 160 ml i jest wykonana z bezpiecznych materia\u0142\u00f3w, \u0142atwych do mycia i [&hellip;]<\/p>\n","protected":false},"featured_media":12302,"comment_status":"open","ping_status":"closed","template":"","meta":[],"product_brand":[],"product_cat":[64,76,63],"product_tag":[],"class_list":{"0":"post-12303","1":"product","2":"type-product","3":"status-publish","4":"has-post-thumbnail","6":"product_cat-butelki-i-akcesoria","7":"product_cat-dziecko","8":"product_cat-karmienie","10":"first","11":"instock","12":"taxable","13":"shipping-taxable","14":"purchasable","15":"product-type-simple"},"_links":{"self":[{"href":"https:\/\/www.bobooaza.pl\/index.php\/wp-json\/wp\/v2\/product\/12303","targetHints":{"allow":["GET"]}}],"collection":[{"href":"https:\/\/www.bobooaza.pl\/index.php\/wp-json\/wp\/v2\/product"}],"about":[{"href":"https:\/\/www.bobooaza.pl\/index.php\/wp-json\/wp\/v2\/types\/product"}],"replies":[{"embeddable":true,"href":"https:\/\/www.bobooaza.pl\/index.php\/wp-json\/wp\/v2\/comments?post=12303"}],"wp:featuredmedia":[{"embeddable":true,"href":"https:\/\/www.bobooaza.pl\/index.php\/wp-json\/wp\/v2\/media\/12302"}],"wp:attachment":[{"href":"https:\/\/www.bobooaza.pl\/index.php\/wp-json\/wp\/v2\/media?parent=12303"}],"wp:term":[{"taxonomy":"product_brand","embeddable":true,"href":"https:\/\/www.bobooaza.pl\/index.php\/wp-json\/wp\/v2\/product_brand?post=12303"},{"taxonomy":"product_cat","embeddable":true,"href":"https:\/\/www.bobooaza.pl\/index.php\/wp-json\/wp\/v2\/product_cat?post=12303"},{"taxonomy":"product_tag","embeddable":true,"href":"https:\/\/www.bobooaza.pl\/index.php\/wp-json\/wp\/v2\/product_tag?post=12303"}],"curies":[{"name":"wp","href":"https:\/\/api.w.org\/{rel}","templated":true}]}}