{"id":12327,"date":"2026-01-18T12:59:34","date_gmt":"2026-01-18T11:59:34","guid":{"rendered":"https:\/\/www.bobooaza.pl\/index.php\/produkt\/avent-scy906-01-butelka-responsywna-natural-330-ml\/"},"modified":"2026-01-18T13:02:24","modified_gmt":"2026-01-18T12:02:24","slug":"avent-scy906-01-butelka-responsywna-natural-330-ml","status":"publish","type":"product","link":"https:\/\/www.bobooaza.pl\/index.php\/produkt\/avent-scy906-01-butelka-responsywna-natural-330-ml\/","title":{"rendered":"AVENT SCY906\/01 Butelka Responsywna Natural 330 ml"},"content":{"rendered":"<p>AVENT SCY906\/01 Butelka Responsywna Natural 330 ml wspiera naturalny rytm ssania niemowl\u0119cia, umo\u017cliwiaj\u0105c karmienie w spos\u00f3b zbli\u017cony do piersi matki. Smoczek Natural Response wypuszcza mleko tylko podczas aktywnego ssania dziecka, co zapewnia naturalne picie, u\u0142atwia \u0142\u0105czenie karmienia piersi\u0105 i butelk\u0105 oraz chroni przed rozlewaniem pokarmu. Nak\u0142adka antykolkowa ogranicza po\u0142ykanie powietrza i zmniejsza ryzyko kolki, a ergonomiczny kszta\u0142t butelki u\u0142atwia trzymanie nawet przez ma\u0142e r\u0105czki. Produkt jest prosty w myciu i sk\u0142adaniu, wykonany z materia\u0142\u00f3w wolnych od bisfenolu A. Zestaw zawiera butelk\u0119 o pojemno\u015bci 330 ml.<\/p>\n","protected":false},"excerpt":{"rendered":"<p>AVENT SCY906\/01 Butelka Responsywna Natural 330 ml wspiera naturalny rytm ssania niemowl\u0119cia, umo\u017cliwiaj\u0105c karmienie w spos\u00f3b zbli\u017cony do piersi matki. Smoczek Natural Response wypuszcza mleko tylko podczas aktywnego ssania dziecka, co zapewnia naturalne picie, u\u0142atwia \u0142\u0105czenie karmienia piersi\u0105 i butelk\u0105 oraz chroni przed rozlewaniem pokarmu. Nak\u0142adka antykolkowa ogranicza po\u0142ykanie powietrza i zmniejsza ryzyko kolki, a [&hellip;]<\/p>\n","protected":false},"featured_media":12326,"comment_status":"open","ping_status":"closed","template":"","meta":[],"product_brand":[],"product_cat":[64,76,63],"product_tag":[],"class_list":{"0":"post-12327","1":"product","2":"type-product","3":"status-publish","4":"has-post-thumbnail","6":"product_cat-butelki-i-akcesoria","7":"product_cat-dziecko","8":"product_cat-karmienie","10":"first","11":"instock","12":"taxable","13":"shipping-taxable","14":"purchasable","15":"product-type-simple"},"_links":{"self":[{"href":"https:\/\/www.bobooaza.pl\/index.php\/wp-json\/wp\/v2\/product\/12327","targetHints":{"allow":["GET"]}}],"collection":[{"href":"https:\/\/www.bobooaza.pl\/index.php\/wp-json\/wp\/v2\/product"}],"about":[{"href":"https:\/\/www.bobooaza.pl\/index.php\/wp-json\/wp\/v2\/types\/product"}],"replies":[{"embeddable":true,"href":"https:\/\/www.bobooaza.pl\/index.php\/wp-json\/wp\/v2\/comments?post=12327"}],"wp:featuredmedia":[{"embeddable":true,"href":"https:\/\/www.bobooaza.pl\/index.php\/wp-json\/wp\/v2\/media\/12326"}],"wp:attachment":[{"href":"https:\/\/www.bobooaza.pl\/index.php\/wp-json\/wp\/v2\/media?parent=12327"}],"wp:term":[{"taxonomy":"product_brand","embeddable":true,"href":"https:\/\/www.bobooaza.pl\/index.php\/wp-json\/wp\/v2\/product_brand?post=12327"},{"taxonomy":"product_cat","embeddable":true,"href":"https:\/\/www.bobooaza.pl\/index.php\/wp-json\/wp\/v2\/product_cat?post=12327"},{"taxonomy":"product_tag","embeddable":true,"href":"https:\/\/www.bobooaza.pl\/index.php\/wp-json\/wp\/v2\/product_tag?post=12327"}],"curies":[{"name":"wp","href":"https:\/\/api.w.org\/{rel}","templated":true}]}}