{"id":12363,"date":"2026-01-18T15:45:55","date_gmt":"2026-01-18T14:45:55","guid":{"rendered":"https:\/\/www.bobooaza.pl\/index.php\/produkt\/lovi-74-204-butelka-szklana-diamond-glass-250-ml-baby-shower-boy\/"},"modified":"2026-01-18T15:54:35","modified_gmt":"2026-01-18T14:54:35","slug":"lovi-74-204-butelka-szklana-diamond-glass-250-ml-baby-shower-boy","status":"publish","type":"product","link":"https:\/\/www.bobooaza.pl\/index.php\/produkt\/lovi-74-204-butelka-szklana-diamond-glass-250-ml-baby-shower-boy\/","title":{"rendered":"LOVI 74\/204 Butelka szklana Diamond Glass 250 ml Baby Shower boy"},"content":{"rendered":"<p>Szklana butelka LOVI Diamond Glass 250 ml Baby Shower Boy to bezpieczne i wygodne rozwi\u0105zanie do karmienia niemowl\u0105t, kt\u00f3re nie zaburza naturalnego odruchu ssania. Wyposa\u017cona w dynamiczny smoczek z niejednorodnych warstw silikonu wspiera prawid\u0142owy rytm ssania oraz aktywn\u0105 prac\u0119 mi\u0119\u015bni warg i j\u0119zyka.<\/p>\n<p>Wykonana z wysokiej jako\u015bci szk\u0142a borowo-krzemowego (BPA 0%), butelka jest wyj\u0105tkowo trwa\u0142a, odporna na zarysowania i zapewnia d\u0142ugie utrzymanie ciep\u0142a pokarmu. Mo\u017cna w niej odgrzewa\u0107 i mrozi\u0107 mleko, a do\u0142\u0105czony dysk uszczelniaj\u0105cy pozwala przekszta\u0142ci\u0107 j\u0105 w praktyczny pojemnik do przechowywania.<\/p>\n<p>Model Baby Shower Boy posiada czyteln\u0105 skal\u0119, wysuni\u0119ty rant dla bezpiecznego podawania posi\u0142ku i jest \u0142atwy w utrzymaniu czysto\u015bci. W zestawie znajduje si\u0119 butelka, smoczek wolny (3m+) SUPERvent, elastyczny dysk uszczelniaj\u0105cy, nakr\u0119tka oraz kubek do pojenia, co czyni go kompletnym i praktycznym rozwi\u0105zaniem dla codziennego karmienia.<\/p>\n","protected":false},"excerpt":{"rendered":"<p>Szklana butelka LOVI Diamond Glass 250 ml Baby Shower Boy to bezpieczne i wygodne rozwi\u0105zanie do karmienia niemowl\u0105t, kt\u00f3re nie zaburza naturalnego odruchu ssania. Wyposa\u017cona w dynamiczny smoczek z niejednorodnych warstw silikonu wspiera prawid\u0142owy rytm ssania oraz aktywn\u0105 prac\u0119 mi\u0119\u015bni warg i j\u0119zyka. Wykonana z wysokiej jako\u015bci szk\u0142a borowo-krzemowego (BPA 0%), butelka jest wyj\u0105tkowo trwa\u0142a, [&hellip;]<\/p>\n","protected":false},"featured_media":12362,"comment_status":"open","ping_status":"closed","template":"","meta":[],"product_brand":[],"product_cat":[64,76,63],"product_tag":[],"class_list":{"0":"post-12363","1":"product","2":"type-product","3":"status-publish","4":"has-post-thumbnail","6":"product_cat-butelki-i-akcesoria","7":"product_cat-dziecko","8":"product_cat-karmienie","10":"first","11":"instock","12":"taxable","13":"shipping-taxable","14":"purchasable","15":"product-type-simple"},"_links":{"self":[{"href":"https:\/\/www.bobooaza.pl\/index.php\/wp-json\/wp\/v2\/product\/12363","targetHints":{"allow":["GET"]}}],"collection":[{"href":"https:\/\/www.bobooaza.pl\/index.php\/wp-json\/wp\/v2\/product"}],"about":[{"href":"https:\/\/www.bobooaza.pl\/index.php\/wp-json\/wp\/v2\/types\/product"}],"replies":[{"embeddable":true,"href":"https:\/\/www.bobooaza.pl\/index.php\/wp-json\/wp\/v2\/comments?post=12363"}],"wp:featuredmedia":[{"embeddable":true,"href":"https:\/\/www.bobooaza.pl\/index.php\/wp-json\/wp\/v2\/media\/12362"}],"wp:attachment":[{"href":"https:\/\/www.bobooaza.pl\/index.php\/wp-json\/wp\/v2\/media?parent=12363"}],"wp:term":[{"taxonomy":"product_brand","embeddable":true,"href":"https:\/\/www.bobooaza.pl\/index.php\/wp-json\/wp\/v2\/product_brand?post=12363"},{"taxonomy":"product_cat","embeddable":true,"href":"https:\/\/www.bobooaza.pl\/index.php\/wp-json\/wp\/v2\/product_cat?post=12363"},{"taxonomy":"product_tag","embeddable":true,"href":"https:\/\/www.bobooaza.pl\/index.php\/wp-json\/wp\/v2\/product_tag?post=12363"}],"curies":[{"name":"wp","href":"https:\/\/api.w.org\/{rel}","templated":true}]}}