{"id":12374,"date":"2026-01-18T15:46:04","date_gmt":"2026-01-18T14:46:04","guid":{"rendered":"https:\/\/www.bobooaza.pl\/index.php\/produkt\/lansinoh-szklana-butelka-do-karmienia-160-ml-smoczek-natural-wave\/"},"modified":"2026-01-19T21:55:44","modified_gmt":"2026-01-19T20:55:44","slug":"lansinoh-szklana-butelka-do-karmienia-160-ml-smoczek-natural-wave","status":"publish","type":"product","link":"https:\/\/www.bobooaza.pl\/index.php\/produkt\/lansinoh-szklana-butelka-do-karmienia-160-ml-smoczek-natural-wave\/","title":{"rendered":"LANSINOH Szklana butelka do karmienia 160 ml + smoczek Natural\/Wave"},"content":{"rendered":"<p>Szklana butelka Lansinoh 160 ml z smoczkiem NaturalWave\u2122 to bezpieczne i ekologiczne rozwi\u0105zanie do karmienia niemowl\u0105t. Wykonana z wysokiej jako\u015bci szk\u0142a borokrzemianowego, jest trwa\u0142a, odporna na zmiany temperatury i \u0142atwa w myciu oraz sterylizacji.<\/p>\n<p>Smoczek NaturalWave\u2122 o wolnym przep\u0142ywie wspiera naturalny rytm ssania i anga\u017cuje mi\u0119\u015bnie warg oraz j\u0119zyka, zachowuj\u0105c prawid\u0142owy odruch ssania i komfort karmienia.<\/p>\n<p>Butelka jest w pe\u0142ni przyjazna dla \u015brodowiska \u2013 w 100% przetwarzalna i biodegradowalna \u2013 oraz kompatybilna z innymi akcesoriami Lansinoh, co pozwala tworzy\u0107 praktyczne zestawy do codziennego karmienia.<\/p>\n","protected":false},"excerpt":{"rendered":"<p>Szklana butelka Lansinoh 160 ml z smoczkiem NaturalWave\u2122 to bezpieczne i ekologiczne rozwi\u0105zanie do karmienia niemowl\u0105t. Wykonana z wysokiej jako\u015bci szk\u0142a borokrzemianowego, jest trwa\u0142a, odporna na zmiany temperatury i \u0142atwa w myciu oraz sterylizacji. Smoczek NaturalWave\u2122 o wolnym przep\u0142ywie wspiera naturalny rytm ssania i anga\u017cuje mi\u0119\u015bnie warg oraz j\u0119zyka, zachowuj\u0105c prawid\u0142owy odruch ssania i komfort [&hellip;]<\/p>\n","protected":false},"featured_media":12372,"comment_status":"open","ping_status":"closed","template":"","meta":[],"product_brand":[],"product_cat":[64,76,63],"product_tag":[],"class_list":{"0":"post-12374","1":"product","2":"type-product","3":"status-publish","4":"has-post-thumbnail","6":"product_cat-butelki-i-akcesoria","7":"product_cat-dziecko","8":"product_cat-karmienie","10":"first","11":"instock","12":"taxable","13":"shipping-taxable","14":"purchasable","15":"product-type-simple"},"_links":{"self":[{"href":"https:\/\/www.bobooaza.pl\/index.php\/wp-json\/wp\/v2\/product\/12374","targetHints":{"allow":["GET"]}}],"collection":[{"href":"https:\/\/www.bobooaza.pl\/index.php\/wp-json\/wp\/v2\/product"}],"about":[{"href":"https:\/\/www.bobooaza.pl\/index.php\/wp-json\/wp\/v2\/types\/product"}],"replies":[{"embeddable":true,"href":"https:\/\/www.bobooaza.pl\/index.php\/wp-json\/wp\/v2\/comments?post=12374"}],"wp:featuredmedia":[{"embeddable":true,"href":"https:\/\/www.bobooaza.pl\/index.php\/wp-json\/wp\/v2\/media\/12372"}],"wp:attachment":[{"href":"https:\/\/www.bobooaza.pl\/index.php\/wp-json\/wp\/v2\/media?parent=12374"}],"wp:term":[{"taxonomy":"product_brand","embeddable":true,"href":"https:\/\/www.bobooaza.pl\/index.php\/wp-json\/wp\/v2\/product_brand?post=12374"},{"taxonomy":"product_cat","embeddable":true,"href":"https:\/\/www.bobooaza.pl\/index.php\/wp-json\/wp\/v2\/product_cat?post=12374"},{"taxonomy":"product_tag","embeddable":true,"href":"https:\/\/www.bobooaza.pl\/index.php\/wp-json\/wp\/v2\/product_tag?post=12374"}],"curies":[{"name":"wp","href":"https:\/\/api.w.org\/{rel}","templated":true}]}}