{"id":12410,"date":"2026-01-23T13:50:32","date_gmt":"2026-01-23T12:50:32","guid":{"rendered":"https:\/\/www.bobooaza.pl\/index.php\/produkt\/b-box-bb200211-bidon-ze-slomka-240-ml-rozowy-blush\/"},"modified":"2026-01-23T13:59:16","modified_gmt":"2026-01-23T12:59:16","slug":"b-box-bb200211-bidon-ze-slomka-240-ml-rozowy-blush","status":"publish","type":"product","link":"https:\/\/www.bobooaza.pl\/index.php\/produkt\/b-box-bb200211-bidon-ze-slomka-240-ml-rozowy-blush\/","title":{"rendered":"B.BOX BB200211 Bidon ze s\u0142omk\u0105 240 ml r\u00f3\u017cowy blush"},"content":{"rendered":"<p>Bidon B.BOX BB200211 (r\u00f3\u017cowy blush) ma wymienne cz\u0119\u015bci, kt\u00f3re mo\u017cna dokupi\u0107 osobno: pokrywk\u0119 do bidonu, zapasowe s\u0142omki wraz ze szczoteczk\u0105 do czyszczenia oraz zapasowe uszczelki. Pokrywka do kubka treningowego nie pasuje do tego bidonu.<\/p>\n<p>Kolory przedstawione na zdj\u0119ciach ze wzgl\u0119du na przekaz elektroniczny mog\u0105 nieznacznie r\u00f3\u017cni\u0107 si\u0119 od orygina\u0142u.<\/p>\n","protected":false},"excerpt":{"rendered":"<p>Bidon B.BOX BB200211 (r\u00f3\u017cowy blush) ma wymienne cz\u0119\u015bci, kt\u00f3re mo\u017cna dokupi\u0107 osobno: pokrywk\u0119 do bidonu, zapasowe s\u0142omki wraz ze szczoteczk\u0105 do czyszczenia oraz zapasowe uszczelki. Pokrywka do kubka treningowego nie pasuje do tego bidonu. Kolory przedstawione na zdj\u0119ciach ze wzgl\u0119du na przekaz elektroniczny mog\u0105 nieznacznie r\u00f3\u017cni\u0107 si\u0119 od orygina\u0142u.<\/p>\n","protected":false},"featured_media":12408,"comment_status":"open","ping_status":"closed","template":"","meta":[],"product_brand":[],"product_cat":[159,76,63,99],"product_tag":[],"class_list":{"0":"post-12410","1":"product","2":"type-product","3":"status-publish","4":"has-post-thumbnail","6":"product_cat-bidony","7":"product_cat-dziecko","8":"product_cat-karmienie","9":"product_cat-naczynia-i-sztucce","11":"first","12":"instock","13":"taxable","14":"shipping-taxable","15":"purchasable","16":"product-type-simple"},"_links":{"self":[{"href":"https:\/\/www.bobooaza.pl\/index.php\/wp-json\/wp\/v2\/product\/12410","targetHints":{"allow":["GET"]}}],"collection":[{"href":"https:\/\/www.bobooaza.pl\/index.php\/wp-json\/wp\/v2\/product"}],"about":[{"href":"https:\/\/www.bobooaza.pl\/index.php\/wp-json\/wp\/v2\/types\/product"}],"replies":[{"embeddable":true,"href":"https:\/\/www.bobooaza.pl\/index.php\/wp-json\/wp\/v2\/comments?post=12410"}],"wp:featuredmedia":[{"embeddable":true,"href":"https:\/\/www.bobooaza.pl\/index.php\/wp-json\/wp\/v2\/media\/12408"}],"wp:attachment":[{"href":"https:\/\/www.bobooaza.pl\/index.php\/wp-json\/wp\/v2\/media?parent=12410"}],"wp:term":[{"taxonomy":"product_brand","embeddable":true,"href":"https:\/\/www.bobooaza.pl\/index.php\/wp-json\/wp\/v2\/product_brand?post=12410"},{"taxonomy":"product_cat","embeddable":true,"href":"https:\/\/www.bobooaza.pl\/index.php\/wp-json\/wp\/v2\/product_cat?post=12410"},{"taxonomy":"product_tag","embeddable":true,"href":"https:\/\/www.bobooaza.pl\/index.php\/wp-json\/wp\/v2\/product_tag?post=12410"}],"curies":[{"name":"wp","href":"https:\/\/api.w.org\/{rel}","templated":true}]}}