{"id":12451,"date":"2026-01-23T13:56:28","date_gmt":"2026-01-23T12:56:28","guid":{"rendered":"https:\/\/www.bobooaza.pl\/index.php\/produkt\/akuku-a0034-bidon-ze-slomka-z-odwaznikiem-szary\/"},"modified":"2026-01-23T13:59:22","modified_gmt":"2026-01-23T12:59:22","slug":"akuku-a0034-bidon-ze-slomka-z-odwaznikiem-szary","status":"publish","type":"product","link":"https:\/\/www.bobooaza.pl\/index.php\/produkt\/akuku-a0034-bidon-ze-slomka-z-odwaznikiem-szary\/","title":{"rendered":"AKUKU A0034 Bidon ze s\u0142omk\u0105 z odwa\u017cnikiem SZARY"},"content":{"rendered":"<p>AKUKU A0034 Bidon ze s\u0142omk\u0105 z odwa\u017cnikiem Szary to praktyczne rozwi\u0105zanie dla dzieci, umo\u017cliwiaj\u0105ce picie pod ka\u017cdym k\u0105tem dzi\u0119ki silikonowej s\u0142omce z odwa\u017cnikiem. Wykonany z trwa\u0142ego tworzywa Tritan, ca\u0142kowicie wolnego od BPA, \u0142\u0105czy odporno\u015b\u0107 na uszkodzenia i przebarwienia z wygl\u0105dem przypominaj\u0105cym szk\u0142o. Bidon jest szczelny, \u0142atwy w u\u017cyciu dzi\u0119ki otwieraniu jednym przyciskiem, a jego przezroczysta konstrukcja z podzia\u0142k\u0105 pozwala kontrolowa\u0107 ilo\u015b\u0107 p\u0142ynu. Idealny w domu i w podr\u00f3\u017cy, pojemno\u015b\u0107 250 ml. Tritan nie zmienia smaku ani zapachu przechowywanych napoj\u00f3w, nie wydziela szkodliwych substancji i utrzymuje \u015bwie\u017co\u015b\u0107 napoj\u00f3w, nie wch\u0142aniaj\u0105c ich aromat\u00f3w. Kubek mo\u017cna my\u0107 w zmywarce na g\u00f3rnej p\u00f3\u0142ce (bez s\u0142omki).<\/p>\n","protected":false},"excerpt":{"rendered":"<p>AKUKU A0034 Bidon ze s\u0142omk\u0105 z odwa\u017cnikiem Szary to praktyczne rozwi\u0105zanie dla dzieci, umo\u017cliwiaj\u0105ce picie pod ka\u017cdym k\u0105tem dzi\u0119ki silikonowej s\u0142omce z odwa\u017cnikiem. Wykonany z trwa\u0142ego tworzywa Tritan, ca\u0142kowicie wolnego od BPA, \u0142\u0105czy odporno\u015b\u0107 na uszkodzenia i przebarwienia z wygl\u0105dem przypominaj\u0105cym szk\u0142o. Bidon jest szczelny, \u0142atwy w u\u017cyciu dzi\u0119ki otwieraniu jednym przyciskiem, a jego przezroczysta [&hellip;]<\/p>\n","protected":false},"featured_media":12448,"comment_status":"open","ping_status":"closed","template":"","meta":[],"product_brand":[],"product_cat":[159,76,63,99],"product_tag":[],"class_list":{"0":"post-12451","1":"product","2":"type-product","3":"status-publish","4":"has-post-thumbnail","6":"product_cat-bidony","7":"product_cat-dziecko","8":"product_cat-karmienie","9":"product_cat-naczynia-i-sztucce","11":"first","12":"instock","13":"taxable","14":"shipping-taxable","15":"purchasable","16":"product-type-simple"},"_links":{"self":[{"href":"https:\/\/www.bobooaza.pl\/index.php\/wp-json\/wp\/v2\/product\/12451","targetHints":{"allow":["GET"]}}],"collection":[{"href":"https:\/\/www.bobooaza.pl\/index.php\/wp-json\/wp\/v2\/product"}],"about":[{"href":"https:\/\/www.bobooaza.pl\/index.php\/wp-json\/wp\/v2\/types\/product"}],"replies":[{"embeddable":true,"href":"https:\/\/www.bobooaza.pl\/index.php\/wp-json\/wp\/v2\/comments?post=12451"}],"wp:featuredmedia":[{"embeddable":true,"href":"https:\/\/www.bobooaza.pl\/index.php\/wp-json\/wp\/v2\/media\/12448"}],"wp:attachment":[{"href":"https:\/\/www.bobooaza.pl\/index.php\/wp-json\/wp\/v2\/media?parent=12451"}],"wp:term":[{"taxonomy":"product_brand","embeddable":true,"href":"https:\/\/www.bobooaza.pl\/index.php\/wp-json\/wp\/v2\/product_brand?post=12451"},{"taxonomy":"product_cat","embeddable":true,"href":"https:\/\/www.bobooaza.pl\/index.php\/wp-json\/wp\/v2\/product_cat?post=12451"},{"taxonomy":"product_tag","embeddable":true,"href":"https:\/\/www.bobooaza.pl\/index.php\/wp-json\/wp\/v2\/product_tag?post=12451"}],"curies":[{"name":"wp","href":"https:\/\/api.w.org\/{rel}","templated":true}]}}