{"id":12497,"date":"2026-01-23T16:07:23","date_gmt":"2026-01-23T15:07:23","guid":{"rendered":"https:\/\/www.bobooaza.pl\/index.php\/produkt\/smily-play-sp84515-mata-wyscigi-120x100cmx3mm\/"},"modified":"2026-01-23T16:34:13","modified_gmt":"2026-01-23T15:34:13","slug":"smily-play-sp84515-mata-wyscigi-120x100cmx3mm","status":"publish","type":"product","link":"https:\/\/www.bobooaza.pl\/index.php\/produkt\/smily-play-sp84515-mata-wyscigi-120x100cmx3mm\/","title":{"rendered":"SMILY PLAY SP84515 Mata wy\u015bcigi 120x100cmx3mm"},"content":{"rendered":"<p>Mata ma 120cm d\u0142ugo\u015bci, 100cm szeroko\u015bci oraz 3mm grubo\u015bci.<br \/>\nMa antypo\u015blizgow\u0105 powierzchni\u0119 , jest \u0142atwa do czyszczenia (mycie r\u0119cznie z u\u017cyciem delikatnych \u015brodk\u00f3w pior\u0105cych) i przechowywania. chroni malucha przed zimn\u0105 pod\u0142og\u0105.<br \/>\nwspania\u0142a do zabawy samochodzikami.<br \/>\nMata jest jednostronna.<br \/>\nPosiada wymagane certyfikaty.<\/p>\n<p>SPECYFIKACJA:<br \/>\nINDEKS: SP84515<br \/>\nWYM. po roz\u0142o\u017ceniu 120CM X 100CM X3MM<br \/>\nWIEK: 0+<br \/>\nMARKA: SMILY PLAY<\/p>\n","protected":false},"excerpt":{"rendered":"<p>Mata ma 120cm d\u0142ugo\u015bci, 100cm szeroko\u015bci oraz 3mm grubo\u015bci. Ma antypo\u015blizgow\u0105 powierzchni\u0119 , jest \u0142atwa do czyszczenia (mycie r\u0119cznie z u\u017cyciem delikatnych \u015brodk\u00f3w pior\u0105cych) i przechowywania. chroni malucha przed zimn\u0105 pod\u0142og\u0105. wspania\u0142a do zabawy samochodzikami. Mata jest jednostronna. Posiada wymagane certyfikaty. SPECYFIKACJA: INDEKS: SP84515 WYM. po roz\u0142o\u017ceniu 120CM X 100CM X3MM WIEK: 0+ MARKA: SMILY [&hellip;]<\/p>\n","protected":false},"featured_media":12496,"comment_status":"open","ping_status":"closed","template":"","meta":[],"product_brand":[],"product_cat":[146,160,61],"product_tag":[],"class_list":{"0":"post-12497","1":"product","2":"type-product","3":"status-publish","4":"has-post-thumbnail","6":"product_cat-maty","7":"product_cat-maty-piankowe","8":"product_cat-zabawki","10":"first","11":"outofstock","12":"taxable","13":"shipping-taxable","14":"purchasable","15":"product-type-simple"},"_links":{"self":[{"href":"https:\/\/www.bobooaza.pl\/index.php\/wp-json\/wp\/v2\/product\/12497","targetHints":{"allow":["GET"]}}],"collection":[{"href":"https:\/\/www.bobooaza.pl\/index.php\/wp-json\/wp\/v2\/product"}],"about":[{"href":"https:\/\/www.bobooaza.pl\/index.php\/wp-json\/wp\/v2\/types\/product"}],"replies":[{"embeddable":true,"href":"https:\/\/www.bobooaza.pl\/index.php\/wp-json\/wp\/v2\/comments?post=12497"}],"wp:featuredmedia":[{"embeddable":true,"href":"https:\/\/www.bobooaza.pl\/index.php\/wp-json\/wp\/v2\/media\/12496"}],"wp:attachment":[{"href":"https:\/\/www.bobooaza.pl\/index.php\/wp-json\/wp\/v2\/media?parent=12497"}],"wp:term":[{"taxonomy":"product_brand","embeddable":true,"href":"https:\/\/www.bobooaza.pl\/index.php\/wp-json\/wp\/v2\/product_brand?post=12497"},{"taxonomy":"product_cat","embeddable":true,"href":"https:\/\/www.bobooaza.pl\/index.php\/wp-json\/wp\/v2\/product_cat?post=12497"},{"taxonomy":"product_tag","embeddable":true,"href":"https:\/\/www.bobooaza.pl\/index.php\/wp-json\/wp\/v2\/product_tag?post=12497"}],"curies":[{"name":"wp","href":"https:\/\/api.w.org\/{rel}","templated":true}]}}