{"id":12568,"date":"2026-01-23T16:15:11","date_gmt":"2026-01-23T15:15:11","guid":{"rendered":"https:\/\/www.bobooaza.pl\/index.php\/produkt\/milly-mally-mata-piankowa-skladana-play-trains-and-cars\/"},"modified":"2026-01-23T16:34:35","modified_gmt":"2026-01-23T15:34:35","slug":"milly-mally-mata-piankowa-skladana-play-trains-and-cars","status":"publish","type":"product","link":"https:\/\/www.bobooaza.pl\/index.php\/produkt\/milly-mally-mata-piankowa-skladana-play-trains-and-cars\/","title":{"rendered":"MILLY MALLY Mata piankowa skladana Play Trains and Cars"},"content":{"rendered":"<p>Dwustronna, sk\u0142adana mata piankowa Play Trains and Cars od Milly Mally zapewnia komfort i bezpiecze\u0144stwo dziecku podczas zabawy oraz nauki raczkowania i chodzenia. Posiada w\u0142a\u015bciwo\u015bci antypo\u015blizgowe i antyalergiczne, a dzi\u0119ki atrakcyjnym nadrukom pasuje zar\u00f3wno do pokoju ch\u0142opca, jak i dziewczynki. Mata izoluje od ch\u0142odnej pod\u0142ogi, jest wodoodporna i \u0142atwa w czyszczeniu, a jej elastyczno\u015b\u0107 amortyzuje ewentualne upadki. Mo\u017cna jej u\u017cywa\u0107 tak\u017ce na zewn\u0105trz na g\u0142adkich powierzchniach, a dzi\u0119ki praktycznej torbie z suwakiem z wygodnymi r\u0105czkami mo\u017cna j\u0105 zabra\u0107 w podr\u00f3\u017c. Wykonana z lekkiej i trwa\u0142ej pianki XPE, nie zawiera formamidu, ftalan\u00f3w, PVC ani Bisfenolu A. Mata ma wymiary 197 \u00d7 177 cm, grubo\u015b\u0107 1 cm, wa\u017cy 1,1 kg i jest przeznaczona dla dzieci od 0+.<\/p>\n","protected":false},"excerpt":{"rendered":"<p>Dwustronna, sk\u0142adana mata piankowa Play Trains and Cars od Milly Mally zapewnia komfort i bezpiecze\u0144stwo dziecku podczas zabawy oraz nauki raczkowania i chodzenia. Posiada w\u0142a\u015bciwo\u015bci antypo\u015blizgowe i antyalergiczne, a dzi\u0119ki atrakcyjnym nadrukom pasuje zar\u00f3wno do pokoju ch\u0142opca, jak i dziewczynki. Mata izoluje od ch\u0142odnej pod\u0142ogi, jest wodoodporna i \u0142atwa w czyszczeniu, a jej elastyczno\u015b\u0107 amortyzuje [&hellip;]<\/p>\n","protected":false},"featured_media":12563,"comment_status":"open","ping_status":"closed","template":"","meta":[],"product_brand":[],"product_cat":[146,160,61],"product_tag":[],"class_list":{"0":"post-12568","1":"product","2":"type-product","3":"status-publish","4":"has-post-thumbnail","6":"product_cat-maty","7":"product_cat-maty-piankowe","8":"product_cat-zabawki","10":"first","11":"outofstock","12":"taxable","13":"shipping-taxable","14":"purchasable","15":"product-type-simple"},"_links":{"self":[{"href":"https:\/\/www.bobooaza.pl\/index.php\/wp-json\/wp\/v2\/product\/12568","targetHints":{"allow":["GET"]}}],"collection":[{"href":"https:\/\/www.bobooaza.pl\/index.php\/wp-json\/wp\/v2\/product"}],"about":[{"href":"https:\/\/www.bobooaza.pl\/index.php\/wp-json\/wp\/v2\/types\/product"}],"replies":[{"embeddable":true,"href":"https:\/\/www.bobooaza.pl\/index.php\/wp-json\/wp\/v2\/comments?post=12568"}],"wp:featuredmedia":[{"embeddable":true,"href":"https:\/\/www.bobooaza.pl\/index.php\/wp-json\/wp\/v2\/media\/12563"}],"wp:attachment":[{"href":"https:\/\/www.bobooaza.pl\/index.php\/wp-json\/wp\/v2\/media?parent=12568"}],"wp:term":[{"taxonomy":"product_brand","embeddable":true,"href":"https:\/\/www.bobooaza.pl\/index.php\/wp-json\/wp\/v2\/product_brand?post=12568"},{"taxonomy":"product_cat","embeddable":true,"href":"https:\/\/www.bobooaza.pl\/index.php\/wp-json\/wp\/v2\/product_cat?post=12568"},{"taxonomy":"product_tag","embeddable":true,"href":"https:\/\/www.bobooaza.pl\/index.php\/wp-json\/wp\/v2\/product_tag?post=12568"}],"curies":[{"name":"wp","href":"https:\/\/api.w.org\/{rel}","templated":true}]}}