{"id":9245,"date":"2025-12-28T00:19:49","date_gmt":"2025-12-27T23:19:49","guid":{"rendered":"https:\/\/bobooaza.pl\/index.php\/produkt\/lalka-mowiaca-natalia-36-cm-interaktywna-przyjaciolka-do-zabawy\/"},"modified":"2025-12-28T00:24:34","modified_gmt":"2025-12-27T23:24:34","slug":"lalka-mowiaca-natalia-36-cm-interaktywna-przyjaciolka-do-zabawy","status":"publish","type":"product","link":"https:\/\/www.bobooaza.pl\/index.php\/produkt\/lalka-mowiaca-natalia-36-cm-interaktywna-przyjaciolka-do-zabawy\/","title":{"rendered":"Lalka m\u00f3wi\u0105ca Natalia 36 cm \u2013 interaktywna przyjaci\u00f3\u0142ka do zabawy"},"content":{"rendered":"<p>Lalka m\u00f3wi\u0105ca Natalia 36 cm \u2013 interaktywna przyjaci\u00f3\u0142ka do zabawy<\/p>\n<p>Mi\u0119kka lalka m\u00f3wi\u0105ca Natalia o wysoko\u015bci 36 cm to idealna towarzyszka codziennych zabaw dla dzieci od 3 lat. Wystarczy nacisn\u0105\u0107 jej brzuszek, aby us\u0142ysze\u0107 wypowiadane po polsku kwestie, takie jak: \u201eWitaj, jestem Natalia!\u201d, \u201eP\u00f3jdziemy na spacer?\u201d, \u201eBardzo lubi\u0119 \u015bpiewa\u0107, to \u015bwietna zabawa!\u201d czy \u201eKocham Ci\u0119 mamusiu!\u201d. Dzi\u0119ki temu lalka zach\u0119ca dziecko do rozmowy, odgrywania r\u00f3l i rozwijania umiej\u0119tno\u015bci spo\u0142ecznych.<\/p>\n<p>Natalia zosta\u0142a wykonana jako mi\u0119kka lalka, idealna do przytulania, a dodatkow\u0105 atrakcj\u0105 jest funkcja zamykania oczu, kt\u00f3ra urealnia zabaw\u0119 i pomaga dziecku tworzy\u0107 w\u0142asne scenariusze. Lalka sprzedawana jest w estetycznym opakowaniu o wymiarach 23 \u00d7 43 \u00d7 12 cm, dzi\u0119ki czemu \u015bwietnie sprawdzi si\u0119 tak\u017ce jako prezent.<\/p>\n<p>Zabawka zasilana jest trzema bateriami LR44\/AG13, kt\u00f3re zosta\u0142y do\u0142\u0105czone w wersji demonstracyjnej, co pozwala rozpocz\u0105\u0107 zabaw\u0119 zaraz po rozpakowaniu.<\/p>\n","protected":false},"excerpt":{"rendered":"<p>Lalka m\u00f3wi\u0105ca Natalia 36 cm \u2013 interaktywna przyjaci\u00f3\u0142ka do zabawy Mi\u0119kka lalka m\u00f3wi\u0105ca Natalia o wysoko\u015bci 36 cm to idealna towarzyszka codziennych zabaw dla dzieci od 3 lat. Wystarczy nacisn\u0105\u0107 jej brzuszek, aby us\u0142ysze\u0107 wypowiadane po polsku kwestie, takie jak: \u201eWitaj, jestem Natalia!\u201d, \u201eP\u00f3jdziemy na spacer?\u201d, \u201eBardzo lubi\u0119 \u015bpiewa\u0107, to \u015bwietna zabawa!\u201d czy \u201eKocham Ci\u0119 [&hellip;]<\/p>\n","protected":false},"featured_media":9244,"comment_status":"open","ping_status":"closed","template":"","meta":[],"product_brand":[],"product_cat":[131,61],"product_tag":[],"class_list":{"0":"post-9245","1":"product","2":"type-product","3":"status-publish","4":"has-post-thumbnail","6":"product_cat-lalki","7":"product_cat-zabawki","9":"first","10":"instock","11":"taxable","12":"shipping-taxable","13":"purchasable","14":"product-type-simple"},"_links":{"self":[{"href":"https:\/\/www.bobooaza.pl\/index.php\/wp-json\/wp\/v2\/product\/9245","targetHints":{"allow":["GET"]}}],"collection":[{"href":"https:\/\/www.bobooaza.pl\/index.php\/wp-json\/wp\/v2\/product"}],"about":[{"href":"https:\/\/www.bobooaza.pl\/index.php\/wp-json\/wp\/v2\/types\/product"}],"replies":[{"embeddable":true,"href":"https:\/\/www.bobooaza.pl\/index.php\/wp-json\/wp\/v2\/comments?post=9245"}],"wp:featuredmedia":[{"embeddable":true,"href":"https:\/\/www.bobooaza.pl\/index.php\/wp-json\/wp\/v2\/media\/9244"}],"wp:attachment":[{"href":"https:\/\/www.bobooaza.pl\/index.php\/wp-json\/wp\/v2\/media?parent=9245"}],"wp:term":[{"taxonomy":"product_brand","embeddable":true,"href":"https:\/\/www.bobooaza.pl\/index.php\/wp-json\/wp\/v2\/product_brand?post=9245"},{"taxonomy":"product_cat","embeddable":true,"href":"https:\/\/www.bobooaza.pl\/index.php\/wp-json\/wp\/v2\/product_cat?post=9245"},{"taxonomy":"product_tag","embeddable":true,"href":"https:\/\/www.bobooaza.pl\/index.php\/wp-json\/wp\/v2\/product_tag?post=9245"}],"curies":[{"name":"wp","href":"https:\/\/api.w.org\/{rel}","templated":true}]}}