{"id":9257,"date":"2025-12-28T00:19:57","date_gmt":"2025-12-27T23:19:57","guid":{"rendered":"https:\/\/bobooaza.pl\/index.php\/produkt\/lalka-bobas-32-cm-interaktywna-lalka-gaworzaca\/"},"modified":"2025-12-28T00:24:37","modified_gmt":"2025-12-27T23:24:37","slug":"lalka-bobas-32-cm-interaktywna-lalka-gaworzaca","status":"publish","type":"product","link":"https:\/\/www.bobooaza.pl\/index.php\/produkt\/lalka-bobas-32-cm-interaktywna-lalka-gaworzaca\/","title":{"rendered":"Lalka Bobas 32 cm \u2013 interaktywna lalka gaworz\u0105ca"},"content":{"rendered":"<p>Lalka Bobas 32 cm \u2013 interaktywna lalka gaworz\u0105ca<\/p>\n<p>Lalka Bobas o wysoko\u015bci 32 cm to mi\u0119kka, interaktywna lalka stworzona dla dzieci od 2 roku \u017cycia, kt\u00f3ra rozwija wyobra\u017ani\u0119 i uczy opieku\u0144czo\u015bci. Po naci\u015bni\u0119ciu brzuszka lalka gaworzy, zach\u0119caj\u0105c malucha do na\u015bladowania d\u017awi\u0119k\u00f3w i anga\u017cuj\u0105c go w zabaw\u0119.<\/p>\n<p>W zestawie znajduje si\u0119 wszystko, co potrzebne do codziennej opieki nad lalk\u0105: talerzyk i sztu\u0107ce, \u015bliniaczek, smoczek, 2 butelki, gryzak, kaczuszka, pieluszka oraz zestaw 9 kosmetyk\u00f3w i 2 kostki, dzi\u0119ki kt\u00f3rym dziecko mo\u017ce odgrywa\u0107 realistyczne scenki karmienia i piel\u0119gnacji bobasa. Tak kompleksowa zabawa rozwija kreatywno\u015b\u0107, umiej\u0119tno\u015bci manualne oraz uczy empatii.<\/p>\n<p>Lalka zapakowana jest w estetyczne opakowanie o wymiarach 48 \u00d7 33 \u00d7 10 cm. Zabawka zasilana jest jedn\u0105 bateri\u0105 CR2032 3,2V (za\u0142\u0105czona demonstracyjnie), dzi\u0119ki czemu dziecko mo\u017ce rozpocz\u0105\u0107 zabaw\u0119 od razu po wyj\u0119ciu z opakowania.<\/p>\n","protected":false},"excerpt":{"rendered":"<p>Lalka Bobas 32 cm \u2013 interaktywna lalka gaworz\u0105ca Lalka Bobas o wysoko\u015bci 32 cm to mi\u0119kka, interaktywna lalka stworzona dla dzieci od 2 roku \u017cycia, kt\u00f3ra rozwija wyobra\u017ani\u0119 i uczy opieku\u0144czo\u015bci. Po naci\u015bni\u0119ciu brzuszka lalka gaworzy, zach\u0119caj\u0105c malucha do na\u015bladowania d\u017awi\u0119k\u00f3w i anga\u017cuj\u0105c go w zabaw\u0119. W zestawie znajduje si\u0119 wszystko, co potrzebne do codziennej [&hellip;]<\/p>\n","protected":false},"featured_media":9256,"comment_status":"open","ping_status":"closed","template":"","meta":[],"product_brand":[],"product_cat":[131,61],"product_tag":[],"class_list":{"0":"post-9257","1":"product","2":"type-product","3":"status-publish","4":"has-post-thumbnail","6":"product_cat-lalki","7":"product_cat-zabawki","9":"first","10":"instock","11":"taxable","12":"shipping-taxable","13":"purchasable","14":"product-type-simple"},"_links":{"self":[{"href":"https:\/\/www.bobooaza.pl\/index.php\/wp-json\/wp\/v2\/product\/9257","targetHints":{"allow":["GET"]}}],"collection":[{"href":"https:\/\/www.bobooaza.pl\/index.php\/wp-json\/wp\/v2\/product"}],"about":[{"href":"https:\/\/www.bobooaza.pl\/index.php\/wp-json\/wp\/v2\/types\/product"}],"replies":[{"embeddable":true,"href":"https:\/\/www.bobooaza.pl\/index.php\/wp-json\/wp\/v2\/comments?post=9257"}],"wp:featuredmedia":[{"embeddable":true,"href":"https:\/\/www.bobooaza.pl\/index.php\/wp-json\/wp\/v2\/media\/9256"}],"wp:attachment":[{"href":"https:\/\/www.bobooaza.pl\/index.php\/wp-json\/wp\/v2\/media?parent=9257"}],"wp:term":[{"taxonomy":"product_brand","embeddable":true,"href":"https:\/\/www.bobooaza.pl\/index.php\/wp-json\/wp\/v2\/product_brand?post=9257"},{"taxonomy":"product_cat","embeddable":true,"href":"https:\/\/www.bobooaza.pl\/index.php\/wp-json\/wp\/v2\/product_cat?post=9257"},{"taxonomy":"product_tag","embeddable":true,"href":"https:\/\/www.bobooaza.pl\/index.php\/wp-json\/wp\/v2\/product_tag?post=9257"}],"curies":[{"name":"wp","href":"https:\/\/api.w.org\/{rel}","templated":true}]}}