{"id":9259,"date":"2025-12-28T00:19:58","date_gmt":"2025-12-27T23:19:58","guid":{"rendered":"https:\/\/bobooaza.pl\/index.php\/produkt\/lalka-natalia-slodka-kuchareczka-42-cm-interaktywna-lalka-do-zabawy-w-gotowanie\/"},"modified":"2026-01-14T15:46:24","modified_gmt":"2026-01-14T14:46:24","slug":"lalka-natalia-slodka-kuchareczka-42-cm-interaktywna-lalka-do-zabawy-w-gotowanie","status":"publish","type":"product","link":"https:\/\/www.bobooaza.pl\/index.php\/produkt\/lalka-natalia-slodka-kuchareczka-42-cm-interaktywna-lalka-do-zabawy-w-gotowanie\/","title":{"rendered":"Lalka Natalia S\u0142odka Kuchareczka 42 cm \u2013 interaktywna lalka do zabawy w gotowanie"},"content":{"rendered":"<p>Lalka Natalia S\u0142odka Kuchareczka 42 cm \u2013 interaktywna lalka do zabawy w gotowanie<\/p>\n<p>Lalka Natalia S\u0142odka Kuchareczka to wyj\u0105tkowa lalka stworzona dla dzieci od 3 roku \u017cycia, kt\u00f3re uwielbiaj\u0105 gotowa\u0107 i sp\u0119dza\u0107 czas w kuchni. Natalia nie tylko prezentuje talent kulinarny, ale tak\u017ce zachwyca pi\u0119knym g\u0142osem \u2013 po naci\u015bni\u0119ciu brzuszka \u015bpiewa piosenki i recytuje wierszyki o gotowaniu, zach\u0119caj\u0105c dziecko do wsp\u00f3lnej zabawy i nauki przygotowywania pyszno\u015bci.<\/p>\n<p>W zestawie znajduje si\u0119 mi\u0119kka lalka o wysoko\u015bci 42 cm, mini ksi\u0105\u017ceczka kucharska oraz 4 foremki, dzi\u0119ki kt\u00f3rym dziecko mo\u017ce odgrywa\u0107 realistyczne scenki zwi\u0105zane z pieczeniem ciasteczek czy przygotowywaniem sa\u0142atki. Natalia m\u00f3wi a\u017c 14 zda\u0144 po polsku, kt\u00f3re ucz\u0105 higieny, wsp\u00f3\u0142pracy i kreatywno\u015bci w kuchni, np. \u201eZa\u0142\u00f3\u017c sw\u00f3j fartuszek i ugotujmy co\u015b razem!\u201d czy \u201eGotowanie to \u015bwietna zabawa!\u201d.<\/p>\n<p>Lalka \u015bpiewa 2 piosenki i recytuje 3 wierszyki, a ksi\u0105\u017ceczka zawiera przepisy na placuszki bananowe, sa\u0142atk\u0119 owocow\u0105, kruche ciasteczka ma\u015blane i shake bananowo-truskawkowy, co dodatkowo rozwija wyobra\u017ani\u0119 i wprowadza dziecko w \u015bwiat kulinarnej zabawy.<\/p>\n<p>Zabawa z Natali\u0105 rozwija empati\u0119, kreatywno\u015b\u0107 oraz umiej\u0119tno\u015bci manualne. Zabawka jest zasilana trzema bateriami AG13 1,5 V do\u0142\u0105czonymi w wersji demonstracyjnej, a opakowanie o wymiarach 28 \u00d7 45,5 \u00d7 11 cm sprawia, \u017ce lalka \u015bwietnie nadaje si\u0119 na prezent.<\/p>\n","protected":false},"excerpt":{"rendered":"<p>Lalka Natalia S\u0142odka Kuchareczka 42 cm \u2013 interaktywna lalka do zabawy w gotowanie Lalka Natalia S\u0142odka Kuchareczka to wyj\u0105tkowa lalka stworzona dla dzieci od 3 roku \u017cycia, kt\u00f3re uwielbiaj\u0105 gotowa\u0107 i sp\u0119dza\u0107 czas w kuchni. Natalia nie tylko prezentuje talent kulinarny, ale tak\u017ce zachwyca pi\u0119knym g\u0142osem \u2013 po naci\u015bni\u0119ciu brzuszka \u015bpiewa piosenki i recytuje wierszyki [&hellip;]<\/p>\n","protected":false},"featured_media":9258,"comment_status":"open","ping_status":"closed","template":"","meta":[],"product_brand":[],"product_cat":[131,61],"product_tag":[],"class_list":{"0":"post-9259","1":"product","2":"type-product","3":"status-publish","4":"has-post-thumbnail","6":"product_cat-lalki","7":"product_cat-zabawki","9":"first","10":"instock","11":"taxable","12":"shipping-taxable","13":"purchasable","14":"product-type-simple"},"_links":{"self":[{"href":"https:\/\/www.bobooaza.pl\/index.php\/wp-json\/wp\/v2\/product\/9259","targetHints":{"allow":["GET"]}}],"collection":[{"href":"https:\/\/www.bobooaza.pl\/index.php\/wp-json\/wp\/v2\/product"}],"about":[{"href":"https:\/\/www.bobooaza.pl\/index.php\/wp-json\/wp\/v2\/types\/product"}],"replies":[{"embeddable":true,"href":"https:\/\/www.bobooaza.pl\/index.php\/wp-json\/wp\/v2\/comments?post=9259"}],"wp:featuredmedia":[{"embeddable":true,"href":"https:\/\/www.bobooaza.pl\/index.php\/wp-json\/wp\/v2\/media\/9258"}],"wp:attachment":[{"href":"https:\/\/www.bobooaza.pl\/index.php\/wp-json\/wp\/v2\/media?parent=9259"}],"wp:term":[{"taxonomy":"product_brand","embeddable":true,"href":"https:\/\/www.bobooaza.pl\/index.php\/wp-json\/wp\/v2\/product_brand?post=9259"},{"taxonomy":"product_cat","embeddable":true,"href":"https:\/\/www.bobooaza.pl\/index.php\/wp-json\/wp\/v2\/product_cat?post=9259"},{"taxonomy":"product_tag","embeddable":true,"href":"https:\/\/www.bobooaza.pl\/index.php\/wp-json\/wp\/v2\/product_tag?post=9259"}],"curies":[{"name":"wp","href":"https:\/\/api.w.org\/{rel}","templated":true}]}}