{"id":9268,"date":"2025-12-28T00:20:05","date_gmt":"2025-12-27T23:20:05","guid":{"rendered":"https:\/\/bobooaza.pl\/index.php\/produkt\/lalka-julka-32-cm-interaktywna-lalka-smily-play\/"},"modified":"2025-12-28T00:24:39","modified_gmt":"2025-12-27T23:24:39","slug":"lalka-julka-32-cm-interaktywna-lalka-smily-play","status":"publish","type":"product","link":"https:\/\/www.bobooaza.pl\/index.php\/produkt\/lalka-julka-32-cm-interaktywna-lalka-smily-play\/","title":{"rendered":"Lalka Julka 32 cm \u2013 interaktywna lalka Smily Play"},"content":{"rendered":"<p>Lalka Julka 32 cm \u2013 interaktywna lalka Smily Play<\/p>\n<p>Lalka Julka marki Smily Play to mi\u0119kka, interaktywna lalka stworzona dla dzieci od 2 roku \u017cycia, kt\u00f3ra doskonale sprawdzi si\u0119 podczas zabaw w odgrywanie r\u00f3l. Julka uwielbia, gdy dziecko si\u0119 ni\u0105 opiekuje, zabiera j\u0105 na spacery i przytula. Ubrana jest w czapk\u0119 oraz kombinezon wykonany z r\u00f3\u017cnych faktur materia\u0142\u00f3w, co dodatkowo stymuluje zmys\u0142 dotyku i wspiera rozw\u00f3j sensoryczny.<\/p>\n<p>Po naci\u015bni\u0119ciu brzuszka lalka m\u00f3wi po polsku pe\u0142nymi zdaniami, \u015bpiewa piosenk\u0119 oraz opowiada bajk\u0119 o Z\u0142otow\u0142osej i trzech misiach, zach\u0119caj\u0105c dziecko do aktywnego s\u0142uchania, rozmowy i kreatywnej zabawy. Interaktywne funkcje sprawiaj\u0105, \u017ce zabawa staje si\u0119 bardziej anga\u017cuj\u0105ca i naturalnie wspiera rozw\u00f3j mowy, wyobra\u017ani oraz umiej\u0119tno\u015bci spo\u0142ecznych.<\/p>\n<p>Zabawa lalk\u0105 pobudza procesy sensoryczne, kt\u00f3re s\u0105 niezwykle wa\u017cne dla prawid\u0142owego rozwoju dziecka. Noszenie, ko\u0142ysanie i przytulanie lalki wywo\u0142uje pozytywne emocje, uczy empatii, opieku\u0144czo\u015bci i pomaga dziecku oswaja\u0107 r\u00f3\u017cne emocje. Lalka umo\u017cliwia tworzenie w\u0142asnych scenariuszy zabaw i budowanie bezpiecznego, dzieci\u0119cego \u015bwiata.<\/p>\n<p>Julka ma 32 cm wysoko\u015bci, zasilana jest trzema bateriami AG13 do\u0142\u0105czonymi do zestawu i zapakowana w estetyczne pude\u0142ko, dzi\u0119ki czemu idealnie nadaje si\u0119 na prezent. Produkt spe\u0142nia europejskie normy bezpiecze\u0144stwa, zapewniaj\u0105c bezpieczn\u0105 i komfortow\u0105 zabaw\u0119.<\/p>\n","protected":false},"excerpt":{"rendered":"<p>Lalka Julka 32 cm \u2013 interaktywna lalka Smily Play Lalka Julka marki Smily Play to mi\u0119kka, interaktywna lalka stworzona dla dzieci od 2 roku \u017cycia, kt\u00f3ra doskonale sprawdzi si\u0119 podczas zabaw w odgrywanie r\u00f3l. Julka uwielbia, gdy dziecko si\u0119 ni\u0105 opiekuje, zabiera j\u0105 na spacery i przytula. Ubrana jest w czapk\u0119 oraz kombinezon wykonany z [&hellip;]<\/p>\n","protected":false},"featured_media":9266,"comment_status":"open","ping_status":"closed","template":"","meta":[],"product_brand":[],"product_cat":[131,61],"product_tag":[],"class_list":{"0":"post-9268","1":"product","2":"type-product","3":"status-publish","4":"has-post-thumbnail","6":"product_cat-lalki","7":"product_cat-zabawki","9":"first","10":"instock","11":"taxable","12":"shipping-taxable","13":"purchasable","14":"product-type-simple"},"_links":{"self":[{"href":"https:\/\/www.bobooaza.pl\/index.php\/wp-json\/wp\/v2\/product\/9268","targetHints":{"allow":["GET"]}}],"collection":[{"href":"https:\/\/www.bobooaza.pl\/index.php\/wp-json\/wp\/v2\/product"}],"about":[{"href":"https:\/\/www.bobooaza.pl\/index.php\/wp-json\/wp\/v2\/types\/product"}],"replies":[{"embeddable":true,"href":"https:\/\/www.bobooaza.pl\/index.php\/wp-json\/wp\/v2\/comments?post=9268"}],"wp:featuredmedia":[{"embeddable":true,"href":"https:\/\/www.bobooaza.pl\/index.php\/wp-json\/wp\/v2\/media\/9266"}],"wp:attachment":[{"href":"https:\/\/www.bobooaza.pl\/index.php\/wp-json\/wp\/v2\/media?parent=9268"}],"wp:term":[{"taxonomy":"product_brand","embeddable":true,"href":"https:\/\/www.bobooaza.pl\/index.php\/wp-json\/wp\/v2\/product_brand?post=9268"},{"taxonomy":"product_cat","embeddable":true,"href":"https:\/\/www.bobooaza.pl\/index.php\/wp-json\/wp\/v2\/product_cat?post=9268"},{"taxonomy":"product_tag","embeddable":true,"href":"https:\/\/www.bobooaza.pl\/index.php\/wp-json\/wp\/v2\/product_tag?post=9268"}],"curies":[{"name":"wp","href":"https:\/\/api.w.org\/{rel}","templated":true}]}}