{"id":9380,"date":"2025-12-28T13:43:58","date_gmt":"2025-12-28T12:43:58","guid":{"rendered":"https:\/\/bobooaza.pl\/index.php\/produkt\/akuku-dmuchana-mata-wodna\/"},"modified":"2026-01-10T11:01:24","modified_gmt":"2026-01-10T10:01:24","slug":"akuku-dmuchana-mata-wodna","status":"publish","type":"product","link":"https:\/\/www.bobooaza.pl\/index.php\/produkt\/akuku-dmuchana-mata-wodna\/","title":{"rendered":"AKUKU Dmuchana mata wodna"},"content":{"rendered":"<p>Wyj\u0105tkowa mata wodna dla niemowl\u0105t pozwala rozwija\u0107 cia\u0142o i umys\u0142 Twojego dziecka. Wykonana z wysokiej jako\u015bci, wytrzyma\u0142ego tworzywa, zapewnia bezpieczn\u0105 zabaw\u0119. Podczas korzystania z maty dziecko uczy si\u0119 anga\u017cowa\u0107 r\u00f3\u017cne partie mi\u0119\u015bni, samodzielnie utrzymywa\u0107 r\u00f3wnowag\u0119 i porusza\u0107 si\u0119, co wzmacnia nogi, r\u0119ce, brzuch i plecy. Dzi\u0119ki kolorowym elementom i p\u0142ywaj\u0105cym zwierz\u0105tkom maluch poznaje nowe kolory i kszta\u0142ty, rozwijaj\u0105c wyobra\u017ani\u0119 oraz koncentracj\u0119. Mata jest odpowiednia dla niemowl\u0105t od 3 miesi\u0105ca \u017cycia i wspiera rozw\u00f3j mi\u0119\u015bni g\u0142owy, szyi, ramion, plec\u00f3w oraz zdolno\u015bci motorycznych i sensorycznych. Posiada pi\u0119\u0107 kontrastowych zwierz\u0105tek unosz\u0105cych si\u0119 w wodzie, nie zawiera BPA ani innych toksycznych materia\u0142\u00f3w, posiada atest CE i cechuje si\u0119 pe\u0142n\u0105 wytrzyma\u0142o\u015bci\u0105 oraz szczelno\u015bci\u0105. Jej wymiary to 67 \u00d7 49 cm. Aby korzysta\u0107 z maty, nale\u017cy napompowa\u0107 powietrzem kraw\u0119d\u017a, a \u015brodek wype\u0142ni\u0107 wod\u0105. Mata powinna by\u0107 po\u0142o\u017cona na stabilnym pod\u0142o\u017cu. Po z\u0142o\u017ceniu zajmuje niewiele miejsca, dzi\u0119ki czemu mo\u017cna j\u0105 zabra\u0107 na wycieczk\u0119 lub wakacje z dzieckiem.<\/p>\n","protected":false},"excerpt":{"rendered":"<p>Wyj\u0105tkowa mata wodna dla niemowl\u0105t pozwala rozwija\u0107 cia\u0142o i umys\u0142 Twojego dziecka. Wykonana z wysokiej jako\u015bci, wytrzyma\u0142ego tworzywa, zapewnia bezpieczn\u0105 zabaw\u0119. Podczas korzystania z maty dziecko uczy si\u0119 anga\u017cowa\u0107 r\u00f3\u017cne partie mi\u0119\u015bni, samodzielnie utrzymywa\u0107 r\u00f3wnowag\u0119 i porusza\u0107 si\u0119, co wzmacnia nogi, r\u0119ce, brzuch i plecy. Dzi\u0119ki kolorowym elementom i p\u0142ywaj\u0105cym zwierz\u0105tkom maluch poznaje nowe kolory [&hellip;]<\/p>\n","protected":false},"featured_media":9375,"comment_status":"open","ping_status":"closed","template":"","meta":[],"product_brand":[],"product_cat":[146,118,61],"product_tag":[],"class_list":{"0":"post-9380","1":"product","2":"type-product","3":"status-publish","4":"has-post-thumbnail","6":"product_cat-maty","7":"product_cat-maty-wodne","8":"product_cat-zabawki","10":"first","11":"instock","12":"taxable","13":"shipping-taxable","14":"purchasable","15":"product-type-simple"},"_links":{"self":[{"href":"https:\/\/www.bobooaza.pl\/index.php\/wp-json\/wp\/v2\/product\/9380","targetHints":{"allow":["GET"]}}],"collection":[{"href":"https:\/\/www.bobooaza.pl\/index.php\/wp-json\/wp\/v2\/product"}],"about":[{"href":"https:\/\/www.bobooaza.pl\/index.php\/wp-json\/wp\/v2\/types\/product"}],"replies":[{"embeddable":true,"href":"https:\/\/www.bobooaza.pl\/index.php\/wp-json\/wp\/v2\/comments?post=9380"}],"wp:featuredmedia":[{"embeddable":true,"href":"https:\/\/www.bobooaza.pl\/index.php\/wp-json\/wp\/v2\/media\/9375"}],"wp:attachment":[{"href":"https:\/\/www.bobooaza.pl\/index.php\/wp-json\/wp\/v2\/media?parent=9380"}],"wp:term":[{"taxonomy":"product_brand","embeddable":true,"href":"https:\/\/www.bobooaza.pl\/index.php\/wp-json\/wp\/v2\/product_brand?post=9380"},{"taxonomy":"product_cat","embeddable":true,"href":"https:\/\/www.bobooaza.pl\/index.php\/wp-json\/wp\/v2\/product_cat?post=9380"},{"taxonomy":"product_tag","embeddable":true,"href":"https:\/\/www.bobooaza.pl\/index.php\/wp-json\/wp\/v2\/product_tag?post=9380"}],"curies":[{"name":"wp","href":"https:\/\/api.w.org\/{rel}","templated":true}]}}