{"id":9387,"date":"2025-12-28T22:28:06","date_gmt":"2025-12-28T21:28:06","guid":{"rendered":"https:\/\/bobooaza.pl\/index.php\/produkt\/przytulanka-krolik-rabbit-milly\/"},"modified":"2025-12-28T22:34:09","modified_gmt":"2025-12-28T21:34:09","slug":"przytulanka-krolik-rabbit-milly","status":"publish","type":"product","link":"https:\/\/www.bobooaza.pl\/index.php\/produkt\/przytulanka-krolik-rabbit-milly\/","title":{"rendered":"Przytulanka kr\u00f3lik RABBIT MILLY"},"content":{"rendered":"<p>Przytulanka RABBIT MILLY to uroczy kr\u00f3liczek, kt\u00f3ry mo\u017ce sta\u0107 si\u0119 ukochan\u0105 przytulank\u0105 Twojego malucha \u2013 tak\u0105, kt\u00f3ra towarzyszy podczas zasypiania, odpoczynku i pierwszych zabaw. Ka\u017cde dziecko zas\u0142uguje na swoj\u0105 wyj\u0105tkow\u0105 maskotk\u0119, a mi\u0119kkie futerko i charakterystyczne, d\u0142ugie uszy kr\u00f3liczka zach\u0119caj\u0105 do tulenia i daj\u0105 poczucie bezpiecze\u0144stwa.<\/p>\n<p>Maskotka zosta\u0142a wykonana z delikatnych, przyjemnych w dotyku tkanin, bezpiecznych dla wra\u017cliwej sk\u00f3ry niemowl\u0105t. Jej wyj\u0105tkowa mi\u0119kko\u015b\u0107 sprawia, \u017ce doskonale sprawdza si\u0119 jako przytulanka do snu, uspokajania i pocieszania dziecka. Odpowiednio zaprojektowany rozmiar oraz kszta\u0142t umo\u017cliwiaj\u0105 \u0142atwe chwytanie i przytulanie, wspieraj\u0105c rozw\u00f3j motoryki ma\u0142ej oraz samodzielno\u015bci malucha.<\/p>\n<p>Kolorowe detale przyci\u0105gaj\u0105 uwag\u0119 dziecka i zach\u0119caj\u0105 do interakcji, pobudzaj\u0105c zmys\u0142y oraz ciekawo\u015b\u0107 \u015bwiata. Dzi\u0119ki kompaktowym wymiarom 16 \u00d7 28 cm kr\u00f3liczek jest wygodny do zabrania na spacer, w podr\u00f3\u017c lub do w\u00f3zka.<\/p>\n<p>Przytulanka RABBIT MILLY zosta\u0142a wykonana w 100% z poliestru i jest odpowiednia dla dzieci od pierwszych dni \u017cycia, stanowi\u0105c doskona\u0142y pomys\u0142 na prezent z okazji narodzin lub baby shower.<\/p>\n","protected":false},"excerpt":{"rendered":"<p>Przytulanka RABBIT MILLY to uroczy kr\u00f3liczek, kt\u00f3ry mo\u017ce sta\u0107 si\u0119 ukochan\u0105 przytulank\u0105 Twojego malucha \u2013 tak\u0105, kt\u00f3ra towarzyszy podczas zasypiania, odpoczynku i pierwszych zabaw. Ka\u017cde dziecko zas\u0142uguje na swoj\u0105 wyj\u0105tkow\u0105 maskotk\u0119, a mi\u0119kkie futerko i charakterystyczne, d\u0142ugie uszy kr\u00f3liczka zach\u0119caj\u0105 do tulenia i daj\u0105 poczucie bezpiecze\u0144stwa. Maskotka zosta\u0142a wykonana z delikatnych, przyjemnych w dotyku tkanin, [&hellip;]<\/p>\n","protected":false},"featured_media":9386,"comment_status":"open","ping_status":"closed","template":"","meta":[],"product_brand":[],"product_cat":[135,61],"product_tag":[],"class_list":{"0":"post-9387","1":"product","2":"type-product","3":"status-publish","4":"has-post-thumbnail","6":"product_cat-przytulanki-pozytywki","7":"product_cat-zabawki","9":"first","10":"instock","11":"taxable","12":"shipping-taxable","13":"purchasable","14":"product-type-simple"},"_links":{"self":[{"href":"https:\/\/www.bobooaza.pl\/index.php\/wp-json\/wp\/v2\/product\/9387","targetHints":{"allow":["GET"]}}],"collection":[{"href":"https:\/\/www.bobooaza.pl\/index.php\/wp-json\/wp\/v2\/product"}],"about":[{"href":"https:\/\/www.bobooaza.pl\/index.php\/wp-json\/wp\/v2\/types\/product"}],"replies":[{"embeddable":true,"href":"https:\/\/www.bobooaza.pl\/index.php\/wp-json\/wp\/v2\/comments?post=9387"}],"wp:featuredmedia":[{"embeddable":true,"href":"https:\/\/www.bobooaza.pl\/index.php\/wp-json\/wp\/v2\/media\/9386"}],"wp:attachment":[{"href":"https:\/\/www.bobooaza.pl\/index.php\/wp-json\/wp\/v2\/media?parent=9387"}],"wp:term":[{"taxonomy":"product_brand","embeddable":true,"href":"https:\/\/www.bobooaza.pl\/index.php\/wp-json\/wp\/v2\/product_brand?post=9387"},{"taxonomy":"product_cat","embeddable":true,"href":"https:\/\/www.bobooaza.pl\/index.php\/wp-json\/wp\/v2\/product_cat?post=9387"},{"taxonomy":"product_tag","embeddable":true,"href":"https:\/\/www.bobooaza.pl\/index.php\/wp-json\/wp\/v2\/product_tag?post=9387"}],"curies":[{"name":"wp","href":"https:\/\/api.w.org\/{rel}","templated":true}]}}