{"id":9426,"date":"2025-12-28T22:28:33","date_gmt":"2025-12-28T21:28:33","guid":{"rendered":"https:\/\/bobooaza.pl\/index.php\/produkt\/woopie-58083-przytulanka-slonik-z-projektorem\/"},"modified":"2025-12-28T22:34:14","modified_gmt":"2025-12-28T21:34:14","slug":"woopie-58083-przytulanka-slonik-z-projektorem","status":"publish","type":"product","link":"https:\/\/www.bobooaza.pl\/index.php\/produkt\/woopie-58083-przytulanka-slonik-z-projektorem\/","title":{"rendered":"WOOPIE 58083 Przytulanka S\u0142onik z Projektorem"},"content":{"rendered":"<p>Mi\u0119ciutki S\u0142onik z Projektorem od marki Woopie to doskona\u0142y towarzysz snu dla noworodk\u00f3w i niemowl\u0105t. Przytulanka \u0142\u0105czy funkcj\u0119 projektora gwiazd i ksi\u0119\u017cyc\u00f3w z pozytywk\u0105 odtwarzaj\u0105c\u0105 uspokajaj\u0105ce melodie, dzi\u0119ki czemu tworzy w pokoju malucha relaksuj\u0105cy i magiczny nastr\u00f3j. Wbudowany modu\u0142 d\u017awi\u0119kowo-\u015bwietlny oferuje 12 koj\u0105cych melodii, w tym delikatne ko\u0142ysanki i bia\u0142y szum, a funkcja timera pozwala na automatyczne wy\u0142\u0105czenie po 30, 60 lub 90 minutach.<\/p>\n<p>S\u0142onik zosta\u0142 wykonany z mi\u0119kkiego, bezpiecznego pluszu, kt\u00f3ry jest idealny do tulenia ju\u017c od pierwszych dni \u017cycia dziecka. Intuicyjne przyciski umo\u017cliwiaj\u0105 \u0142atw\u0105 regulacj\u0119 g\u0142o\u015bno\u015bci i obs\u0142ug\u0119 \u015bwiat\u0142a, zapewniaj\u0105c wygod\u0119 u\u017cytkowania dla rodzic\u00f3w. Przytulanka wspiera rozw\u00f3j sensoryczny dziecka, pobudzaj\u0105c zmys\u0142 wzroku dzi\u0119ki delikatnej projekcji \u015bwietlnej oraz zmys\u0142 s\u0142uchu przez uspokajaj\u0105ce melodie, a tak\u017ce wspomaga poczucie bezpiecze\u0144stwa i komfortu podczas zasypiania.<\/p>\n<p>Materia\u0142: mi\u0119kki plusz<br \/>\nWymiary: 38 \u00d7 22 \u00d7 33 cm<br \/>\nWiek: 0 m+<br \/>\nZasilanie: 3 \u00d7 AA 1,5V (brak w zestawie)<\/p>\n","protected":false},"excerpt":{"rendered":"<p>Mi\u0119ciutki S\u0142onik z Projektorem od marki Woopie to doskona\u0142y towarzysz snu dla noworodk\u00f3w i niemowl\u0105t. Przytulanka \u0142\u0105czy funkcj\u0119 projektora gwiazd i ksi\u0119\u017cyc\u00f3w z pozytywk\u0105 odtwarzaj\u0105c\u0105 uspokajaj\u0105ce melodie, dzi\u0119ki czemu tworzy w pokoju malucha relaksuj\u0105cy i magiczny nastr\u00f3j. Wbudowany modu\u0142 d\u017awi\u0119kowo-\u015bwietlny oferuje 12 koj\u0105cych melodii, w tym delikatne ko\u0142ysanki i bia\u0142y szum, a funkcja timera pozwala [&hellip;]<\/p>\n","protected":false},"featured_media":9420,"comment_status":"open","ping_status":"closed","template":"","meta":[],"product_brand":[],"product_cat":[135,61],"product_tag":[],"class_list":{"0":"post-9426","1":"product","2":"type-product","3":"status-publish","4":"has-post-thumbnail","6":"product_cat-przytulanki-pozytywki","7":"product_cat-zabawki","9":"first","10":"instock","11":"taxable","12":"shipping-taxable","13":"purchasable","14":"product-type-simple"},"_links":{"self":[{"href":"https:\/\/www.bobooaza.pl\/index.php\/wp-json\/wp\/v2\/product\/9426","targetHints":{"allow":["GET"]}}],"collection":[{"href":"https:\/\/www.bobooaza.pl\/index.php\/wp-json\/wp\/v2\/product"}],"about":[{"href":"https:\/\/www.bobooaza.pl\/index.php\/wp-json\/wp\/v2\/types\/product"}],"replies":[{"embeddable":true,"href":"https:\/\/www.bobooaza.pl\/index.php\/wp-json\/wp\/v2\/comments?post=9426"}],"wp:featuredmedia":[{"embeddable":true,"href":"https:\/\/www.bobooaza.pl\/index.php\/wp-json\/wp\/v2\/media\/9420"}],"wp:attachment":[{"href":"https:\/\/www.bobooaza.pl\/index.php\/wp-json\/wp\/v2\/media?parent=9426"}],"wp:term":[{"taxonomy":"product_brand","embeddable":true,"href":"https:\/\/www.bobooaza.pl\/index.php\/wp-json\/wp\/v2\/product_brand?post=9426"},{"taxonomy":"product_cat","embeddable":true,"href":"https:\/\/www.bobooaza.pl\/index.php\/wp-json\/wp\/v2\/product_cat?post=9426"},{"taxonomy":"product_tag","embeddable":true,"href":"https:\/\/www.bobooaza.pl\/index.php\/wp-json\/wp\/v2\/product_tag?post=9426"}],"curies":[{"name":"wp","href":"https:\/\/api.w.org\/{rel}","templated":true}]}}