{"id":9430,"date":"2025-12-28T22:28:38","date_gmt":"2025-12-28T21:28:38","guid":{"rendered":"https:\/\/bobooaza.pl\/index.php\/produkt\/b-o-737-przytulanka-dla-niemowlat-otter-maggie\/"},"modified":"2026-01-19T20:18:23","modified_gmt":"2026-01-19T19:18:23","slug":"b-o-737-przytulanka-dla-niemowlat-otter-maggie","status":"publish","type":"product","link":"https:\/\/www.bobooaza.pl\/index.php\/produkt\/b-o-737-przytulanka-dla-niemowlat-otter-maggie\/","title":{"rendered":"B.O.737 Przytulanka dla niemowl\u0105t OTTER MAGGIE"},"content":{"rendered":"<p>Przytulanka Wydra Maggie to idealny towarzysz dla najm\u0142odszych. Jej mi\u0119kkie, puszyste futerko zach\u0119ca do przytulania, a delikatna struktura sprawia, \u017ce dziecko od pierwszych chwil czuje si\u0119 bezpiecznie i komfortowo. Maggie to przyjazna i troskliwa przyjaci\u00f3\u0142ka, kt\u00f3ra oswaja \u015bwiat malucha i towarzyszy mu podczas pierwszych przyg\u00f3d.<\/p>\n<p>Wewn\u0105trz przytulanki znajduje si\u0119 grzechotka, kt\u00f3ra stymuluje rozw\u00f3j zmys\u0142\u00f3w i umiej\u0119tno\u015bci poznawczych dziecka. R\u00f3\u017cnorodne kszta\u0142ty, faktury i d\u017awi\u0119ki wspieraj\u0105 rozw\u00f3j wyobra\u017ani, a jednocze\u015bnie dostarczaj\u0105 maluchowi poczucie bezpiecze\u0144stwa. Maggie pe\u0142ni funkcj\u0119 zar\u00f3wno przytulanki, jak i grzechotki, \u0142\u0105cz\u0105c zabaw\u0119 z komfortem.<\/p>\n<p>Materia\u0142: 100% poliester<br \/>\nWymiary: 17 \u00d7 30 \u00d7 10 cm<br \/>\nWiek: 0 m+<\/p>\n","protected":false},"excerpt":{"rendered":"<p>Przytulanka Wydra Maggie to idealny towarzysz dla najm\u0142odszych. Jej mi\u0119kkie, puszyste futerko zach\u0119ca do przytulania, a delikatna struktura sprawia, \u017ce dziecko od pierwszych chwil czuje si\u0119 bezpiecznie i komfortowo. Maggie to przyjazna i troskliwa przyjaci\u00f3\u0142ka, kt\u00f3ra oswaja \u015bwiat malucha i towarzyszy mu podczas pierwszych przyg\u00f3d. Wewn\u0105trz przytulanki znajduje si\u0119 grzechotka, kt\u00f3ra stymuluje rozw\u00f3j zmys\u0142\u00f3w i [&hellip;]<\/p>\n","protected":false},"featured_media":9429,"comment_status":"open","ping_status":"closed","template":"","meta":[],"product_brand":[],"product_cat":[135,61],"product_tag":[],"class_list":{"0":"post-9430","1":"product","2":"type-product","3":"status-publish","4":"has-post-thumbnail","6":"product_cat-przytulanki-pozytywki","7":"product_cat-zabawki","9":"first","10":"instock","11":"taxable","12":"shipping-taxable","13":"purchasable","14":"product-type-simple"},"_links":{"self":[{"href":"https:\/\/www.bobooaza.pl\/index.php\/wp-json\/wp\/v2\/product\/9430","targetHints":{"allow":["GET"]}}],"collection":[{"href":"https:\/\/www.bobooaza.pl\/index.php\/wp-json\/wp\/v2\/product"}],"about":[{"href":"https:\/\/www.bobooaza.pl\/index.php\/wp-json\/wp\/v2\/types\/product"}],"replies":[{"embeddable":true,"href":"https:\/\/www.bobooaza.pl\/index.php\/wp-json\/wp\/v2\/comments?post=9430"}],"wp:featuredmedia":[{"embeddable":true,"href":"https:\/\/www.bobooaza.pl\/index.php\/wp-json\/wp\/v2\/media\/9429"}],"wp:attachment":[{"href":"https:\/\/www.bobooaza.pl\/index.php\/wp-json\/wp\/v2\/media?parent=9430"}],"wp:term":[{"taxonomy":"product_brand","embeddable":true,"href":"https:\/\/www.bobooaza.pl\/index.php\/wp-json\/wp\/v2\/product_brand?post=9430"},{"taxonomy":"product_cat","embeddable":true,"href":"https:\/\/www.bobooaza.pl\/index.php\/wp-json\/wp\/v2\/product_cat?post=9430"},{"taxonomy":"product_tag","embeddable":true,"href":"https:\/\/www.bobooaza.pl\/index.php\/wp-json\/wp\/v2\/product_tag?post=9430"}],"curies":[{"name":"wp","href":"https:\/\/api.w.org\/{rel}","templated":true}]}}