{"id":9443,"date":"2025-12-28T22:53:34","date_gmt":"2025-12-28T21:53:34","guid":{"rendered":"https:\/\/bobooaza.pl\/index.php\/produkt\/b-o-1632-pozytywka-koala-coco\/"},"modified":"2026-01-26T16:01:09","modified_gmt":"2026-01-26T15:01:09","slug":"b-o-1632-pozytywka-koala-coco","status":"publish","type":"product","link":"https:\/\/www.bobooaza.pl\/index.php\/produkt\/b-o-1632-pozytywka-koala-coco\/","title":{"rendered":"B.O.1632 Pozytywka KOALA COCO"},"content":{"rendered":"<p>Maskotka Koala Coco z pozytywk\u0105 to uroczy i przyjazny towarzysz codziennych zabaw, kt\u00f3ry wspiera rozw\u00f3j Twojego malucha od pierwszych dni \u017cycia. Mi\u0119kkie futerko przyjemnie otula w dotyku, a du\u017ce uszy koali zach\u0119caj\u0105 dziecko do chwytania i \u0107wiczenia zr\u0119czno\u015bci.<\/p>\n<p>Wbudowana pozytywka emituje koj\u0105ce melodie, kt\u00f3re uspokajaj\u0105 i pomagaj\u0105 skupi\u0107 uwag\u0119 malucha na zabawce, stymuluj\u0105c jednocze\u015bnie jego zmys\u0142y s\u0142uchu i dotyku. Pozytywka jest idealna do wprowadzenia rytua\u0142\u00f3w relaksacyjnych przed snem i wspierania poczucia bezpiecze\u0144stwa dziecka.<\/p>\n<p>Materia\u0142: 100% poliester<br \/>\nWiek dziecka: 0 m+<br \/>\nWymiary: 17 x 17 cm<\/p>\n","protected":false},"excerpt":{"rendered":"<p>Maskotka Koala Coco z pozytywk\u0105 to uroczy i przyjazny towarzysz codziennych zabaw, kt\u00f3ry wspiera rozw\u00f3j Twojego malucha od pierwszych dni \u017cycia. Mi\u0119kkie futerko przyjemnie otula w dotyku, a du\u017ce uszy koali zach\u0119caj\u0105 dziecko do chwytania i \u0107wiczenia zr\u0119czno\u015bci. Wbudowana pozytywka emituje koj\u0105ce melodie, kt\u00f3re uspokajaj\u0105 i pomagaj\u0105 skupi\u0107 uwag\u0119 malucha na zabawce, stymuluj\u0105c jednocze\u015bnie jego [&hellip;]<\/p>\n","protected":false},"featured_media":9442,"comment_status":"open","ping_status":"closed","template":"","meta":[],"product_brand":[],"product_cat":[135,61],"product_tag":[],"class_list":{"0":"post-9443","1":"product","2":"type-product","3":"status-publish","4":"has-post-thumbnail","6":"product_cat-przytulanki-pozytywki","7":"product_cat-zabawki","9":"first","10":"instock","11":"taxable","12":"shipping-taxable","13":"purchasable","14":"product-type-simple"},"_links":{"self":[{"href":"https:\/\/www.bobooaza.pl\/index.php\/wp-json\/wp\/v2\/product\/9443","targetHints":{"allow":["GET"]}}],"collection":[{"href":"https:\/\/www.bobooaza.pl\/index.php\/wp-json\/wp\/v2\/product"}],"about":[{"href":"https:\/\/www.bobooaza.pl\/index.php\/wp-json\/wp\/v2\/types\/product"}],"replies":[{"embeddable":true,"href":"https:\/\/www.bobooaza.pl\/index.php\/wp-json\/wp\/v2\/comments?post=9443"}],"wp:featuredmedia":[{"embeddable":true,"href":"https:\/\/www.bobooaza.pl\/index.php\/wp-json\/wp\/v2\/media\/9442"}],"wp:attachment":[{"href":"https:\/\/www.bobooaza.pl\/index.php\/wp-json\/wp\/v2\/media?parent=9443"}],"wp:term":[{"taxonomy":"product_brand","embeddable":true,"href":"https:\/\/www.bobooaza.pl\/index.php\/wp-json\/wp\/v2\/product_brand?post=9443"},{"taxonomy":"product_cat","embeddable":true,"href":"https:\/\/www.bobooaza.pl\/index.php\/wp-json\/wp\/v2\/product_cat?post=9443"},{"taxonomy":"product_tag","embeddable":true,"href":"https:\/\/www.bobooaza.pl\/index.php\/wp-json\/wp\/v2\/product_tag?post=9443"}],"curies":[{"name":"wp","href":"https:\/\/api.w.org\/{rel}","templated":true}]}}