{"id":9451,"date":"2025-12-28T23:06:57","date_gmt":"2025-12-28T22:06:57","guid":{"rendered":"https:\/\/bobooaza.pl\/index.php\/produkt\/4baby-ob01-pe-zabawka-pozytywka-music-toy-owl-niebieska\/"},"modified":"2025-12-28T23:08:11","modified_gmt":"2025-12-28T22:08:11","slug":"4baby-ob01-pe-zabawka-pozytywka-music-toy-owl-niebieska","status":"publish","type":"product","link":"https:\/\/www.bobooaza.pl\/index.php\/produkt\/4baby-ob01-pe-zabawka-pozytywka-music-toy-owl-niebieska\/","title":{"rendered":"4BABY OB01 P&amp;E Zabawka pozytywka Music Toy OWL niebieska"},"content":{"rendered":"<p>Zabawka pozytywka Music Toy OWL to mi\u0119kka, przyjemna w dotyku maskotka, kt\u00f3ra zach\u0119ca malucha do zabawy i wspiera rozw\u00f3j koordynacji wzrokowo-s\u0142uchowej oraz motorycznej. Delikatne, uspokajaj\u0105ce d\u017awi\u0119ki pozytywki pomagaj\u0105 dziecku wyciszy\u0107 si\u0119 i u\u0142atwiaj\u0105 zasypianie.<\/p>\n<p>R\u0119czny mechanizm pozytywki dzia\u0142a bez baterii, a uniwersalny, lekki uchwyt umo\u017cliwia \u0142atwy monta\u017c w w\u00f3zku, \u0142\u00f3\u017ceczku lub foteliku, co czyni zabawk\u0119 wszechstronn\u0105 i wygodn\u0105 w codziennym u\u017cytkowaniu. Music Toy OWL rozwija integracj\u0119 sensoryczn\u0105, stymuluje zmys\u0142y i wspiera interakcj\u0119 dziecka z otoczeniem ju\u017c od pierwszych dni \u017cycia.<\/p>\n<p>Materia\u0142: mi\u0119kki plusz<br \/>\nWiek dziecka: 0 m+<br \/>\nCertyfikat: CE<br \/>\nWymiary: roz\u0142o\u017cony 12 x 35\u201354 x 9 cm<\/p>\n","protected":false},"excerpt":{"rendered":"<p>Zabawka pozytywka Music Toy OWL to mi\u0119kka, przyjemna w dotyku maskotka, kt\u00f3ra zach\u0119ca malucha do zabawy i wspiera rozw\u00f3j koordynacji wzrokowo-s\u0142uchowej oraz motorycznej. Delikatne, uspokajaj\u0105ce d\u017awi\u0119ki pozytywki pomagaj\u0105 dziecku wyciszy\u0107 si\u0119 i u\u0142atwiaj\u0105 zasypianie. R\u0119czny mechanizm pozytywki dzia\u0142a bez baterii, a uniwersalny, lekki uchwyt umo\u017cliwia \u0142atwy monta\u017c w w\u00f3zku, \u0142\u00f3\u017ceczku lub foteliku, co czyni zabawk\u0119 [&hellip;]<\/p>\n","protected":false},"featured_media":9450,"comment_status":"open","ping_status":"closed","template":"","meta":[],"product_brand":[],"product_cat":[135,61],"product_tag":[],"class_list":{"0":"post-9451","1":"product","2":"type-product","3":"status-publish","4":"has-post-thumbnail","6":"product_cat-przytulanki-pozytywki","7":"product_cat-zabawki","9":"first","10":"instock","11":"taxable","12":"shipping-taxable","13":"purchasable","14":"product-type-simple"},"_links":{"self":[{"href":"https:\/\/www.bobooaza.pl\/index.php\/wp-json\/wp\/v2\/product\/9451","targetHints":{"allow":["GET"]}}],"collection":[{"href":"https:\/\/www.bobooaza.pl\/index.php\/wp-json\/wp\/v2\/product"}],"about":[{"href":"https:\/\/www.bobooaza.pl\/index.php\/wp-json\/wp\/v2\/types\/product"}],"replies":[{"embeddable":true,"href":"https:\/\/www.bobooaza.pl\/index.php\/wp-json\/wp\/v2\/comments?post=9451"}],"wp:featuredmedia":[{"embeddable":true,"href":"https:\/\/www.bobooaza.pl\/index.php\/wp-json\/wp\/v2\/media\/9450"}],"wp:attachment":[{"href":"https:\/\/www.bobooaza.pl\/index.php\/wp-json\/wp\/v2\/media?parent=9451"}],"wp:term":[{"taxonomy":"product_brand","embeddable":true,"href":"https:\/\/www.bobooaza.pl\/index.php\/wp-json\/wp\/v2\/product_brand?post=9451"},{"taxonomy":"product_cat","embeddable":true,"href":"https:\/\/www.bobooaza.pl\/index.php\/wp-json\/wp\/v2\/product_cat?post=9451"},{"taxonomy":"product_tag","embeddable":true,"href":"https:\/\/www.bobooaza.pl\/index.php\/wp-json\/wp\/v2\/product_tag?post=9451"}],"curies":[{"name":"wp","href":"https:\/\/api.w.org\/{rel}","templated":true}]}}