{"id":9617,"date":"2026-01-01T23:02:37","date_gmt":"2026-01-01T22:02:37","guid":{"rendered":"https:\/\/bobooaza.pl\/index.php\/produkt\/tiny-love-tl11134004-karuzela-podrozna-zabawa-na-lace\/"},"modified":"2026-01-01T23:03:41","modified_gmt":"2026-01-01T22:03:41","slug":"tiny-love-tl11134004-karuzela-podrozna-zabawa-na-lace","status":"publish","type":"product","link":"https:\/\/www.bobooaza.pl\/index.php\/produkt\/tiny-love-tl11134004-karuzela-podrozna-zabawa-na-lace\/","title":{"rendered":"TINY LOVE TL11134004 Karuzela podr\u00f3\u017cna \u2013 Zabawa na \u0142\u0105ce"},"content":{"rendered":"<p>Kompaktowa karuzela podr\u00f3\u017cna Zabawa na \u0142\u0105ce to praktyczna i przeno\u015bna zabawka, kt\u00f3r\u0105 mo\u017cna zabra\u0107 wsz\u0119dzie \u2013 na spacer, do w\u00f3zka, fotelika czy podczas podr\u00f3\u017cy. Zabawka zajmuje ma\u0142o miejsca po z\u0142o\u017ceniu, a jej konstrukcja chroni przed uszkodzeniem podczas transportu.<\/p>\n<p>Cechy produktu:<\/p>\n<p>4 zawieszki interaktywne:<\/p>\n<p>dzwoneczek wydaj\u0105cy delikatny, koj\u0105cy d\u017awi\u0119k<\/p>\n<p>grzechocz\u0105cy ptaszek<\/p>\n<p>jab\u0142uszko z bezpiecznym lusterkiem<\/p>\n<p>\u015blimaczek z grzechocz\u0105cymi k\u00f3\u0142eczkami<\/p>\n<p>\u0141atwy monta\u017c \u2013 za pomoc\u0105 praktycznego klipsa do w\u00f3zka, fotelika czy \u0142\u00f3\u017ceczka.<\/p>\n<p>Kompaktowa i przeno\u015bna \u2013 po z\u0142o\u017ceniu zajmuje niewiele miejsca i zmie\u015bci si\u0119 w ka\u017cdej torbie.<\/p>\n<p>Bezpieczna konstrukcja \u2013 spos\u00f3b sk\u0142adania zabezpiecza karuzel\u0119 przed uszkodzeniem w transporcie.<\/p>\n<p>Wskaz\u00f3wki rozwojowe:<\/p>\n<p>0m+ \u2013 stymuluje rozw\u00f3j sensoryczny dziecka, wspomaga percepcj\u0119 wzrokow\u0105 i s\u0142uchow\u0105, a tak\u017ce zach\u0119ca do chwytania i interakcji z zawieszkami.<\/p>\n<p>Karuzela podr\u00f3\u017cna Zabawa na \u0142\u0105ce to idealne rozwi\u0105zanie dla rodzic\u00f3w, kt\u00f3rzy chc\u0105 zapewni\u0107 dziecku zabaw\u0119 i rozw\u00f3j w ka\u017cdej sytuacji \u2013 w domu, w podr\u00f3\u017cy czy na spacerze.<\/p>\n","protected":false},"excerpt":{"rendered":"<p>Kompaktowa karuzela podr\u00f3\u017cna Zabawa na \u0142\u0105ce to praktyczna i przeno\u015bna zabawka, kt\u00f3r\u0105 mo\u017cna zabra\u0107 wsz\u0119dzie \u2013 na spacer, do w\u00f3zka, fotelika czy podczas podr\u00f3\u017cy. Zabawka zajmuje ma\u0142o miejsca po z\u0142o\u017ceniu, a jej konstrukcja chroni przed uszkodzeniem podczas transportu. Cechy produktu: 4 zawieszki interaktywne: dzwoneczek wydaj\u0105cy delikatny, koj\u0105cy d\u017awi\u0119k grzechocz\u0105cy ptaszek jab\u0142uszko z bezpiecznym lusterkiem \u015blimaczek [&hellip;]<\/p>\n","protected":false},"featured_media":9616,"comment_status":"open","ping_status":"closed","template":"","meta":[],"product_brand":[],"product_cat":[78,155,61],"product_tag":[],"class_list":{"0":"post-9617","1":"product","2":"type-product","3":"status-publish","4":"has-post-thumbnail","6":"product_cat-karuzele","7":"product_cat-podrozne","8":"product_cat-zabawki","10":"first","11":"instock","12":"taxable","13":"shipping-taxable","14":"purchasable","15":"product-type-simple"},"_links":{"self":[{"href":"https:\/\/www.bobooaza.pl\/index.php\/wp-json\/wp\/v2\/product\/9617","targetHints":{"allow":["GET"]}}],"collection":[{"href":"https:\/\/www.bobooaza.pl\/index.php\/wp-json\/wp\/v2\/product"}],"about":[{"href":"https:\/\/www.bobooaza.pl\/index.php\/wp-json\/wp\/v2\/types\/product"}],"replies":[{"embeddable":true,"href":"https:\/\/www.bobooaza.pl\/index.php\/wp-json\/wp\/v2\/comments?post=9617"}],"wp:featuredmedia":[{"embeddable":true,"href":"https:\/\/www.bobooaza.pl\/index.php\/wp-json\/wp\/v2\/media\/9616"}],"wp:attachment":[{"href":"https:\/\/www.bobooaza.pl\/index.php\/wp-json\/wp\/v2\/media?parent=9617"}],"wp:term":[{"taxonomy":"product_brand","embeddable":true,"href":"https:\/\/www.bobooaza.pl\/index.php\/wp-json\/wp\/v2\/product_brand?post=9617"},{"taxonomy":"product_cat","embeddable":true,"href":"https:\/\/www.bobooaza.pl\/index.php\/wp-json\/wp\/v2\/product_cat?post=9617"},{"taxonomy":"product_tag","embeddable":true,"href":"https:\/\/www.bobooaza.pl\/index.php\/wp-json\/wp\/v2\/product_tag?post=9617"}],"curies":[{"name":"wp","href":"https:\/\/api.w.org\/{rel}","templated":true}]}}