{"id":9619,"date":"2026-01-01T23:02:41","date_gmt":"2026-01-01T22:02:41","guid":{"rendered":"https:\/\/bobooaza.pl\/index.php\/produkt\/tiny-love-tl13055068-karuzela-podrozna-swiat-malej-ksiezniczki\/"},"modified":"2026-01-19T21:52:56","modified_gmt":"2026-01-19T20:52:56","slug":"tiny-love-tl13055068-karuzela-podrozna-swiat-malej-ksiezniczki","status":"publish","type":"product","link":"https:\/\/www.bobooaza.pl\/index.php\/produkt\/tiny-love-tl13055068-karuzela-podrozna-swiat-malej-ksiezniczki\/","title":{"rendered":"TINY LOVE TL13055068 Karuzela podr\u00f3\u017cna \u2013 \u015awiat Ma\u0142ej Ksi\u0119\u017cniczki"},"content":{"rendered":"<p>Urocza, muzyczna karuzela podr\u00f3\u017cna \u015awiat Ma\u0142ej Ksi\u0119\u017cniczki to idealna pierwsza zabawka maluszka, kt\u00f3r\u0105 mo\u017cesz zabra\u0107 prawie wsz\u0119dzie \u2013 na spacer, w podr\u00f3\u017c czy do \u0142\u00f3\u017ceczka podr\u00f3\u017cnego. Zapewnia dziecku zabaw\u0119, rozw\u00f3j sensoryczny oraz relaks przy koj\u0105cej muzyce.<\/p>\n<p>Cechy produktu:<\/p>\n<p>Muzyka i relaks \u2013 odtwarza nieprzerwanie 5 melodii przez 30 minut, wspieraj\u0105c rozw\u00f3j sensoryczny i koncentracj\u0119 dziecka.<\/p>\n<p>Pluszowe zabawki \u2013 obracaj\u0105ce si\u0119 w spokojnym rytmie o 360\u00b0 maskotki: myszka, ptaszek i lisek, kt\u00f3re przyci\u0105gaj\u0105 uwag\u0119 maluszka.<\/p>\n<p>Uniwersalne mocowanie \u2013 pasuje do wi\u0119kszo\u015bci \u0142\u00f3\u017ceczek podr\u00f3\u017cnych, kojc\u00f3w, fotelik\u00f3w samochodowych, w\u00f3zk\u00f3w i ko\u0142ysek.<\/p>\n<p>\u0141atwy monta\u017c:<\/p>\n<p>Du\u017cy klips do zamocowania na w\u00f3zku.<\/p>\n<p>Zapi\u0119cie na rzep umo\u017cliwiaj\u0105ce przypi\u0119cie karuzeli do fotelika.<\/p>\n<p>Uniwersalne mocowanie pasuj\u0105ce do r\u00f3\u017cnych powierzchni i sprz\u0119t\u00f3w.<\/p>\n<p>Wskaz\u00f3wki rozwojowe:<\/p>\n<p>0m+ \u2013 stymuluje rozw\u00f3j wzroku, s\u0142uchu i zdolno\u015bci chwytania, jednocze\u015bnie wprowadzaj\u0105c dziecko w przyjemn\u0105 rutyn\u0119 relaksacyjn\u0105.<\/p>\n<p>Karuzela podr\u00f3\u017cna \u015awiat Ma\u0142ej Ksi\u0119\u017cniczki to praktyczna, mobilna i bezpieczna zabawka, kt\u00f3ra uprzyjemnia czas maluszka w domu i w podr\u00f3\u017cy.<\/p>\n","protected":false},"excerpt":{"rendered":"<p>Urocza, muzyczna karuzela podr\u00f3\u017cna \u015awiat Ma\u0142ej Ksi\u0119\u017cniczki to idealna pierwsza zabawka maluszka, kt\u00f3r\u0105 mo\u017cesz zabra\u0107 prawie wsz\u0119dzie \u2013 na spacer, w podr\u00f3\u017c czy do \u0142\u00f3\u017ceczka podr\u00f3\u017cnego. Zapewnia dziecku zabaw\u0119, rozw\u00f3j sensoryczny oraz relaks przy koj\u0105cej muzyce. Cechy produktu: Muzyka i relaks \u2013 odtwarza nieprzerwanie 5 melodii przez 30 minut, wspieraj\u0105c rozw\u00f3j sensoryczny i koncentracj\u0119 dziecka. [&hellip;]<\/p>\n","protected":false},"featured_media":9618,"comment_status":"open","ping_status":"closed","template":"","meta":[],"product_brand":[],"product_cat":[78,155,61],"product_tag":[],"class_list":{"0":"post-9619","1":"product","2":"type-product","3":"status-publish","4":"has-post-thumbnail","6":"product_cat-karuzele","7":"product_cat-podrozne","8":"product_cat-zabawki","10":"first","11":"instock","12":"taxable","13":"shipping-taxable","14":"purchasable","15":"product-type-simple"},"_links":{"self":[{"href":"https:\/\/www.bobooaza.pl\/index.php\/wp-json\/wp\/v2\/product\/9619","targetHints":{"allow":["GET"]}}],"collection":[{"href":"https:\/\/www.bobooaza.pl\/index.php\/wp-json\/wp\/v2\/product"}],"about":[{"href":"https:\/\/www.bobooaza.pl\/index.php\/wp-json\/wp\/v2\/types\/product"}],"replies":[{"embeddable":true,"href":"https:\/\/www.bobooaza.pl\/index.php\/wp-json\/wp\/v2\/comments?post=9619"}],"wp:featuredmedia":[{"embeddable":true,"href":"https:\/\/www.bobooaza.pl\/index.php\/wp-json\/wp\/v2\/media\/9618"}],"wp:attachment":[{"href":"https:\/\/www.bobooaza.pl\/index.php\/wp-json\/wp\/v2\/media?parent=9619"}],"wp:term":[{"taxonomy":"product_brand","embeddable":true,"href":"https:\/\/www.bobooaza.pl\/index.php\/wp-json\/wp\/v2\/product_brand?post=9619"},{"taxonomy":"product_cat","embeddable":true,"href":"https:\/\/www.bobooaza.pl\/index.php\/wp-json\/wp\/v2\/product_cat?post=9619"},{"taxonomy":"product_tag","embeddable":true,"href":"https:\/\/www.bobooaza.pl\/index.php\/wp-json\/wp\/v2\/product_tag?post=9619"}],"curies":[{"name":"wp","href":"https:\/\/api.w.org\/{rel}","templated":true}]}}