{"id":9634,"date":"2026-01-01T23:51:58","date_gmt":"2026-01-01T22:51:58","guid":{"rendered":"https:\/\/bobooaza.pl\/index.php\/produkt\/b-o-825-02-gryzak-silikonowy-ring-rozowy\/"},"modified":"2026-01-01T23:55:12","modified_gmt":"2026-01-01T22:55:12","slug":"b-o-825-02-gryzak-silikonowy-ring-rozowy","status":"publish","type":"product","link":"https:\/\/www.bobooaza.pl\/index.php\/produkt\/b-o-825-02-gryzak-silikonowy-ring-rozowy\/","title":{"rendered":"B.O.825\/02 Gryzak silikonowy RING r\u00f3\u017cowy"},"content":{"rendered":"<p>Gryzak silikonowy Babyono RING to praktyczna i bezpieczna zabawka dla niemowl\u0105t w fazie z\u0105bkowania. Dzi\u0119ki mi\u0119kkiemu materia\u0142owi, ergonomicznemu kszta\u0142towi i wypustkom stymuluje zmys\u0142y i przynosi ulg\u0119 obola\u0142ym dzi\u0105se\u0142kom.<\/p>\n<p>Cechy produktu:<\/p>\n<p>Mi\u0119kki i por\u0119czny \u2013 idealny dla ma\u0142ych r\u0105czek, \u0142atwy do chwytania.<\/p>\n<p>\u0141agodzi b\u00f3l dzi\u0105se\u0142 \u2013 wypustki delikatnie masuj\u0105 dzi\u0105s\u0142a, a po sch\u0142odzeniu w lod\u00f3wce dodatkowo \u0142agodz\u0105 dyskomfort.<\/p>\n<p>Bezpieczny materia\u0142 \u2013 wykonany z silikonu wolnego od BPA, przyjazny dla niemowl\u0105t.<\/p>\n<p>Rozw\u00f3j sensoryczny \u2013 kszta\u0142ty geometryczne pobudzaj\u0105 ciekawo\u015b\u0107 i rozw\u00f3j percepcji dziecka.<\/p>\n<p>Mo\u017cliwo\u015b\u0107 ch\u0142odzenia \u2013 materia\u0142 pozwala na obni\u017cenie temperatury w lod\u00f3wce w celu dodatkowego ukojenia.<\/p>\n<p>Dane techniczne:<\/p>\n<p>Materia\u0142: silikon bez BPA<\/p>\n<p>Waga: 28 g<\/p>\n<p>Wiek dziecka: 0 m+<\/p>\n","protected":false},"excerpt":{"rendered":"<p>Gryzak silikonowy Babyono RING to praktyczna i bezpieczna zabawka dla niemowl\u0105t w fazie z\u0105bkowania. Dzi\u0119ki mi\u0119kkiemu materia\u0142owi, ergonomicznemu kszta\u0142towi i wypustkom stymuluje zmys\u0142y i przynosi ulg\u0119 obola\u0142ym dzi\u0105se\u0142kom. Cechy produktu: Mi\u0119kki i por\u0119czny \u2013 idealny dla ma\u0142ych r\u0105czek, \u0142atwy do chwytania. \u0141agodzi b\u00f3l dzi\u0105se\u0142 \u2013 wypustki delikatnie masuj\u0105 dzi\u0105s\u0142a, a po sch\u0142odzeniu w lod\u00f3wce dodatkowo [&hellip;]<\/p>\n","protected":false},"featured_media":9632,"comment_status":"open","ping_status":"closed","template":"","meta":[],"product_brand":[],"product_cat":[65,70,61],"product_tag":[],"class_list":{"0":"post-9634","1":"product","2":"type-product","3":"status-publish","4":"has-post-thumbnail","6":"product_cat-gryzaki","7":"product_cat-sensoryczne-i-montessori","8":"product_cat-zabawki","10":"first","11":"instock","12":"taxable","13":"shipping-taxable","14":"purchasable","15":"product-type-simple"},"_links":{"self":[{"href":"https:\/\/www.bobooaza.pl\/index.php\/wp-json\/wp\/v2\/product\/9634","targetHints":{"allow":["GET"]}}],"collection":[{"href":"https:\/\/www.bobooaza.pl\/index.php\/wp-json\/wp\/v2\/product"}],"about":[{"href":"https:\/\/www.bobooaza.pl\/index.php\/wp-json\/wp\/v2\/types\/product"}],"replies":[{"embeddable":true,"href":"https:\/\/www.bobooaza.pl\/index.php\/wp-json\/wp\/v2\/comments?post=9634"}],"wp:featuredmedia":[{"embeddable":true,"href":"https:\/\/www.bobooaza.pl\/index.php\/wp-json\/wp\/v2\/media\/9632"}],"wp:attachment":[{"href":"https:\/\/www.bobooaza.pl\/index.php\/wp-json\/wp\/v2\/media?parent=9634"}],"wp:term":[{"taxonomy":"product_brand","embeddable":true,"href":"https:\/\/www.bobooaza.pl\/index.php\/wp-json\/wp\/v2\/product_brand?post=9634"},{"taxonomy":"product_cat","embeddable":true,"href":"https:\/\/www.bobooaza.pl\/index.php\/wp-json\/wp\/v2\/product_cat?post=9634"},{"taxonomy":"product_tag","embeddable":true,"href":"https:\/\/www.bobooaza.pl\/index.php\/wp-json\/wp\/v2\/product_tag?post=9634"}],"curies":[{"name":"wp","href":"https:\/\/api.w.org\/{rel}","templated":true}]}}