{"id":9675,"date":"2026-01-02T00:09:27","date_gmt":"2026-01-01T23:09:27","guid":{"rendered":"https:\/\/bobooaza.pl\/index.php\/produkt\/mombella-gryzak-zabawka-malpka-blue-turkus\/"},"modified":"2026-01-02T00:17:54","modified_gmt":"2026-01-01T23:17:54","slug":"mombella-gryzak-zabawka-malpka-blue-turkus","status":"publish","type":"product","link":"https:\/\/www.bobooaza.pl\/index.php\/produkt\/mombella-gryzak-zabawka-malpka-blue-turkus\/","title":{"rendered":"Mombella Gryzak Zabawka Ma\u0142pka Blue-Turkus"},"content":{"rendered":"<p>Wielofunkcyjny gryzak w kszta\u0142cie ma\u0142pki zosta\u0142 zaprojektowany z my\u015bl\u0105 o najm\u0142odszych dzieciach. Produkt pe\u0142ni funkcj\u0119 gryzaka, zabawki oraz uchwytu na kubek. D\u0142ugie ramiona ma\u0142pki oferuj\u0105 ponad 20 mo\u017cliwo\u015bci zabawy, co inspiruje Malucha do kreatywnej interakcji i rozwija zdolno\u015bci motoryczne. Mi\u0119kka, elastyczna struktura idealnie pasuje do ma\u0142ych r\u0105czek, \u0142agodz\u0105c jednocze\u015bnie b\u00f3l podczas z\u0105bkowania. Atrakcyjny kszta\u0142t i \u017cywa kolorystyka zach\u0119caj\u0105 do samodzielnej zabawy.<\/p>\n<p>Produkt jest bezpieczny, odporny na och\u0142odzenie, \u0142atwy w gryzieniu i sterylizacji.<\/p>\n<p>Cechy produktu:<\/p>\n<p>Wielofunkcyjny: gryzak, zabawka i uchwyt na kubek<\/p>\n<p>Ponad 20 mo\u017cliwo\u015bci zabawy<\/p>\n<p>Mi\u0119kki i elastyczny \u2013 dzia\u0142a \u0142agodz\u0105co na dzi\u0105s\u0142a dziecka<\/p>\n<p>Ergonomiczny kszta\u0142t i rozmiar u\u0142atwiaj\u0105 chwytanie<\/p>\n<p>Bezpieczny kszta\u0142t \u2013 uniemo\u017cliwia zad\u0142awienie<\/p>\n<p>Wykonany z wysokiej jako\u015bci silikonu spo\u017cywczego<\/p>\n<p>Mo\u017cliwo\u015b\u0107 sterylizacji<\/p>\n<p>Wolny od BPA, ftalan\u00f3w i metali ci\u0119\u017ckich<\/p>\n<p>Dane techniczne:<\/p>\n<p>Materia\u0142: bezpieczny silikon spo\u017cywczy<\/p>\n<p>Wiek dziecka: 0 m+<\/p>\n<p>Wymiary:<\/p>\n<p>Szeroko\u015b\u0107: 10 cm<\/p>\n<p>Wysoko\u015b\u0107: 10 cm<\/p>\n<p>Grubo\u015b\u0107: 5 cm<\/p>\n","protected":false},"excerpt":{"rendered":"<p>Wielofunkcyjny gryzak w kszta\u0142cie ma\u0142pki zosta\u0142 zaprojektowany z my\u015bl\u0105 o najm\u0142odszych dzieciach. Produkt pe\u0142ni funkcj\u0119 gryzaka, zabawki oraz uchwytu na kubek. D\u0142ugie ramiona ma\u0142pki oferuj\u0105 ponad 20 mo\u017cliwo\u015bci zabawy, co inspiruje Malucha do kreatywnej interakcji i rozwija zdolno\u015bci motoryczne. Mi\u0119kka, elastyczna struktura idealnie pasuje do ma\u0142ych r\u0105czek, \u0142agodz\u0105c jednocze\u015bnie b\u00f3l podczas z\u0105bkowania. Atrakcyjny kszta\u0142t i [&hellip;]<\/p>\n","protected":false},"featured_media":9674,"comment_status":"open","ping_status":"closed","template":"","meta":[],"product_brand":[],"product_cat":[65,70,61],"product_tag":[],"class_list":{"0":"post-9675","1":"product","2":"type-product","3":"status-publish","4":"has-post-thumbnail","6":"product_cat-gryzaki","7":"product_cat-sensoryczne-i-montessori","8":"product_cat-zabawki","10":"first","11":"instock","12":"taxable","13":"shipping-taxable","14":"purchasable","15":"product-type-simple"},"_links":{"self":[{"href":"https:\/\/www.bobooaza.pl\/index.php\/wp-json\/wp\/v2\/product\/9675","targetHints":{"allow":["GET"]}}],"collection":[{"href":"https:\/\/www.bobooaza.pl\/index.php\/wp-json\/wp\/v2\/product"}],"about":[{"href":"https:\/\/www.bobooaza.pl\/index.php\/wp-json\/wp\/v2\/types\/product"}],"replies":[{"embeddable":true,"href":"https:\/\/www.bobooaza.pl\/index.php\/wp-json\/wp\/v2\/comments?post=9675"}],"wp:featuredmedia":[{"embeddable":true,"href":"https:\/\/www.bobooaza.pl\/index.php\/wp-json\/wp\/v2\/media\/9674"}],"wp:attachment":[{"href":"https:\/\/www.bobooaza.pl\/index.php\/wp-json\/wp\/v2\/media?parent=9675"}],"wp:term":[{"taxonomy":"product_brand","embeddable":true,"href":"https:\/\/www.bobooaza.pl\/index.php\/wp-json\/wp\/v2\/product_brand?post=9675"},{"taxonomy":"product_cat","embeddable":true,"href":"https:\/\/www.bobooaza.pl\/index.php\/wp-json\/wp\/v2\/product_cat?post=9675"},{"taxonomy":"product_tag","embeddable":true,"href":"https:\/\/www.bobooaza.pl\/index.php\/wp-json\/wp\/v2\/product_tag?post=9675"}],"curies":[{"name":"wp","href":"https:\/\/api.w.org\/{rel}","templated":true}]}}