{"id":9681,"date":"2026-01-02T00:42:19","date_gmt":"2026-01-01T23:42:19","guid":{"rendered":"https:\/\/bobooaza.pl\/index.php\/produkt\/ksiazeczka-materialowa-tuli-fun-harmonijka-kolor\/"},"modified":"2026-01-19T21:53:03","modified_gmt":"2026-01-19T20:53:03","slug":"ksiazeczka-materialowa-tuli-fun-harmonijka-kolor","status":"publish","type":"product","link":"https:\/\/www.bobooaza.pl\/index.php\/produkt\/ksiazeczka-materialowa-tuli-fun-harmonijka-kolor\/","title":{"rendered":"Ksi\u0105\u017ceczka materia\u0142owa TULI FUN Harmonijka Kolor"},"content":{"rendered":"<p>Kolorowa ksi\u0105\u017ceczka harmonijka TULI FUN to wspania\u0142a zabawka edukacyjna dla najm\u0142odszych dzieci, kt\u00f3ra \u0142\u0105czy zabaw\u0119 z rozwojem zmys\u0142\u00f3w. Z jednej strony harmonijki znajduj\u0105 si\u0119 urocze zwierz\u0105tka, z drugiej \u2013 pojazdy, co pozwala maluchowi poznawa\u0107 r\u00f3\u017cnorodne motywy i kolory.<\/p>\n<p>Strony ksi\u0105\u017ceczki wykonane zosta\u0142y z szeleszcz\u0105cego materia\u0142u, kt\u00f3ry stymuluje zar\u00f3wno zmys\u0142 dotyku, jak i s\u0142uchu dziecka. Ksi\u0105\u017ceczka posiada praktyczne troczki, umo\u017cliwiaj\u0105ce przywi\u0105zanie jej do \u0142\u00f3\u017ceczka lub w\u00f3zka, dzi\u0119ki czemu maluszek mo\u017ce bezpiecznie odkrywa\u0107 kolejne strony.<\/p>\n<p>Cechy produktu:<\/p>\n<p>Kolorowa ksi\u0105\u017ceczka harmonijka dla dzieci<\/p>\n<p>Strony z szeleszcz\u0105cego materia\u0142u \u2013 stymulacja dotyku i s\u0142uchu<\/p>\n<p>Kolorowe obrazki: zwierz\u0105tka i pojazdy<\/p>\n<p>Mo\u017cliwo\u015b\u0107 przewracania stron \u2013 rozw\u00f3j zdolno\u015bci manualnych<\/p>\n<p>Troczki do przywi\u0105zania ksi\u0105\u017ceczki do \u0142\u00f3\u017ceczka lub w\u00f3zka<\/p>\n<p>Wiek: 6 miesi\u0119cy+<\/p>\n<p>Dane techniczne:<\/p>\n<p>Materia\u0142: bezpieczny, odporny na rozci\u0105ganie i gryzienie<\/p>\n<p>Wiek dziecka: 6 m+<\/p>\n","protected":false},"excerpt":{"rendered":"<p>Kolorowa ksi\u0105\u017ceczka harmonijka TULI FUN to wspania\u0142a zabawka edukacyjna dla najm\u0142odszych dzieci, kt\u00f3ra \u0142\u0105czy zabaw\u0119 z rozwojem zmys\u0142\u00f3w. Z jednej strony harmonijki znajduj\u0105 si\u0119 urocze zwierz\u0105tka, z drugiej \u2013 pojazdy, co pozwala maluchowi poznawa\u0107 r\u00f3\u017cnorodne motywy i kolory. Strony ksi\u0105\u017ceczki wykonane zosta\u0142y z szeleszcz\u0105cego materia\u0142u, kt\u00f3ry stymuluje zar\u00f3wno zmys\u0142 dotyku, jak i s\u0142uchu dziecka. Ksi\u0105\u017ceczka [&hellip;]<\/p>\n","protected":false},"featured_media":9678,"comment_status":"open","ping_status":"closed","template":"","meta":[],"product_brand":[],"product_cat":[87,70,61],"product_tag":[],"class_list":{"0":"post-9681","1":"product","2":"type-product","3":"status-publish","4":"has-post-thumbnail","6":"product_cat-ksiazeczki","7":"product_cat-sensoryczne-i-montessori","8":"product_cat-zabawki","10":"first","11":"instock","12":"taxable","13":"shipping-taxable","14":"purchasable","15":"product-type-simple"},"_links":{"self":[{"href":"https:\/\/www.bobooaza.pl\/index.php\/wp-json\/wp\/v2\/product\/9681","targetHints":{"allow":["GET"]}}],"collection":[{"href":"https:\/\/www.bobooaza.pl\/index.php\/wp-json\/wp\/v2\/product"}],"about":[{"href":"https:\/\/www.bobooaza.pl\/index.php\/wp-json\/wp\/v2\/types\/product"}],"replies":[{"embeddable":true,"href":"https:\/\/www.bobooaza.pl\/index.php\/wp-json\/wp\/v2\/comments?post=9681"}],"wp:featuredmedia":[{"embeddable":true,"href":"https:\/\/www.bobooaza.pl\/index.php\/wp-json\/wp\/v2\/media\/9678"}],"wp:attachment":[{"href":"https:\/\/www.bobooaza.pl\/index.php\/wp-json\/wp\/v2\/media?parent=9681"}],"wp:term":[{"taxonomy":"product_brand","embeddable":true,"href":"https:\/\/www.bobooaza.pl\/index.php\/wp-json\/wp\/v2\/product_brand?post=9681"},{"taxonomy":"product_cat","embeddable":true,"href":"https:\/\/www.bobooaza.pl\/index.php\/wp-json\/wp\/v2\/product_cat?post=9681"},{"taxonomy":"product_tag","embeddable":true,"href":"https:\/\/www.bobooaza.pl\/index.php\/wp-json\/wp\/v2\/product_tag?post=9681"}],"curies":[{"name":"wp","href":"https:\/\/api.w.org\/{rel}","templated":true}]}}