{"id":9705,"date":"2026-01-02T00:42:35","date_gmt":"2026-01-01T23:42:35","guid":{"rendered":"https:\/\/bobooaza.pl\/index.php\/produkt\/b-o-1532-ksiazeczka-sensoryczna-sea-world\/"},"modified":"2026-01-02T00:55:56","modified_gmt":"2026-01-01T23:55:56","slug":"b-o-1532-ksiazeczka-sensoryczna-sea-world","status":"publish","type":"product","link":"https:\/\/www.bobooaza.pl\/index.php\/produkt\/b-o-1532-ksiazeczka-sensoryczna-sea-world\/","title":{"rendered":"B.O.1532 Ksi\u0105\u017ceczka sensoryczna SEA WORLD"},"content":{"rendered":"<p>Ksi\u0105\u017ceczka sensoryczna Sea World przenosi malucha w fascynuj\u0105cy, podwodny \u015bwiat, stymuluj\u0105c rozw\u00f3j sensoryczny od pierwszych dni \u017cycia. Dzi\u0119ki r\u00f3\u017cnorodnym materia\u0142om i fakturom dziecko poznaje \u015bwiat poprzez dotyk, a filcowe elementy zapewniaj\u0105 mi\u0119kko\u015b\u0107, bezpiecze\u0144stwo i trwa\u0142o\u015b\u0107 nawet podczas intensywnej zabawy.<\/p>\n<p>Ukryte elementy, odczepiane rzepy i liczne niespodzianki pobudzaj\u0105 ciekawo\u015b\u0107 dziecka, zach\u0119caj\u0105 do samodzielnego odkrywania oraz rozwijaj\u0105 koncentracj\u0119 i logiczne my\u015blenie.<\/p>\n<p>Cechy ksi\u0105\u017ceczki:<\/p>\n<p>Mnogo\u015b\u0107 faktur \u2013 r\u00f3\u017cnorodne materia\u0142y pobudzaj\u0105 wra\u017cenia dotykowe i zach\u0119caj\u0105 do eksploracji<\/p>\n<p>Sensoryczne tkaniny \u2013 filcowe elementy mi\u0119kkie, bezpieczne i wytrzyma\u0142e<\/p>\n<p>Rozw\u00f3j wzroku \u2013 stonowana kolorystyka sprzyja obserwacji i poznawaniu \u015bwiata<\/p>\n<p>Interaktywna zabawa \u2013 odczepiane rzepy i elementy do manipulowania rozwijaj\u0105 koordynacj\u0119 i zdolno\u015bci manualne<\/p>\n<p>Pe\u0142na niespodzianek \u2013 ukryte postacie i elementy do odkrycia, np. rybka za siatk\u0105, rozgwiazda za wodorostami<\/p>\n<p>Odpowiedni rozmiar \u2013 idealny dla ma\u0142ych r\u0105czek<\/p>\n<p>Praktyczna zawieszka \u2013 umo\u017cliwia przyczepienie ksi\u0105\u017ceczki do w\u00f3zka, \u0142\u00f3\u017ceczka lub fotelika<\/p>\n<p>Dane techniczne:<\/p>\n<p>Materia\u0142: poliester<\/p>\n<p>Wiek dziecka: 0 miesi\u0119cy+<\/p>\n","protected":false},"excerpt":{"rendered":"<p>Ksi\u0105\u017ceczka sensoryczna Sea World przenosi malucha w fascynuj\u0105cy, podwodny \u015bwiat, stymuluj\u0105c rozw\u00f3j sensoryczny od pierwszych dni \u017cycia. Dzi\u0119ki r\u00f3\u017cnorodnym materia\u0142om i fakturom dziecko poznaje \u015bwiat poprzez dotyk, a filcowe elementy zapewniaj\u0105 mi\u0119kko\u015b\u0107, bezpiecze\u0144stwo i trwa\u0142o\u015b\u0107 nawet podczas intensywnej zabawy. Ukryte elementy, odczepiane rzepy i liczne niespodzianki pobudzaj\u0105 ciekawo\u015b\u0107 dziecka, zach\u0119caj\u0105 do samodzielnego odkrywania oraz rozwijaj\u0105 [&hellip;]<\/p>\n","protected":false},"featured_media":9703,"comment_status":"open","ping_status":"closed","template":"","meta":[],"product_brand":[],"product_cat":[87,70,61],"product_tag":[],"class_list":{"0":"post-9705","1":"product","2":"type-product","3":"status-publish","4":"has-post-thumbnail","6":"product_cat-ksiazeczki","7":"product_cat-sensoryczne-i-montessori","8":"product_cat-zabawki","10":"first","11":"instock","12":"taxable","13":"shipping-taxable","14":"purchasable","15":"product-type-simple"},"_links":{"self":[{"href":"https:\/\/www.bobooaza.pl\/index.php\/wp-json\/wp\/v2\/product\/9705","targetHints":{"allow":["GET"]}}],"collection":[{"href":"https:\/\/www.bobooaza.pl\/index.php\/wp-json\/wp\/v2\/product"}],"about":[{"href":"https:\/\/www.bobooaza.pl\/index.php\/wp-json\/wp\/v2\/types\/product"}],"replies":[{"embeddable":true,"href":"https:\/\/www.bobooaza.pl\/index.php\/wp-json\/wp\/v2\/comments?post=9705"}],"wp:featuredmedia":[{"embeddable":true,"href":"https:\/\/www.bobooaza.pl\/index.php\/wp-json\/wp\/v2\/media\/9703"}],"wp:attachment":[{"href":"https:\/\/www.bobooaza.pl\/index.php\/wp-json\/wp\/v2\/media?parent=9705"}],"wp:term":[{"taxonomy":"product_brand","embeddable":true,"href":"https:\/\/www.bobooaza.pl\/index.php\/wp-json\/wp\/v2\/product_brand?post=9705"},{"taxonomy":"product_cat","embeddable":true,"href":"https:\/\/www.bobooaza.pl\/index.php\/wp-json\/wp\/v2\/product_cat?post=9705"},{"taxonomy":"product_tag","embeddable":true,"href":"https:\/\/www.bobooaza.pl\/index.php\/wp-json\/wp\/v2\/product_tag?post=9705"}],"curies":[{"name":"wp","href":"https:\/\/api.w.org\/{rel}","templated":true}]}}