{"id":9848,"date":"2026-01-02T22:49:21","date_gmt":"2026-01-02T21:49:21","guid":{"rendered":"https:\/\/bobooaza.pl\/index.php\/produkt\/milly-mally-0596-grzechotka-shaker-colorful-shaker\/"},"modified":"2026-01-02T22:58:06","modified_gmt":"2026-01-02T21:58:06","slug":"milly-mally-0596-grzechotka-shaker-colorful-shaker","status":"publish","type":"product","link":"https:\/\/www.bobooaza.pl\/index.php\/produkt\/milly-mally-0596-grzechotka-shaker-colorful-shaker\/","title":{"rendered":"MILLY MALLY 0596 Grzechotka Shaker-Colorful shaker"},"content":{"rendered":"<p>Grzechotka Milly Mally Shaker-Colorful Shaker to zabawka stymuluj\u0105ca rozw\u00f3j sensoryczny niemowl\u0105t. Wewn\u0105trz przezroczystego shakera znajduje si\u0119 spirala z kolorowymi kuleczkami, kt\u00f3re podczas potrz\u0105sania grzechocz\u0105 i d\u017awi\u0119cz\u0105, przyci\u0105gaj\u0105c uwag\u0119 dziecka i rozwijaj\u0105c jego zmys\u0142 s\u0142uchu. Trzy boczne uchwyty u\u0142atwiaj\u0105 trzymanie zabawki i umo\u017cliwiaj\u0105 \u0107wiczenie chwytu oraz przenoszenie przedmiotu z r\u0105czki do r\u0105czki. Na uchwytach znajduj\u0105 si\u0119 kolorowe obr\u0119cze o r\u00f3\u017cnych teksturach oraz element gryzaka wspomagaj\u0105cy z\u0105bkowanie. Dodatkowo na ko\u0144cach uchwyt\u00f3w umieszczono ma\u0142e lustereczka, kt\u00f3re odbijaj\u0105 \u015bwiat\u0142o i wspieraj\u0105 rozw\u00f3j percepcji wzrokowej. Zabawka jest lekka, \u0142atwa do trzymania w ma\u0142ych r\u0105czkach i bezpieczna dla dzieci od pierwszych dni \u017cycia.<\/p>\n<p>WYMIARY OPAKOWANIA JEDNOSTKOWEGO:<br \/>\nD\u0142ugo\u015b\u0107: 16 cm<br \/>\nSzeroko\u015b\u0107: 20 cm<br \/>\nWysoko\u015b\u0107: 8 cm<br \/>\nWaga:0,122 kg<\/p>\n","protected":false},"excerpt":{"rendered":"<p>Grzechotka Milly Mally Shaker-Colorful Shaker to zabawka stymuluj\u0105ca rozw\u00f3j sensoryczny niemowl\u0105t. Wewn\u0105trz przezroczystego shakera znajduje si\u0119 spirala z kolorowymi kuleczkami, kt\u00f3re podczas potrz\u0105sania grzechocz\u0105 i d\u017awi\u0119cz\u0105, przyci\u0105gaj\u0105c uwag\u0119 dziecka i rozwijaj\u0105c jego zmys\u0142 s\u0142uchu. Trzy boczne uchwyty u\u0142atwiaj\u0105 trzymanie zabawki i umo\u017cliwiaj\u0105 \u0107wiczenie chwytu oraz przenoszenie przedmiotu z r\u0105czki do r\u0105czki. Na uchwytach znajduj\u0105 si\u0119 [&hellip;]<\/p>\n","protected":false},"featured_media":9846,"comment_status":"open","ping_status":"closed","template":"","meta":[],"product_brand":[],"product_cat":[116,70,61],"product_tag":[],"class_list":{"0":"post-9848","1":"product","2":"type-product","3":"status-publish","4":"has-post-thumbnail","6":"product_cat-grzechotki","7":"product_cat-sensoryczne-i-montessori","8":"product_cat-zabawki","10":"first","11":"instock","12":"taxable","13":"shipping-taxable","14":"purchasable","15":"product-type-simple"},"_links":{"self":[{"href":"https:\/\/www.bobooaza.pl\/index.php\/wp-json\/wp\/v2\/product\/9848","targetHints":{"allow":["GET"]}}],"collection":[{"href":"https:\/\/www.bobooaza.pl\/index.php\/wp-json\/wp\/v2\/product"}],"about":[{"href":"https:\/\/www.bobooaza.pl\/index.php\/wp-json\/wp\/v2\/types\/product"}],"replies":[{"embeddable":true,"href":"https:\/\/www.bobooaza.pl\/index.php\/wp-json\/wp\/v2\/comments?post=9848"}],"wp:featuredmedia":[{"embeddable":true,"href":"https:\/\/www.bobooaza.pl\/index.php\/wp-json\/wp\/v2\/media\/9846"}],"wp:attachment":[{"href":"https:\/\/www.bobooaza.pl\/index.php\/wp-json\/wp\/v2\/media?parent=9848"}],"wp:term":[{"taxonomy":"product_brand","embeddable":true,"href":"https:\/\/www.bobooaza.pl\/index.php\/wp-json\/wp\/v2\/product_brand?post=9848"},{"taxonomy":"product_cat","embeddable":true,"href":"https:\/\/www.bobooaza.pl\/index.php\/wp-json\/wp\/v2\/product_cat?post=9848"},{"taxonomy":"product_tag","embeddable":true,"href":"https:\/\/www.bobooaza.pl\/index.php\/wp-json\/wp\/v2\/product_tag?post=9848"}],"curies":[{"name":"wp","href":"https:\/\/api.w.org\/{rel}","templated":true}]}}