{"id":9862,"date":"2026-01-02T22:49:32","date_gmt":"2026-01-02T21:49:32","guid":{"rendered":"https:\/\/bobooaza.pl\/index.php\/produkt\/milly-mally-0581-grzechotka-osemka-shaped\/"},"modified":"2026-01-19T21:53:12","modified_gmt":"2026-01-19T20:53:12","slug":"milly-mally-0581-grzechotka-osemka-shaped","status":"publish","type":"product","link":"https:\/\/www.bobooaza.pl\/index.php\/produkt\/milly-mally-0581-grzechotka-osemka-shaped\/","title":{"rendered":"MILLY MALLY 0581 Grzechotka \u00d3semka &#8211; Shaped"},"content":{"rendered":"<p>Grzechotka MILLY MALLY 0581 \u00d3semka to zabawka stworzona z my\u015bl\u0105 o najm\u0142odszych dzieciach, kt\u00f3ra stymuluje zmys\u0142y i wspiera rozw\u00f3j motoryki ma\u0142ej. Dziecko mo\u017ce przekr\u0119ca\u0107 spiral\u0119 w prawo i lewo, przesuwa\u0107 zawieszone na p\u0119tli kolorowe k\u00f3\u0142ka oraz potrz\u0105sa\u0107 grzechotk\u0105, dzi\u0119ki czemu kolorowe kuleczki wewn\u0105trz wydaj\u0105 d\u017awi\u0119ki. R\u00f3\u017cnorodne struktury na powierzchni zabawki dostarczaj\u0105 bod\u017ac\u00f3w sensorycznych, a ergonomiczny kszta\u0142t u\u0142atwia trzymanie w ma\u0142ych r\u0105czkach.<\/p>\n<p>Grzechotka jest odpowiednia dla dzieci od pierwszych dni \u017cycia i posiada certyfikat bezpiecze\u0144stwa. Wymiary zabawki to 11 cm d\u0142ugo\u015bci, 7,5 cm szeroko\u015bci i 3,5 cm wysoko\u015bci.<\/p>\n","protected":false},"excerpt":{"rendered":"<p>Grzechotka MILLY MALLY 0581 \u00d3semka to zabawka stworzona z my\u015bl\u0105 o najm\u0142odszych dzieciach, kt\u00f3ra stymuluje zmys\u0142y i wspiera rozw\u00f3j motoryki ma\u0142ej. Dziecko mo\u017ce przekr\u0119ca\u0107 spiral\u0119 w prawo i lewo, przesuwa\u0107 zawieszone na p\u0119tli kolorowe k\u00f3\u0142ka oraz potrz\u0105sa\u0107 grzechotk\u0105, dzi\u0119ki czemu kolorowe kuleczki wewn\u0105trz wydaj\u0105 d\u017awi\u0119ki. R\u00f3\u017cnorodne struktury na powierzchni zabawki dostarczaj\u0105 bod\u017ac\u00f3w sensorycznych, a ergonomiczny [&hellip;]<\/p>\n","protected":false},"featured_media":9861,"comment_status":"open","ping_status":"closed","template":"","meta":[],"product_brand":[],"product_cat":[116,70,61],"product_tag":[],"class_list":{"0":"post-9862","1":"product","2":"type-product","3":"status-publish","4":"has-post-thumbnail","6":"product_cat-grzechotki","7":"product_cat-sensoryczne-i-montessori","8":"product_cat-zabawki","10":"first","11":"instock","12":"taxable","13":"shipping-taxable","14":"purchasable","15":"product-type-simple"},"_links":{"self":[{"href":"https:\/\/www.bobooaza.pl\/index.php\/wp-json\/wp\/v2\/product\/9862","targetHints":{"allow":["GET"]}}],"collection":[{"href":"https:\/\/www.bobooaza.pl\/index.php\/wp-json\/wp\/v2\/product"}],"about":[{"href":"https:\/\/www.bobooaza.pl\/index.php\/wp-json\/wp\/v2\/types\/product"}],"replies":[{"embeddable":true,"href":"https:\/\/www.bobooaza.pl\/index.php\/wp-json\/wp\/v2\/comments?post=9862"}],"wp:featuredmedia":[{"embeddable":true,"href":"https:\/\/www.bobooaza.pl\/index.php\/wp-json\/wp\/v2\/media\/9861"}],"wp:attachment":[{"href":"https:\/\/www.bobooaza.pl\/index.php\/wp-json\/wp\/v2\/media?parent=9862"}],"wp:term":[{"taxonomy":"product_brand","embeddable":true,"href":"https:\/\/www.bobooaza.pl\/index.php\/wp-json\/wp\/v2\/product_brand?post=9862"},{"taxonomy":"product_cat","embeddable":true,"href":"https:\/\/www.bobooaza.pl\/index.php\/wp-json\/wp\/v2\/product_cat?post=9862"},{"taxonomy":"product_tag","embeddable":true,"href":"https:\/\/www.bobooaza.pl\/index.php\/wp-json\/wp\/v2\/product_tag?post=9862"}],"curies":[{"name":"wp","href":"https:\/\/api.w.org\/{rel}","templated":true}]}}