{"id":9870,"date":"2026-01-02T22:49:36","date_gmt":"2026-01-02T21:49:36","guid":{"rendered":"https:\/\/bobooaza.pl\/index.php\/produkt\/b-o-1634-grzechotka-koala-coco\/"},"modified":"2026-01-02T22:58:10","modified_gmt":"2026-01-02T21:58:10","slug":"b-o-1634-grzechotka-koala-coco","status":"publish","type":"product","link":"https:\/\/www.bobooaza.pl\/index.php\/produkt\/b-o-1634-grzechotka-koala-coco\/","title":{"rendered":"B.O.1634 Grzechotka KOALA COCO"},"content":{"rendered":"<p>Grzechotka B.O.1634 KOALA COCO to zabawka, kt\u00f3ra wspiera rozw\u00f3j sensoryczny najm\u0142odszych dzieci. Ergonomiczny kszta\u0142t grzechotki zosta\u0142 tak zaprojektowany, aby idealnie pasowa\u0107 do ma\u0142ych r\u0105czek, a du\u017ce uszy i d\u0142ugie r\u0119ce pomagaj\u0105 w \u0107wiczeniu zr\u0119czno\u015bci i koordynacji ruchowej.<\/p>\n<p>Kolorowe koraliki przyci\u0105gaj\u0105 wzrok dziecka, a delikatne d\u017awi\u0119ki wydawane podczas potrz\u0105sania pobudzaj\u0105 s\u0142uch i anga\u017cuj\u0105 malucha w zabaw\u0119. R\u00f3\u017cnorodne tekstury grzechotki wspieraj\u0105 rozw\u00f3j zmys\u0142u dotyku, dostarczaj\u0105c maluchowi nowych bod\u017ac\u00f3w i pomagaj\u0105c w nauce manipulacji przedmiotami.<\/p>\n<p>Grzechotka wykonana jest z bezpiecznych materia\u0142\u00f3w \u2013 poliestru i plastiku \u2013 i jest odpowiednia dla dzieci od pierwszych dni \u017cycia. Wymiary 15 x 15 cm sprawiaj\u0105, \u017ce zabawka jest wygodna do chwytania i u\u017cytkowania w czasie codziennej zabawy.<\/p>\n","protected":false},"excerpt":{"rendered":"<p>Grzechotka B.O.1634 KOALA COCO to zabawka, kt\u00f3ra wspiera rozw\u00f3j sensoryczny najm\u0142odszych dzieci. Ergonomiczny kszta\u0142t grzechotki zosta\u0142 tak zaprojektowany, aby idealnie pasowa\u0107 do ma\u0142ych r\u0105czek, a du\u017ce uszy i d\u0142ugie r\u0119ce pomagaj\u0105 w \u0107wiczeniu zr\u0119czno\u015bci i koordynacji ruchowej. Kolorowe koraliki przyci\u0105gaj\u0105 wzrok dziecka, a delikatne d\u017awi\u0119ki wydawane podczas potrz\u0105sania pobudzaj\u0105 s\u0142uch i anga\u017cuj\u0105 malucha w zabaw\u0119. [&hellip;]<\/p>\n","protected":false},"featured_media":9869,"comment_status":"open","ping_status":"closed","template":"","meta":[],"product_brand":[],"product_cat":[116,70,61],"product_tag":[],"class_list":{"0":"post-9870","1":"product","2":"type-product","3":"status-publish","4":"has-post-thumbnail","6":"product_cat-grzechotki","7":"product_cat-sensoryczne-i-montessori","8":"product_cat-zabawki","10":"first","11":"instock","12":"taxable","13":"shipping-taxable","14":"purchasable","15":"product-type-simple"},"_links":{"self":[{"href":"https:\/\/www.bobooaza.pl\/index.php\/wp-json\/wp\/v2\/product\/9870","targetHints":{"allow":["GET"]}}],"collection":[{"href":"https:\/\/www.bobooaza.pl\/index.php\/wp-json\/wp\/v2\/product"}],"about":[{"href":"https:\/\/www.bobooaza.pl\/index.php\/wp-json\/wp\/v2\/types\/product"}],"replies":[{"embeddable":true,"href":"https:\/\/www.bobooaza.pl\/index.php\/wp-json\/wp\/v2\/comments?post=9870"}],"wp:featuredmedia":[{"embeddable":true,"href":"https:\/\/www.bobooaza.pl\/index.php\/wp-json\/wp\/v2\/media\/9869"}],"wp:attachment":[{"href":"https:\/\/www.bobooaza.pl\/index.php\/wp-json\/wp\/v2\/media?parent=9870"}],"wp:term":[{"taxonomy":"product_brand","embeddable":true,"href":"https:\/\/www.bobooaza.pl\/index.php\/wp-json\/wp\/v2\/product_brand?post=9870"},{"taxonomy":"product_cat","embeddable":true,"href":"https:\/\/www.bobooaza.pl\/index.php\/wp-json\/wp\/v2\/product_cat?post=9870"},{"taxonomy":"product_tag","embeddable":true,"href":"https:\/\/www.bobooaza.pl\/index.php\/wp-json\/wp\/v2\/product_tag?post=9870"}],"curies":[{"name":"wp","href":"https:\/\/api.w.org\/{rel}","templated":true}]}}