{"id":9882,"date":"2026-01-02T22:49:45","date_gmt":"2026-01-02T21:49:45","guid":{"rendered":"https:\/\/bobooaza.pl\/index.php\/produkt\/b-o-1628-grzechotka-car\/"},"modified":"2026-01-02T22:58:12","modified_gmt":"2026-01-02T21:58:12","slug":"b-o-1628-grzechotka-car","status":"publish","type":"product","link":"https:\/\/www.bobooaza.pl\/index.php\/produkt\/b-o-1628-grzechotka-car\/","title":{"rendered":"B.O.1628 Grzechotka CAR"},"content":{"rendered":"<p>Grzechotka B.O.1628 CAR to doskona\u0142a pierwsza zabawka dla niemowl\u0105t, kt\u00f3ra \u0142\u0105czy atrakcyjny, kolorowy wygl\u0105d z funkcj\u0105 stymulacji zmys\u0142\u00f3w. Wykonana w ca\u0142o\u015bci z bezpiecznych i przyjemnych w dotyku materia\u0142\u00f3w, pozwala maluchowi komfortowo trzyma\u0107 j\u0105 w ma\u0142ych r\u0105czkach.<\/p>\n<p>Delikatne d\u017awi\u0119ki wydawane przez grzechotk\u0119 przyci\u0105gaj\u0105 uwag\u0119 dziecka i wspieraj\u0105 rozw\u00f3j jego s\u0142uchu, a kolorowy design zach\u0119ca do eksplorowania i poznawania \u015bwiata. Zabawa grzechotk\u0105 CAR wspiera koordynacj\u0119 r\u0119ka\u2013oko oraz rozw\u00f3j zdolno\u015bci manualnych w spos\u00f3b bezpieczny i anga\u017cuj\u0105cy.<\/p>\n<p>Produkt jest odpowiedni dla dzieci ju\u017c od pierwszych dni \u017cycia. Wymiary grzechotki wynosz\u0105 11 x 3 cm, co sprawia, \u017ce jest por\u0119czna i \u0142atwa do chwytania przez najm\u0142odszych.<\/p>\n","protected":false},"excerpt":{"rendered":"<p>Grzechotka B.O.1628 CAR to doskona\u0142a pierwsza zabawka dla niemowl\u0105t, kt\u00f3ra \u0142\u0105czy atrakcyjny, kolorowy wygl\u0105d z funkcj\u0105 stymulacji zmys\u0142\u00f3w. Wykonana w ca\u0142o\u015bci z bezpiecznych i przyjemnych w dotyku materia\u0142\u00f3w, pozwala maluchowi komfortowo trzyma\u0107 j\u0105 w ma\u0142ych r\u0105czkach. Delikatne d\u017awi\u0119ki wydawane przez grzechotk\u0119 przyci\u0105gaj\u0105 uwag\u0119 dziecka i wspieraj\u0105 rozw\u00f3j jego s\u0142uchu, a kolorowy design zach\u0119ca do eksplorowania [&hellip;]<\/p>\n","protected":false},"featured_media":9880,"comment_status":"open","ping_status":"closed","template":"","meta":[],"product_brand":[],"product_cat":[116,70,61],"product_tag":[],"class_list":{"0":"post-9882","1":"product","2":"type-product","3":"status-publish","4":"has-post-thumbnail","6":"product_cat-grzechotki","7":"product_cat-sensoryczne-i-montessori","8":"product_cat-zabawki","10":"first","11":"instock","12":"taxable","13":"shipping-taxable","14":"purchasable","15":"product-type-simple"},"_links":{"self":[{"href":"https:\/\/www.bobooaza.pl\/index.php\/wp-json\/wp\/v2\/product\/9882","targetHints":{"allow":["GET"]}}],"collection":[{"href":"https:\/\/www.bobooaza.pl\/index.php\/wp-json\/wp\/v2\/product"}],"about":[{"href":"https:\/\/www.bobooaza.pl\/index.php\/wp-json\/wp\/v2\/types\/product"}],"replies":[{"embeddable":true,"href":"https:\/\/www.bobooaza.pl\/index.php\/wp-json\/wp\/v2\/comments?post=9882"}],"wp:featuredmedia":[{"embeddable":true,"href":"https:\/\/www.bobooaza.pl\/index.php\/wp-json\/wp\/v2\/media\/9880"}],"wp:attachment":[{"href":"https:\/\/www.bobooaza.pl\/index.php\/wp-json\/wp\/v2\/media?parent=9882"}],"wp:term":[{"taxonomy":"product_brand","embeddable":true,"href":"https:\/\/www.bobooaza.pl\/index.php\/wp-json\/wp\/v2\/product_brand?post=9882"},{"taxonomy":"product_cat","embeddable":true,"href":"https:\/\/www.bobooaza.pl\/index.php\/wp-json\/wp\/v2\/product_cat?post=9882"},{"taxonomy":"product_tag","embeddable":true,"href":"https:\/\/www.bobooaza.pl\/index.php\/wp-json\/wp\/v2\/product_tag?post=9882"}],"curies":[{"name":"wp","href":"https:\/\/api.w.org\/{rel}","templated":true}]}}