{"id":9900,"date":"2026-01-02T22:56:32","date_gmt":"2026-01-02T21:56:32","guid":{"rendered":"https:\/\/bobooaza.pl\/index.php\/produkt\/canpol-79-101-interaktywna-zabawka-z-grzechotka-mis-zielony\/"},"modified":"2026-01-02T22:58:15","modified_gmt":"2026-01-02T21:58:15","slug":"canpol-79-101-interaktywna-zabawka-z-grzechotka-mis-zielony","status":"publish","type":"product","link":"https:\/\/www.bobooaza.pl\/index.php\/produkt\/canpol-79-101-interaktywna-zabawka-z-grzechotka-mis-zielony\/","title":{"rendered":"CANPOL 79\/101 Interaktywna zabawka z grzechotk\u0105 mi\u015b zielony"},"content":{"rendered":"<p>Grzechotka CANPOL 79\/101 \u2013 Interaktywna zabawka Mi\u015b zielony to wielofunkcyjna zabawka stymuluj\u0105ca rozw\u00f3j dziecka. Posiada r\u00f3\u017cne faktury i kontrastowe kolory, kt\u00f3re pobudzaj\u0105 zmys\u0142y malucha. Elastyczne, a\u017curowe elementy u\u0142atwiaj\u0105 chwytanie i rzucanie, a przezroczysta cz\u0119\u015b\u0107 z kolorowymi koralikami pe\u0142ni funkcj\u0119 grzechotki, przyci\u0105gaj\u0105c uwag\u0119 dziecka i zach\u0119caj\u0105c do zabawy. Dodatkowo elastyczne uchwyty z wypustkami pe\u0142ni\u0105 rol\u0119 gryzaka, pomagaj\u0105c ukoi\u0107 sw\u0119dz\u0105ce dzi\u0105s\u0142a w czasie z\u0105bkowania.<\/p>\n","protected":false},"excerpt":{"rendered":"<p>Grzechotka CANPOL 79\/101 \u2013 Interaktywna zabawka Mi\u015b zielony to wielofunkcyjna zabawka stymuluj\u0105ca rozw\u00f3j dziecka. Posiada r\u00f3\u017cne faktury i kontrastowe kolory, kt\u00f3re pobudzaj\u0105 zmys\u0142y malucha. Elastyczne, a\u017curowe elementy u\u0142atwiaj\u0105 chwytanie i rzucanie, a przezroczysta cz\u0119\u015b\u0107 z kolorowymi koralikami pe\u0142ni funkcj\u0119 grzechotki, przyci\u0105gaj\u0105c uwag\u0119 dziecka i zach\u0119caj\u0105c do zabawy. Dodatkowo elastyczne uchwyty z wypustkami pe\u0142ni\u0105 rol\u0119 gryzaka, [&hellip;]<\/p>\n","protected":false},"featured_media":9897,"comment_status":"open","ping_status":"closed","template":"","meta":[],"product_brand":[],"product_cat":[116,70,61],"product_tag":[],"class_list":{"0":"post-9900","1":"product","2":"type-product","3":"status-publish","4":"has-post-thumbnail","6":"product_cat-grzechotki","7":"product_cat-sensoryczne-i-montessori","8":"product_cat-zabawki","10":"first","11":"instock","12":"taxable","13":"shipping-taxable","14":"purchasable","15":"product-type-simple"},"_links":{"self":[{"href":"https:\/\/www.bobooaza.pl\/index.php\/wp-json\/wp\/v2\/product\/9900","targetHints":{"allow":["GET"]}}],"collection":[{"href":"https:\/\/www.bobooaza.pl\/index.php\/wp-json\/wp\/v2\/product"}],"about":[{"href":"https:\/\/www.bobooaza.pl\/index.php\/wp-json\/wp\/v2\/types\/product"}],"replies":[{"embeddable":true,"href":"https:\/\/www.bobooaza.pl\/index.php\/wp-json\/wp\/v2\/comments?post=9900"}],"wp:featuredmedia":[{"embeddable":true,"href":"https:\/\/www.bobooaza.pl\/index.php\/wp-json\/wp\/v2\/media\/9897"}],"wp:attachment":[{"href":"https:\/\/www.bobooaza.pl\/index.php\/wp-json\/wp\/v2\/media?parent=9900"}],"wp:term":[{"taxonomy":"product_brand","embeddable":true,"href":"https:\/\/www.bobooaza.pl\/index.php\/wp-json\/wp\/v2\/product_brand?post=9900"},{"taxonomy":"product_cat","embeddable":true,"href":"https:\/\/www.bobooaza.pl\/index.php\/wp-json\/wp\/v2\/product_cat?post=9900"},{"taxonomy":"product_tag","embeddable":true,"href":"https:\/\/www.bobooaza.pl\/index.php\/wp-json\/wp\/v2\/product_tag?post=9900"}],"curies":[{"name":"wp","href":"https:\/\/api.w.org\/{rel}","templated":true}]}}